{"id":49572,"date":"2026-01-26T12:07:38","date_gmt":"2026-01-26T12:07:38","guid":{"rendered":"https:\/\/www.wallamascotas.com\/web3\/?post_type=product&#038;p=49572"},"modified":"2026-01-26T12:07:39","modified_gmt":"2026-01-26T12:07:39","slug":"troy-madrid","status":"publish","type":"product","link":"https:\/\/www.wallamascotas.com\/web3\/mascota\/troy-madrid\/","title":{"rendered":"TROY"},"content":{"rendered":"<p>Hola soy Troy un teckel de 12 a\u00f1os mis papis humanos se separaron hace 1 a\u00f1o y me tuve que ir de casa con mi mami y mi hermano donde nos fuimos a vivir la se\u00f1ora de la casa no quiere perros y me dejaron con un familiar pero este familiar por trabajo se va fuera del pais y no puede llevarme y tengo que volver a la casa de la se\u00f1ora que no me quiere y nos a dado un ultimatun o se va el perro o nos vamos a la calle claro porque mi mami no tiene dinero para ir a otro sitio por eso que me dan en adopcion yo soy un perro que bueno tengo ansiedad por separacion y ladro un poco cuando me quedo solo pero cuando estoy acompa\u00f1ado soy muy tranquilo y soy un poco cabezota no me gusta que me rega\u00f1en\u00a0me gustaria que alguien me pueda adoptarMe gusta mucho los paseos por el campo y ba\u00f1arme en los rios y piscinas pero no la ducha<\/p>\n<p>&nbsp;<\/p>\n<p><a href=\"https:\/\/www.wallamascotas.com\/web3\/wp-content\/uploads\/2026\/01\/u10014-1000133167.jpg\"><img decoding=\"async\" class=\"attachment-thumbnail size-thumbnail\" src=\"https:\/\/www.wallamascotas.com\/web3\/wp-content\/uploads\/2026\/01\/u10014-1000133167-150x150.jpg\" alt=\"\" \/><\/a><\/p>\n<p>Muchas gracias<\/p>\n<ul class=\"wpuf_customs\">            <li class=\"wpuf-field-data wpuf-field-data-radio_field\">\n                                    <label>Tipo:<\/label>\n                                Perro            <\/li>\n                    <li class=\"wpuf-field-data wpuf-field-data-radio_field\">\n                                    <label>Es un perro:<\/label>\n                                Tranquilo            <\/li>\n                    <li class=\"wpuf-field-data wpuf-field-data-radio_field\">\n                                    <label>Amigable con perros:<\/label>\n                                Solo con perras            <\/li>\n                    <li class=\"wpuf-field-data wpuf-field-data-radio_field\">\n                                    <label>Con personas extra\u00f1as:<\/label>\n                                Protector            <\/li>\n                    <li class=\"wpuf-field-data wpuf-field-data-radio_field\">\n                                    <label>Ladrador:<\/label>\n                                Ansiedad por separaci\u00f3n            <\/li>\n                    <li class=\"wpuf-field-data wpuf-field-data-radio_field\">\n                                    <label>Necesita licencia PPP:<\/label>\n                                NO            <\/li>\n                    <li class=\"wpuf-field-data wpuf-field-data-checkbox_field\">\n                                    <label>Enfermedades:<\/label>\n                                Ninguna            <\/li>\n                    <li class=\"wpuf-field-data wpuf-field-data-checkbox_field\">\n                                    <label>Se entrega:<\/label>\n                                Con cartilla sanitaria | Vacunado | Desparasitado | Solo la mascota sin paso previo por veterinario            <\/li>\n                    <li class=\"wpuf-field-data wpuf-field-data-checkbox_field\">\n                                    <label>M\u00e1s informaci\u00f3n:<\/label>\n                                Bueno en casa | Le gusta pasear            <\/li>\n                    <li class=\"wpuf-field-data wpuf-field-data-radio_field\">\n                                    <label>Se env\u00eda la mascota:<\/label>\n                                NO            <\/li>\n                    <li class=\"wpuf-field-data wpuf-field-data-radio_field\">\n                                    <label>Origen:<\/label>\n                                Particular            <\/li>\n        <li><label>Fecha de publicaci\u00f3n:<\/label> 25\/01\/2026 00:00<\/li>            <li class=\"wpuf-field-data wpuf-field-data-radio_field\">\n                                    <label>La mascota ha sido adoptada:<\/label>\n                                NO            <\/li>\n                    <li class=\"wpuf-field-data wpuf-field-data-email_address\">\n                                    <label>Direcci\u00f3n de correo:<\/label>\n                                <a href=\"mailto:bestevezm79@gmail.com\">bestevezm79@gmail.com<\/a>            <\/li>\n                    <li class=\"wpuf-field-data wpuf-field-data-numeric_text_field\">\n                                    <label>Tel\u00e9fono:<\/label>\n                                643674042            <\/li>\n        <\/ul>","protected":false},"excerpt":{"rendered":"<p>Hola soy Troy un teckel de 12 a\u00f1os mis papis humanos se separaron hace 1 a\u00f1o y me tuve que ir de casa con mi mami y mi hermano donde nos fuimos a vivir la se\u00f1ora de la casa no quiere perros y me dejaron con un familiar pero este familiar por trabajo se va [&#8230;]\n","protected":false},"featured_media":49563,"template":"","meta":{"_acf_changed":false},"product_brand":[],"product_cat":[15,1000],"product_tag":[],"class_list":{"0":"post-49572","1":"product","2":"type-product","3":"status-publish","4":"has-post-thumbnail","6":"product_cat-adoptar_perro_adoptar_mascota","7":"product_cat-adoptar-perro-gato-adoptar-mascota-es","8":"pa_edad-c","9":"pa_fecha-nacimiento-ano-3403","10":"pa_fecha-nacimiento-mes-02-febrero","11":"pa_provincia-madrid","12":"pa_raza-teckel","13":"pa_sexo-macho","14":"pa_tamano-b","16":"first","17":"instock","18":"taxable","19":"shipping-taxable","20":"product-type-simple"},"acf":[],"_links":{"self":[{"href":"https:\/\/www.wallamascotas.com\/web3\/wp-json\/wp\/v2\/product\/49572","targetHints":{"allow":["GET"]}}],"collection":[{"href":"https:\/\/www.wallamascotas.com\/web3\/wp-json\/wp\/v2\/product"}],"about":[{"href":"https:\/\/www.wallamascotas.com\/web3\/wp-json\/wp\/v2\/types\/product"}],"wp:featuredmedia":[{"embeddable":true,"href":"https:\/\/www.wallamascotas.com\/web3\/wp-json\/wp\/v2\/media\/49563"}],"wp:attachment":[{"href":"https:\/\/www.wallamascotas.com\/web3\/wp-json\/wp\/v2\/media?parent=49572"}],"wp:term":[{"taxonomy":"product_brand","embeddable":true,"href":"https:\/\/www.wallamascotas.com\/web3\/wp-json\/wp\/v2\/product_brand?post=49572"},{"taxonomy":"product_cat","embeddable":true,"href":"https:\/\/www.wallamascotas.com\/web3\/wp-json\/wp\/v2\/product_cat?post=49572"},{"taxonomy":"product_tag","embeddable":true,"href":"https:\/\/www.wallamascotas.com\/web3\/wp-json\/wp\/v2\/product_tag?post=49572"}],"curies":[{"name":"wp","href":"https:\/\/api.w.org\/{rel}","templated":true}]}}

<p>Hola soy Troy un teckel de 12 años mis papis humanos se separaron hace 1 año y me tuve que ir de casa con mi mami y mi hermano donde nos fuimos a vivir la señora de la casa no quiere perros y me dejaron con un familiar pero este familiar por trabajo se va fuera del pais y no puede llevarme y tengo que volver a la casa de la señora que no me quiere y nos a dado un ultimatun o se va el perro o nos vamos a la calle claro porque mi mami no tiene dinero para ir a otro sitio por eso que me dan en adopcion yo soy un perro que bueno tengo ansiedad por separacion y ladro un poco cuando me quedo solo pero cuando estoy acompañado soy muy tranquilo y soy un poco cabezota no me gusta que me regañen me gustaria que alguien me pueda adoptarMe gusta mucho los paseos por el campo y bañarme en los rios y piscinas pero no la ducha</p>
<p>&nbsp;</p>
<p><a href="https://www.wallamascotas.com/web3/wp-content/uploads/2026/01/u10014-1000133167.jpg"><img decoding="async" class="attachment-thumbnail size-thumbnail" src="https://www.wallamascotas.com/web3/wp-content/uploads/2026/01/u10014-1000133167-150x150.jpg" alt="" /></a></p>
<p>Muchas gracias</p>
<ul class="wpuf_customs">            <li class="wpuf-field-data wpuf-field-data-radio_field">
                                    <label>Tipo:</label>
                                Perro            </li>
                    <li class="wpuf-field-data wpuf-field-data-radio_field">
                                    <label>Es un perro:</label>
                                Tranquilo            </li>
                    <li class="wpuf-field-data wpuf-field-data-radio_field">
                                    <label>Amigable con perros:</label>
                                Solo con perras            </li>
                    <li class="wpuf-field-data wpuf-field-data-radio_field">
                                    <label>Con personas extrañas:</label>
                                Protector            </li>
                    <li class="wpuf-field-data wpuf-field-data-radio_field">
                                    <label>Ladrador:</label>
                                Ansiedad por separación            </li>
                    <li class="wpuf-field-data wpuf-field-data-radio_field">
                                    <label>Necesita licencia PPP:</label>
                                NO            </li>
                    <li class="wpuf-field-data wpuf-field-data-checkbox_field">
                                    <label>Enfermedades:</label>
                                Ninguna            </li>
                    <li class="wpuf-field-data wpuf-field-data-checkbox_field">
                                    <label>Se entrega:</label>
                                Con cartilla sanitaria | Vacunado | Desparasitado | Solo la mascota sin paso previo por veterinario            </li>
                    <li class="wpuf-field-data wpuf-field-data-checkbox_field">
                                    <label>Más información:</label>
                                Bueno en casa | Le gusta pasear            </li>
                    <li class="wpuf-field-data wpuf-field-data-radio_field">
                                    <label>Se envía la mascota:</label>
                                NO            </li>
                    <li class="wpuf-field-data wpuf-field-data-radio_field">
                                    <label>Origen:</label>
                                Particular            </li>
        <li><label>Fecha de publicación:</label> 25/01/2026 00:00</li>            <li class="wpuf-field-data wpuf-field-data-radio_field">
                                    <label>La mascota ha sido adoptada:</label>
                                NO            </li>
                    <li class="wpuf-field-data wpuf-field-data-email_address">
                                    <label>Dirección de correo:</label>
                                <a href="mailto:bestevezm79@gmail.com">bestevezm79@gmail.com</a>            </li>
                    <li class="wpuf-field-data wpuf-field-data-numeric_text_field">
                                    <label>Teléfono:</label>
                                643674042            </li>
        </ul>

<p>Hola soy Troy un teckel de 12 años mis papis humanos se separaron hace 1 año y me tuve que ir de casa con mi mami y mi hermano donde nos fuimos a vivir la señora de la casa no quiere perros y me dejaron con un familiar pero este familiar por trabajo se va [&#8230;]
