{"id":49584,"date":"2026-01-26T12:01:42","date_gmt":"2026-01-26T12:01:42","guid":{"rendered":"https:\/\/www.wallamascotas.com\/web3\/?post_type=product&#038;p=49584"},"modified":"2026-01-26T12:01:43","modified_gmt":"2026-01-26T12:01:43","slug":"nara-gerona","status":"publish","type":"product","link":"https:\/\/www.wallamascotas.com\/web3\/mascota\/nara-gerona\/","title":{"rendered":"NARA"},"content":{"rendered":"<p>Nara \u00e9s una perra muy sensible i quiere tener mimos i cari\u00f1o de parte de los humanos. le gusta much\u00edsimo jugar, saltar i la comida, muchisima comida&#8230;.<\/p>\n<p>yo la adopte antes de una familia cuando ella tenia 10 meses, pero despues de mi separaci\u00f3n, mi piso le queda muy peque\u00f1o i quiero que tenga un llogar para poder correr i jugar de lo mas que ella quiera.<\/p>\n<p>tiene 4 a\u00f1os i 3 meses actualmente i aun tiene la misma actitud de una joven de 2 a\u00f1os.<\/p>\n<p>\u00e9s muy cari\u00f1osa con los ni\u00f1os, siempre ha estado com mi peque\u00f1a de 7 a\u00f1os<\/p>\n<p>en hora de salir a passear, \u00e9s muy obediente, yo normalmente la passeo en el bosque i siempre va en una distancia muy cerca de mi i no me pierde de vista nunca, i a ciando la llamo para irnos viene i se siente para tener la correa.<\/p>\n<p>no \u00e9s un perro para vivir en un piso i necesita un llogar donde puede correr i jugar.<\/p>\n<ul class=\"wpuf_customs\">            <li class=\"wpuf-field-data wpuf-field-data-radio_field\">\n                                    <label>Tipo:<\/label>\n                                Perro            <\/li>\n                    <li class=\"wpuf-field-data wpuf-field-data-radio_field\">\n                                    <label>Es un perro:<\/label>\n                                Cari\u00f1oso            <\/li>\n                    <li class=\"wpuf-field-data wpuf-field-data-radio_field\">\n                                    <label>Amigable con perros:<\/label>\n                                Es amigo de tod@s            <\/li>\n                    <li class=\"wpuf-field-data wpuf-field-data-radio_field\">\n                                    <label>Con personas extra\u00f1as:<\/label>\n                                Desconocido            <\/li>\n                    <li class=\"wpuf-field-data wpuf-field-data-radio_field\">\n                                    <label>Ladrador:<\/label>\n                                Calladito            <\/li>\n                    <li class=\"wpuf-field-data wpuf-field-data-radio_field\">\n                                    <label>Necesita licencia PPP:<\/label>\n                                SI            <\/li>\n                    <li class=\"wpuf-field-data wpuf-field-data-checkbox_field\">\n                                    <label>Enfermedades:<\/label>\n                                Ninguna            <\/li>\n                    <li class=\"wpuf-field-data wpuf-field-data-checkbox_field\">\n                                    <label>Se entrega:<\/label>\n                                Con cartilla sanitaria | Vacunado | Desparasitado | Microchip | Solo la mascota sin paso previo por veterinario            <\/li>\n                    <li class=\"wpuf-field-data wpuf-field-data-checkbox_field\">\n                                    <label>M\u00e1s informaci\u00f3n:<\/label>\n                                Bueno con perros | Bueno con ni\u00f1os | Bueno en casa | Bueno en el coche | Le gusta pasear | Obediente            <\/li>\n                    <li class=\"wpuf-field-data wpuf-field-data-radio_field\">\n                                    <label>Se env\u00eda la mascota:<\/label>\n                                NO            <\/li>\n                    <li class=\"wpuf-field-data wpuf-field-data-radio_field\">\n                                    <label>Origen:<\/label>\n                                Particular            <\/li>\n        <li><label>Fecha de publicaci\u00f3n:<\/label> 25\/01\/2026 22:24<\/li>            <li class=\"wpuf-field-data wpuf-field-data-radio_field\">\n                                    <label>La mascota ha sido adoptada:<\/label>\n                                NO            <\/li>\n                    <li class=\"wpuf-field-data wpuf-field-data-email_address\">\n                                    <label>Direcci\u00f3n de correo:<\/label>\n                                <a href=\"mailto:fcssfkh@gmail.com\">fcssfkh@gmail.com<\/a>            <\/li>\n                    <li class=\"wpuf-field-data wpuf-field-data-numeric_text_field\">\n                                    <label>Tel\u00e9fono:<\/label>\n                                639323339            <\/li>\n        <\/ul>","protected":false},"excerpt":{"rendered":"<p>Nara \u00e9s una perra muy sensible i quiere tener mimos i cari\u00f1o de parte de los humanos. le gusta much\u00edsimo jugar, saltar i la comida, muchisima comida&#8230;. yo la adopte antes de una familia cuando ella tenia 10 meses, pero despues de mi separaci\u00f3n, mi piso le queda muy peque\u00f1o i quiero que tenga un [&#8230;]\n","protected":false},"featured_media":49583,"template":"","meta":{"_acf_changed":false},"product_brand":[],"product_cat":[15,1000],"product_tag":[],"class_list":{"0":"post-49584","1":"product","2":"type-product","3":"status-publish","4":"has-post-thumbnail","6":"product_cat-adoptar_perro_adoptar_mascota","7":"product_cat-adoptar-perro-gato-adoptar-mascota-es","8":"pa_edad-b","9":"pa_fecha-nacimiento-ano-3443","10":"pa_fecha-nacimiento-mes-11-noviembre","11":"pa_provincia-gerona","12":"pa_raza-rottweiler","13":"pa_sexo-hembra","14":"pa_tamano-d","16":"first","17":"instock","18":"taxable","19":"shipping-taxable","20":"product-type-simple"},"acf":[],"_links":{"self":[{"href":"https:\/\/www.wallamascotas.com\/web3\/wp-json\/wp\/v2\/product\/49584","targetHints":{"allow":["GET"]}}],"collection":[{"href":"https:\/\/www.wallamascotas.com\/web3\/wp-json\/wp\/v2\/product"}],"about":[{"href":"https:\/\/www.wallamascotas.com\/web3\/wp-json\/wp\/v2\/types\/product"}],"wp:featuredmedia":[{"embeddable":true,"href":"https:\/\/www.wallamascotas.com\/web3\/wp-json\/wp\/v2\/media\/49583"}],"wp:attachment":[{"href":"https:\/\/www.wallamascotas.com\/web3\/wp-json\/wp\/v2\/media?parent=49584"}],"wp:term":[{"taxonomy":"product_brand","embeddable":true,"href":"https:\/\/www.wallamascotas.com\/web3\/wp-json\/wp\/v2\/product_brand?post=49584"},{"taxonomy":"product_cat","embeddable":true,"href":"https:\/\/www.wallamascotas.com\/web3\/wp-json\/wp\/v2\/product_cat?post=49584"},{"taxonomy":"product_tag","embeddable":true,"href":"https:\/\/www.wallamascotas.com\/web3\/wp-json\/wp\/v2\/product_tag?post=49584"}],"curies":[{"name":"wp","href":"https:\/\/api.w.org\/{rel}","templated":true}]}}

<p>Nara és una perra muy sensible i quiere tener mimos i cariño de parte de los humanos. le gusta muchísimo jugar, saltar i la comida, muchisima comida&#8230;.</p>
<p>yo la adopte antes de una familia cuando ella tenia 10 meses, pero despues de mi separación, mi piso le queda muy pequeño i quiero que tenga un llogar para poder correr i jugar de lo mas que ella quiera.</p>
<p>tiene 4 años i 3 meses actualmente i aun tiene la misma actitud de una joven de 2 años.</p>
<p>és muy cariñosa con los niños, siempre ha estado com mi pequeña de 7 años</p>
<p>en hora de salir a passear, és muy obediente, yo normalmente la passeo en el bosque i siempre va en una distancia muy cerca de mi i no me pierde de vista nunca, i a ciando la llamo para irnos viene i se siente para tener la correa.</p>
<p>no és un perro para vivir en un piso i necesita un llogar donde puede correr i jugar.</p>
<ul class="wpuf_customs">            <li class="wpuf-field-data wpuf-field-data-radio_field">
                                    <label>Tipo:</label>
                                Perro            </li>
                    <li class="wpuf-field-data wpuf-field-data-radio_field">
                                    <label>Es un perro:</label>
                                Cariñoso            </li>
                    <li class="wpuf-field-data wpuf-field-data-radio_field">
                                    <label>Amigable con perros:</label>
                                Es amigo de tod@s            </li>
                    <li class="wpuf-field-data wpuf-field-data-radio_field">
                                    <label>Con personas extrañas:</label>
                                Desconocido            </li>
                    <li class="wpuf-field-data wpuf-field-data-radio_field">
                                    <label>Ladrador:</label>
                                Calladito            </li>
                    <li class="wpuf-field-data wpuf-field-data-radio_field">
                                    <label>Necesita licencia PPP:</label>
                                SI            </li>
                    <li class="wpuf-field-data wpuf-field-data-checkbox_field">
                                    <label>Enfermedades:</label>
                                Ninguna            </li>
                    <li class="wpuf-field-data wpuf-field-data-checkbox_field">
                                    <label>Se entrega:</label>
                                Con cartilla sanitaria | Vacunado | Desparasitado | Microchip | Solo la mascota sin paso previo por veterinario            </li>
                    <li class="wpuf-field-data wpuf-field-data-checkbox_field">
                                    <label>Más información:</label>
                                Bueno con perros | Bueno con niños | Bueno en casa | Bueno en el coche | Le gusta pasear | Obediente            </li>
                    <li class="wpuf-field-data wpuf-field-data-radio_field">
                                    <label>Se envía la mascota:</label>
                                NO            </li>
                    <li class="wpuf-field-data wpuf-field-data-radio_field">
                                    <label>Origen:</label>
                                Particular            </li>
        <li><label>Fecha de publicación:</label> 25/01/2026 22:24</li>            <li class="wpuf-field-data wpuf-field-data-radio_field">
                                    <label>La mascota ha sido adoptada:</label>
                                NO            </li>
                    <li class="wpuf-field-data wpuf-field-data-email_address">
                                    <label>Dirección de correo:</label>
                                <a href="mailto:fcssfkh@gmail.com">fcssfkh@gmail.com</a>            </li>
                    <li class="wpuf-field-data wpuf-field-data-numeric_text_field">
                                    <label>Teléfono:</label>
                                639323339            </li>
        </ul>

<p>Nara és una perra muy sensible i quiere tener mimos i cariño de parte de los humanos. le gusta muchísimo jugar, saltar i la comida, muchisima comida&#8230;. yo la adopte antes de una familia cuando ella tenia 10 meses, pero despues de mi separación, mi piso le queda muy pequeño i quiero que tenga un [&#8230;]
