{"id":4991,"date":"2018-06-19T19:12:16","date_gmt":"2018-06-19T19:12:16","guid":{"rendered":"http:\/\/www.wallamascotas.com\/web3\/?post_type=product&#038;p=4991"},"modified":"2026-03-25T18:20:09","modified_gmt":"2026-03-25T18:20:09","slug":"stitch-7-meses-malaga","status":"publish","type":"product","link":"https:\/\/www.wallamascotas.com\/web3\/mascota\/stitch-7-meses-malaga\/","title":{"rendered":"STITCH \u2013 7 MESES"},"content":{"rendered":"<p style=\"text-align: justify;\">Stitch es un gato que fue encontrado en un instituto donde se hab\u00eda colado, desesperado por tener cari\u00f1o humano. Le hab\u00edan echado alg\u00fan abrasivo en las patas, as\u00ed que sufr\u00eda mucho dolor y cojeaba, pero ya est\u00e1 mejorando y podr\u00e1 volver a andar normal. Es un gato tremendamente cari\u00f1oso, le encanta recibir mimos y jugar con su pelota.<br \/>\nEst\u00e1 castrado, desparasitado y testado (negativo a inmunodeficiencia y a leucemia).<br \/>\nSe lleva genial con otros gatos. Es un gato feliz que est\u00e1 deseando llevar la alegr\u00eda a un hogar definitivo. \u00bfTe animas?<\/p>\n","protected":false},"excerpt":{"rendered":"<p style=\"text-align: justify;\"><span style=\"color: #33cccc;\"><strong>ADOPTADO<\/strong><\/span><\/p>\n","protected":false},"featured_media":0,"template":"","meta":{"_acf_changed":false},"product_brand":[],"product_cat":[51,1000],"product_tag":[],"class_list":{"0":"post-4991","1":"product","2":"type-product","3":"status-publish","5":"product_cat-adoptados","6":"product_cat-adoptar-perro-gato-adoptar-mascota-es","7":"pa_chip-si","8":"pa_fecha_nacimiento-7-meses","9":"pa_fecha-alta-19-06-18","10":"pa_origen-particular","11":"pa_pais-espana","12":"pa_provincia-malaga","13":"pa_sexo-macho","15":"first","16":"instock","17":"taxable","18":"shipping-taxable","19":"product-type-simple"},"acf":[],"_links":{"self":[{"href":"https:\/\/www.wallamascotas.com\/web3\/wp-json\/wp\/v2\/product\/4991","targetHints":{"allow":["GET"]}}],"collection":[{"href":"https:\/\/www.wallamascotas.com\/web3\/wp-json\/wp\/v2\/product"}],"about":[{"href":"https:\/\/www.wallamascotas.com\/web3\/wp-json\/wp\/v2\/types\/product"}],"wp:attachment":[{"href":"https:\/\/www.wallamascotas.com\/web3\/wp-json\/wp\/v2\/media?parent=4991"}],"wp:term":[{"taxonomy":"product_brand","embeddable":true,"href":"https:\/\/www.wallamascotas.com\/web3\/wp-json\/wp\/v2\/product_brand?post=4991"},{"taxonomy":"product_cat","embeddable":true,"href":"https:\/\/www.wallamascotas.com\/web3\/wp-json\/wp\/v2\/product_cat?post=4991"},{"taxonomy":"product_tag","embeddable":true,"href":"https:\/\/www.wallamascotas.com\/web3\/wp-json\/wp\/v2\/product_tag?post=4991"}],"curies":[{"name":"wp","href":"https:\/\/api.w.org\/{rel}","templated":true}]}}