{"id":50637,"date":"2026-02-17T22:33:35","date_gmt":"2026-02-17T22:33:35","guid":{"rendered":"https:\/\/www.wallamascotas.com\/web3\/?post_type=product&#038;p=50637"},"modified":"2026-02-17T22:33:36","modified_gmt":"2026-02-17T22:33:36","slug":"harry","status":"publish","type":"product","link":"https:\/\/www.wallamascotas.com\/web3\/mascota\/harry\/","title":{"rendered":"HARRY"},"content":{"rendered":"<p style=\"text-align: left;\"><a href=\"https:\/\/www.wallamascotas.com\/web3\/wp-content\/uploads\/2026\/02\/u1748-5192-scaled.jpg\"><img decoding=\"async\" class=\"attachment-thumbnail size-thumbnail\" src=\"https:\/\/www.wallamascotas.com\/web3\/wp-content\/uploads\/2026\/02\/u1748-5192-150x150.jpg\" alt=\"\" \/><\/a><a href=\"https:\/\/www.wallamascotas.com\/web3\/wp-content\/uploads\/2026\/02\/u1748-5194-scaled.jpg\"><img decoding=\"async\" class=\"attachment-thumbnail size-thumbnail\" src=\"https:\/\/www.wallamascotas.com\/web3\/wp-content\/uploads\/2026\/02\/u1748-5194-150x150.jpg\" alt=\"\" \/><\/a><\/p>\n<p>HARRY!<br \/>\nNuestro podenco que es de los peludos que mas tiempo tiempo lleva en el refugio, nuestro peludo que nadie se interesa ni pregunta por el \ud83e\udd7a Harry es un podenco de tama\u00f1o mediano, cari\u00f1osisimo, alrededor de 8 a\u00f1os de edad , pero se nos parte el alma porque Harry a\u00fan no ha conocido lo que es vivir en un hogar con una familia que lo quiera tal y como se merece \ud83e\udd7a<br \/>\nNo queremos que Harry sea viejito y siga en el refugio y se haga invisible , porfavor vamos a darle una oportunidad y que Harry conozca lo que es el calor de un hogar y el amor de una familia \u2764\ufe0f<br \/>\nTambi\u00e9n puedes ser casa de acogida siempre y cuando seas de la zona donde estamos, y darle tambi\u00e9n esa oportunidad.<br \/>\nInteresados en adoptar a Harry escribirnos por privado y te informaremos de todo el proceso \ud83e\udd70<br \/>\n#adoptanocompres #refugio #hogar #perro #familia<\/p>\n<ul class=\"wpuf_customs\">            <li class=\"wpuf-field-data wpuf-field-data-radio_field\">\n                                    <label>Tipo:<\/label>\n                                Perro            <\/li>\n                    <li class=\"wpuf-field-data wpuf-field-data-radio_field\">\n                                    <label>Es un perro:<\/label>\n                                Desconocido            <\/li>\n                    <li class=\"wpuf-field-data wpuf-field-data-radio_field\">\n                                    <label>Amigable con perros:<\/label>\n                                Desconocido            <\/li>\n                    <li class=\"wpuf-field-data wpuf-field-data-radio_field\">\n                                    <label>Con personas extra\u00f1as:<\/label>\n                                Desconocido            <\/li>\n                    <li class=\"wpuf-field-data wpuf-field-data-radio_field\">\n                                    <label>Ladrador:<\/label>\n                                Desconocido            <\/li>\n                    <li class=\"wpuf-field-data wpuf-field-data-radio_field\">\n                                    <label>Necesita licencia PPP:<\/label>\n                                NO            <\/li>\n                    <li class=\"wpuf-field-data wpuf-field-data-checkbox_field\">\n                                    <label>Enfermedades:<\/label>\n                                Ninguna            <\/li>\n                    <li class=\"wpuf-field-data wpuf-field-data-checkbox_field\">\n                                    <label>Se entrega:<\/label>\n                                Con cartilla sanitaria | Vacunado | Esterilizado | Desparasitado | Microchip            <\/li>\n                    <li class=\"wpuf-field-data wpuf-field-data-checkbox_field\">\n                                    <label>M\u00e1s informaci\u00f3n:<\/label>\n                                Bueno con perros | Le gusta pasear | Obediente            <\/li>\n                    <li class=\"wpuf-field-data wpuf-field-data-radio_field\">\n                                    <label>Se env\u00eda la mascota:<\/label>\n                                NO            <\/li>\n                    <li class=\"wpuf-field-data wpuf-field-data-radio_field\">\n                                    <label>Origen:<\/label>\n                                Asociaci\u00f3n            <\/li>\n        <li><label>Fecha de publicaci\u00f3n:<\/label> 17\/02\/2026 00:00<\/li>            <li class=\"wpuf-field-data wpuf-field-data-radio_field\">\n                                    <label>La mascota ha sido adoptada:<\/label>\n                                NO            <\/li>\n                    <li class=\"wpuf-field-data wpuf-field-data-email_address\">\n                                    <label>Direcci\u00f3n de correo:<\/label>\n                                <a href=\"mailto:asociacionvipa@gmail.com\">asociacionvipa@gmail.com<\/a>            <\/li>\n        <\/ul>","protected":false},"excerpt":{"rendered":"<p>HARRY! Nuestro podenco que es de los peludos que mas tiempo tiempo lleva en el refugio, nuestro peludo que nadie se interesa ni pregunta por el \ud83e\udd7a Harry es un podenco de tama\u00f1o mediano, cari\u00f1osisimo, alrededor de 8 a\u00f1os de edad , pero se nos parte el alma porque Harry a\u00fan no ha conocido lo [&#8230;]\n","protected":false},"featured_media":50633,"template":"","meta":{"_acf_changed":false},"product_brand":[],"product_cat":[15,1000],"product_tag":[],"class_list":{"0":"post-50637","1":"product","2":"type-product","3":"status-publish","4":"has-post-thumbnail","6":"product_cat-adoptar_perro_adoptar_mascota","7":"product_cat-adoptar-perro-gato-adoptar-mascota-es","8":"pa_edad-b","9":"pa_fecha-nacimiento-ano-3399","10":"pa_fecha-nacimiento-mes-06-junio","11":"pa_origen-villarubia-proteccion-animal-vipa","12":"pa_provincia-ciudad-real","13":"pa_raza-podenco","14":"pa_sexo-macho","15":"pa_tamano-c","17":"first","18":"instock","19":"taxable","20":"shipping-taxable","21":"product-type-simple"},"acf":[],"_links":{"self":[{"href":"https:\/\/www.wallamascotas.com\/web3\/wp-json\/wp\/v2\/product\/50637","targetHints":{"allow":["GET"]}}],"collection":[{"href":"https:\/\/www.wallamascotas.com\/web3\/wp-json\/wp\/v2\/product"}],"about":[{"href":"https:\/\/www.wallamascotas.com\/web3\/wp-json\/wp\/v2\/types\/product"}],"wp:featuredmedia":[{"embeddable":true,"href":"https:\/\/www.wallamascotas.com\/web3\/wp-json\/wp\/v2\/media\/50633"}],"wp:attachment":[{"href":"https:\/\/www.wallamascotas.com\/web3\/wp-json\/wp\/v2\/media?parent=50637"}],"wp:term":[{"taxonomy":"product_brand","embeddable":true,"href":"https:\/\/www.wallamascotas.com\/web3\/wp-json\/wp\/v2\/product_brand?post=50637"},{"taxonomy":"product_cat","embeddable":true,"href":"https:\/\/www.wallamascotas.com\/web3\/wp-json\/wp\/v2\/product_cat?post=50637"},{"taxonomy":"product_tag","embeddable":true,"href":"https:\/\/www.wallamascotas.com\/web3\/wp-json\/wp\/v2\/product_tag?post=50637"}],"curies":[{"name":"wp","href":"https:\/\/api.w.org\/{rel}","templated":true}]}}

<p style="text-align: left;"><a href="https://www.wallamascotas.com/web3/wp-content/uploads/2026/02/u1748-5192-scaled.jpg"><img decoding="async" class="attachment-thumbnail size-thumbnail" src="https://www.wallamascotas.com/web3/wp-content/uploads/2026/02/u1748-5192-150x150.jpg" alt="" /></a><a href="https://www.wallamascotas.com/web3/wp-content/uploads/2026/02/u1748-5194-scaled.jpg"><img decoding="async" class="attachment-thumbnail size-thumbnail" src="https://www.wallamascotas.com/web3/wp-content/uploads/2026/02/u1748-5194-150x150.jpg" alt="" /></a></p>
<p>HARRY!<br />
Nuestro podenco que es de los peludos que mas tiempo tiempo lleva en el refugio, nuestro peludo que nadie se interesa ni pregunta por el 🥺 Harry es un podenco de tamaño mediano, cariñosisimo, alrededor de 8 años de edad , pero se nos parte el alma porque Harry aún no ha conocido lo que es vivir en un hogar con una familia que lo quiera tal y como se merece 🥺<br />
No queremos que Harry sea viejito y siga en el refugio y se haga invisible , porfavor vamos a darle una oportunidad y que Harry conozca lo que es el calor de un hogar y el amor de una familia ❤️<br />
También puedes ser casa de acogida siempre y cuando seas de la zona donde estamos, y darle también esa oportunidad.<br />
Interesados en adoptar a Harry escribirnos por privado y te informaremos de todo el proceso 🥰<br />
#adoptanocompres #refugio #hogar #perro #familia</p>
<ul class="wpuf_customs">            <li class="wpuf-field-data wpuf-field-data-radio_field">
                                    <label>Tipo:</label>
                                Perro            </li>
                    <li class="wpuf-field-data wpuf-field-data-radio_field">
                                    <label>Es un perro:</label>
                                Desconocido            </li>
                    <li class="wpuf-field-data wpuf-field-data-radio_field">
                                    <label>Amigable con perros:</label>
                                Desconocido            </li>
                    <li class="wpuf-field-data wpuf-field-data-radio_field">
                                    <label>Con personas extrañas:</label>
                                Desconocido            </li>
                    <li class="wpuf-field-data wpuf-field-data-radio_field">
                                    <label>Ladrador:</label>
                                Desconocido            </li>
                    <li class="wpuf-field-data wpuf-field-data-radio_field">
                                    <label>Necesita licencia PPP:</label>
                                NO            </li>
                    <li class="wpuf-field-data wpuf-field-data-checkbox_field">
                                    <label>Enfermedades:</label>
                                Ninguna            </li>
                    <li class="wpuf-field-data wpuf-field-data-checkbox_field">
                                    <label>Se entrega:</label>
                                Con cartilla sanitaria | Vacunado | Esterilizado | Desparasitado | Microchip            </li>
                    <li class="wpuf-field-data wpuf-field-data-checkbox_field">
                                    <label>Más información:</label>
                                Bueno con perros | Le gusta pasear | Obediente            </li>
                    <li class="wpuf-field-data wpuf-field-data-radio_field">
                                    <label>Se envía la mascota:</label>
                                NO            </li>
                    <li class="wpuf-field-data wpuf-field-data-radio_field">
                                    <label>Origen:</label>
                                Asociación            </li>
        <li><label>Fecha de publicación:</label> 17/02/2026 00:00</li>            <li class="wpuf-field-data wpuf-field-data-radio_field">
                                    <label>La mascota ha sido adoptada:</label>
                                NO            </li>
                    <li class="wpuf-field-data wpuf-field-data-email_address">
                                    <label>Dirección de correo:</label>
                                <a href="mailto:asociacionvipa@gmail.com">asociacionvipa@gmail.com</a>            </li>
        </ul>

<p>HARRY! Nuestro podenco que es de los peludos que mas tiempo tiempo lleva en el refugio, nuestro peludo que nadie se interesa ni pregunta por el 🥺 Harry es un podenco de tamaño mediano, cariñosisimo, alrededor de 8 años de edad , pero se nos parte el alma porque Harry aún no ha conocido lo [&#8230;]
