{"id":50650,"date":"2026-02-18T10:06:47","date_gmt":"2026-02-18T10:06:47","guid":{"rendered":"https:\/\/www.wallamascotas.com\/web3\/?post_type=product&#038;p=50650"},"modified":"2026-02-18T10:06:49","modified_gmt":"2026-02-18T10:06:49","slug":"machete-y-chancleta","status":"publish","type":"product","link":"https:\/\/www.wallamascotas.com\/web3\/mascota\/machete-y-chancleta\/","title":{"rendered":"MACHETE y CHANCLETA"},"content":{"rendered":"<p>Chancleta es el negro, es introvertido y tranquilo, y Machete es el de la cara blanca con marr\u00f3n, es m\u00e1s activo y curioso. Me los regalaron en abril de 2025 con 3 meses de edad. Son dos machos y se llevan muy bien. No est\u00e1n castrados porque no hizo falta. Son muy buenos y juguetones entre ellos.<\/p>\n<p>No los puedo tener por asuntos personales, pero su adopci\u00f3n va condicionada para el mejor beneficio de las cobayas. Quien est\u00e9 interesado debe:<\/p>\n<ol>\n<li>Adoptarlo a los dos juntos.<\/li>\n<li>No tener otras mascotas en casa, esto puede alterar a las cobayas.<\/li>\n<\/ol>\n<ul class=\"wpuf_customs\">            <li class=\"wpuf-field-data wpuf-field-data-radio_field\">\n                                    <label>Tipo:<\/label>\n                                Otra mascota            <\/li>\n                    <li class=\"wpuf-field-data wpuf-field-data-radio_field\">\n                                    <label>Es un perro:<\/label>\n                                Desconocido            <\/li>\n                    <li class=\"wpuf-field-data wpuf-field-data-radio_field\">\n                                    <label>Amigable con perros:<\/label>\n                                Desconocido            <\/li>\n                    <li class=\"wpuf-field-data wpuf-field-data-radio_field\">\n                                    <label>Con personas extra\u00f1as:<\/label>\n                                Desconocido            <\/li>\n                    <li class=\"wpuf-field-data wpuf-field-data-radio_field\">\n                                    <label>Ladrador:<\/label>\n                                Desconocido            <\/li>\n                    <li class=\"wpuf-field-data wpuf-field-data-radio_field\">\n                                    <label>Necesita licencia PPP:<\/label>\n                                NO            <\/li>\n                    <li class=\"wpuf-field-data wpuf-field-data-checkbox_field\">\n                                    <label>Enfermedades:<\/label>\n                                Ninguna            <\/li>\n                    <li class=\"wpuf-field-data wpuf-field-data-checkbox_field\">\n                                    <label>Se entrega:<\/label>\n                                Solo la mascota sin paso previo por veterinario            <\/li>\n                    <li class=\"wpuf-field-data wpuf-field-data-radio_field\">\n                                    <label>Se env\u00eda la mascota:<\/label>\n                                NO            <\/li>\n                    <li class=\"wpuf-field-data wpuf-field-data-radio_field\">\n                                    <label>Origen:<\/label>\n                                Particular            <\/li>\n        <li><label>Fecha de publicaci\u00f3n:<\/label> 18\/02\/2026 10:40<\/li>            <li class=\"wpuf-field-data wpuf-field-data-radio_field\">\n                                    <label>La mascota ha sido adoptada:<\/label>\n                                NO            <\/li>\n                    <li class=\"wpuf-field-data wpuf-field-data-email_address\">\n                                    <label>Direcci\u00f3n de correo:<\/label>\n                                <a href=\"mailto:alejandragg9408@gmail.com\">alejandragg9408@gmail.com<\/a>            <\/li>\n                    <li class=\"wpuf-field-data wpuf-field-data-numeric_text_field\">\n                                    <label>Tel\u00e9fono:<\/label>\n                                602371633            <\/li>\n        <\/ul>","protected":false},"excerpt":{"rendered":"<p>Chancleta es el negro, es introvertido y tranquilo, y Machete es el de la cara blanca con marr\u00f3n, es m\u00e1s activo y curioso. Me los regalaron en abril de 2025 con 3 meses de edad. Son dos machos y se llevan muy bien. No est\u00e1n castrados porque no hizo falta. Son muy buenos y juguetones [&#8230;]\n","protected":false},"featured_media":50649,"template":"","meta":{"_acf_changed":false},"product_brand":[],"product_cat":[17,1000],"product_tag":[],"class_list":{"0":"post-50650","1":"product","2":"type-product","3":"status-publish","4":"has-post-thumbnail","6":"product_cat-adoptarotrasmascotas","7":"product_cat-adoptar-perro-gato-adoptar-mascota-es","8":"pa_edad-b","9":"pa_fecha-nacimiento-ano-3513","10":"pa_fecha-nacimiento-mes-02-febrero","11":"pa_provincia-madrid","12":"pa_raza-cobaya","13":"pa_sexo-macho","14":"pa_tamano-a","16":"first","17":"instock","18":"taxable","19":"shipping-taxable","20":"product-type-simple"},"acf":[],"_links":{"self":[{"href":"https:\/\/www.wallamascotas.com\/web3\/wp-json\/wp\/v2\/product\/50650","targetHints":{"allow":["GET"]}}],"collection":[{"href":"https:\/\/www.wallamascotas.com\/web3\/wp-json\/wp\/v2\/product"}],"about":[{"href":"https:\/\/www.wallamascotas.com\/web3\/wp-json\/wp\/v2\/types\/product"}],"wp:featuredmedia":[{"embeddable":true,"href":"https:\/\/www.wallamascotas.com\/web3\/wp-json\/wp\/v2\/media\/50649"}],"wp:attachment":[{"href":"https:\/\/www.wallamascotas.com\/web3\/wp-json\/wp\/v2\/media?parent=50650"}],"wp:term":[{"taxonomy":"product_brand","embeddable":true,"href":"https:\/\/www.wallamascotas.com\/web3\/wp-json\/wp\/v2\/product_brand?post=50650"},{"taxonomy":"product_cat","embeddable":true,"href":"https:\/\/www.wallamascotas.com\/web3\/wp-json\/wp\/v2\/product_cat?post=50650"},{"taxonomy":"product_tag","embeddable":true,"href":"https:\/\/www.wallamascotas.com\/web3\/wp-json\/wp\/v2\/product_tag?post=50650"}],"curies":[{"name":"wp","href":"https:\/\/api.w.org\/{rel}","templated":true}]}}

<p>Chancleta es el negro, es introvertido y tranquilo, y Machete es el de la cara blanca con marrón, es más activo y curioso. Me los regalaron en abril de 2025 con 3 meses de edad. Son dos machos y se llevan muy bien. No están castrados porque no hizo falta. Son muy buenos y juguetones entre ellos.</p>
<p>No los puedo tener por asuntos personales, pero su adopción va condicionada para el mejor beneficio de las cobayas. Quien esté interesado debe:</p>
<ol>
<li>Adoptarlo a los dos juntos.</li>
<li>No tener otras mascotas en casa, esto puede alterar a las cobayas.</li>
</ol>
<ul class="wpuf_customs">            <li class="wpuf-field-data wpuf-field-data-radio_field">
                                    <label>Tipo:</label>
                                Otra mascota            </li>
                    <li class="wpuf-field-data wpuf-field-data-radio_field">
                                    <label>Es un perro:</label>
                                Desconocido            </li>
                    <li class="wpuf-field-data wpuf-field-data-radio_field">
                                    <label>Amigable con perros:</label>
                                Desconocido            </li>
                    <li class="wpuf-field-data wpuf-field-data-radio_field">
                                    <label>Con personas extrañas:</label>
                                Desconocido            </li>
                    <li class="wpuf-field-data wpuf-field-data-radio_field">
                                    <label>Ladrador:</label>
                                Desconocido            </li>
                    <li class="wpuf-field-data wpuf-field-data-radio_field">
                                    <label>Necesita licencia PPP:</label>
                                NO            </li>
                    <li class="wpuf-field-data wpuf-field-data-checkbox_field">
                                    <label>Enfermedades:</label>
                                Ninguna            </li>
                    <li class="wpuf-field-data wpuf-field-data-checkbox_field">
                                    <label>Se entrega:</label>
                                Solo la mascota sin paso previo por veterinario            </li>
                    <li class="wpuf-field-data wpuf-field-data-radio_field">
                                    <label>Se envía la mascota:</label>
                                NO            </li>
                    <li class="wpuf-field-data wpuf-field-data-radio_field">
                                    <label>Origen:</label>
                                Particular            </li>
        <li><label>Fecha de publicación:</label> 18/02/2026 10:40</li>            <li class="wpuf-field-data wpuf-field-data-radio_field">
                                    <label>La mascota ha sido adoptada:</label>
                                NO            </li>
                    <li class="wpuf-field-data wpuf-field-data-email_address">
                                    <label>Dirección de correo:</label>
                                <a href="mailto:alejandragg9408@gmail.com">alejandragg9408@gmail.com</a>            </li>
                    <li class="wpuf-field-data wpuf-field-data-numeric_text_field">
                                    <label>Teléfono:</label>
                                602371633            </li>
        </ul>

<p>Chancleta es el negro, es introvertido y tranquilo, y Machete es el de la cara blanca con marrón, es más activo y curioso. Me los regalaron en abril de 2025 con 3 meses de edad. Son dos machos y se llevan muy bien. No están castrados porque no hizo falta. Son muy buenos y juguetones [&#8230;]
