{"id":50719,"date":"2026-02-21T12:20:55","date_gmt":"2026-02-21T12:20:55","guid":{"rendered":"https:\/\/www.wallamascotas.com\/web3\/?post_type=product&#038;p=50719"},"modified":"2026-02-21T12:20:57","modified_gmt":"2026-02-21T12:20:57","slug":"menta-y-pinon","status":"publish","type":"product","link":"https:\/\/www.wallamascotas.com\/web3\/mascota\/menta-y-pinon\/","title":{"rendered":"Menta y Pi\u00f1\u00f3n"},"content":{"rendered":"<p>Menta y pi\u00f1\u00f3n son dos gatos Bengalis de raza y hermanos de padre. Han vivido siempre juntos y deben adoptarse de la misma manera, actualmente vamos a cambiarnos de domicilio y no es posible llevarlos con nosotros. Adem\u00e1s uno de mis hijos est\u00e1 desarrollando bastante alergia.. Les queremos much\u00edsimo y para nosotros es muy dif\u00edcil dar este paso, necesitamos a alguien que vaya a cuidar muy bien de ellos y darles una buena vida lo que les queda. Tienen 8 a\u00f1os por lo que ya son muy tranquilos, nunca ha roto nada en casa a diferencia de otros gatos, con que tengan sus zonas de rascarse es suficiente.<\/p>\n<p>Son animales muy cari\u00f1osos, nada destructores, son nobles y apegados. Encajar\u00edan m\u00e1s en la descripci\u00f3n de un perro que de un gato, siempre est\u00e1n contigo, te siguen, son curiosos, no tienen miedo a extra\u00f1os que llegan a casa, no son de esconderse.<\/p>\n<p>cualquier consulta estamos abierto a hablar, es dif\u00edcil explicar todo por aqu\u00ed y nos gustar\u00eda conocer un poco a la persona que los quiera para saber qu\u00e9 estar\u00e1n bien.<\/p>\n<p>&nbsp;<\/p>\n<p><a href=\"https:\/\/www.wallamascotas.com\/web3\/wp-content\/uploads\/2026\/02\/u10132-image-1-scaled.jpg\"><img decoding=\"async\" class=\"attachment-thumbnail size-thumbnail\" src=\"https:\/\/www.wallamascotas.com\/web3\/wp-content\/uploads\/2026\/02\/u10132-image-1-150x150.jpg\" alt=\"\" \/><\/a><a href=\"https:\/\/www.wallamascotas.com\/web3\/wp-content\/uploads\/2026\/02\/u10132-image-2-scaled.jpg\"><img decoding=\"async\" class=\"attachment-thumbnail size-thumbnail\" src=\"https:\/\/www.wallamascotas.com\/web3\/wp-content\/uploads\/2026\/02\/u10132-image-2-150x150.jpg\" alt=\"\" \/><\/a><\/p>\n<ul class=\"wpuf_customs\">            <li class=\"wpuf-field-data wpuf-field-data-radio_field\">\n                                    <label>Tipo:<\/label>\n                                Gato            <\/li>\n                    <li class=\"wpuf-field-data wpuf-field-data-radio_field\">\n                                    <label>Es un perro:<\/label>\n                                Tranquilo            <\/li>\n                    <li class=\"wpuf-field-data wpuf-field-data-radio_field\">\n                                    <label>Amigable con perros:<\/label>\n                                Es amigo de tod@s            <\/li>\n                    <li class=\"wpuf-field-data wpuf-field-data-radio_field\">\n                                    <label>Con personas extra\u00f1as:<\/label>\n                                Amigable            <\/li>\n                    <li class=\"wpuf-field-data wpuf-field-data-radio_field\">\n                                    <label>Ladrador:<\/label>\n                                Desconocido            <\/li>\n                    <li class=\"wpuf-field-data wpuf-field-data-radio_field\">\n                                    <label>Necesita licencia PPP:<\/label>\n                                NO            <\/li>\n                    <li class=\"wpuf-field-data wpuf-field-data-checkbox_field\">\n                                    <label>Enfermedades:<\/label>\n                                Ninguna            <\/li>\n                    <li class=\"wpuf-field-data wpuf-field-data-checkbox_field\">\n                                    <label>Se entrega:<\/label>\n                                Con cartilla sanitaria | Esterilizado | Microchip            <\/li>\n                    <li class=\"wpuf-field-data wpuf-field-data-checkbox_field\">\n                                    <label>M\u00e1s informaci\u00f3n:<\/label>\n                                Bueno con perros | Bueno con ni\u00f1os | Bueno en casa            <\/li>\n                    <li class=\"wpuf-field-data wpuf-field-data-radio_field\">\n                                    <label>Se env\u00eda la mascota:<\/label>\n                                NO            <\/li>\n                    <li class=\"wpuf-field-data wpuf-field-data-radio_field\">\n                                    <label>Origen:<\/label>\n                                Particular            <\/li>\n        <li><label>Fecha de publicaci\u00f3n:<\/label> 21\/02\/2026<\/li>            <li class=\"wpuf-field-data wpuf-field-data-radio_field\">\n                                    <label>La mascota ha sido adoptada:<\/label>\n                                NO            <\/li>\n                    <li class=\"wpuf-field-data wpuf-field-data-email_address\">\n                                    <label>Direcci\u00f3n de correo:<\/label>\n                                <a href=\"mailto:phbuendia088@gmail.com\">phbuendia088@gmail.com<\/a>            <\/li>\n                    <li class=\"wpuf-field-data wpuf-field-data-numeric_text_field\">\n                                    <label>Tel\u00e9fono:<\/label>\n                                629342855            <\/li>\n        <\/ul>","protected":false},"excerpt":{"rendered":"<p>Menta y pi\u00f1\u00f3n son dos gatos Bengalis de raza y hermanos de padre. Han vivido siempre juntos y deben adoptarse de la misma manera, actualmente vamos a cambiarnos de domicilio y no es posible llevarlos con nosotros. Adem\u00e1s uno de mis hijos est\u00e1 desarrollando bastante alergia.. Les queremos much\u00edsimo y para nosotros es muy dif\u00edcil [&#8230;]\n","protected":false},"featured_media":50716,"template":"","meta":{"_acf_changed":false},"product_brand":[],"product_cat":[16,1000],"product_tag":[],"class_list":{"0":"post-50719","1":"product","2":"type-product","3":"status-publish","4":"has-post-thumbnail","6":"product_cat-adoptargato","7":"product_cat-adoptar-perro-gato-adoptar-mascota-es","8":"pa_edad-b","9":"pa_fecha-nacimiento-ano-3399","10":"pa_fecha-nacimiento-mes-12-diciembre","11":"pa_provincia-madrid","12":"pa_raza-gato-comun-europeo","13":"pa_sexo-hembra","14":"pa_tamano-c","16":"first","17":"instock","18":"taxable","19":"shipping-taxable","20":"product-type-simple"},"acf":[],"_links":{"self":[{"href":"https:\/\/www.wallamascotas.com\/web3\/wp-json\/wp\/v2\/product\/50719","targetHints":{"allow":["GET"]}}],"collection":[{"href":"https:\/\/www.wallamascotas.com\/web3\/wp-json\/wp\/v2\/product"}],"about":[{"href":"https:\/\/www.wallamascotas.com\/web3\/wp-json\/wp\/v2\/types\/product"}],"wp:featuredmedia":[{"embeddable":true,"href":"https:\/\/www.wallamascotas.com\/web3\/wp-json\/wp\/v2\/media\/50716"}],"wp:attachment":[{"href":"https:\/\/www.wallamascotas.com\/web3\/wp-json\/wp\/v2\/media?parent=50719"}],"wp:term":[{"taxonomy":"product_brand","embeddable":true,"href":"https:\/\/www.wallamascotas.com\/web3\/wp-json\/wp\/v2\/product_brand?post=50719"},{"taxonomy":"product_cat","embeddable":true,"href":"https:\/\/www.wallamascotas.com\/web3\/wp-json\/wp\/v2\/product_cat?post=50719"},{"taxonomy":"product_tag","embeddable":true,"href":"https:\/\/www.wallamascotas.com\/web3\/wp-json\/wp\/v2\/product_tag?post=50719"}],"curies":[{"name":"wp","href":"https:\/\/api.w.org\/{rel}","templated":true}]}}