{"id":50747,"date":"2026-02-22T19:11:35","date_gmt":"2026-02-22T19:11:35","guid":{"rendered":"https:\/\/www.wallamascotas.com\/web3\/?post_type=product&#038;p=50747"},"modified":"2026-02-22T19:11:37","modified_gmt":"2026-02-22T19:11:37","slug":"coco","status":"publish","type":"product","link":"https:\/\/www.wallamascotas.com\/web3\/mascota\/coco\/","title":{"rendered":"Coco"},"content":{"rendered":"<p>Mis padres adoptaron a Coco en 2020. Es un perro que vive dentro de casa con ellos y est\u00e1 acostumbrado a estar calentito en invierno y fresco en verano.<\/p>\n<p>Mi padre sufre del coraz\u00f3n desde hace unos a\u00f1os y ya le ha tirado varias veces al suelo, por lo que sacarlo de paseo le supone un esfuerzo f\u00edsico todos los d\u00edas porque tiene mucha fuerza y mi padre en proporci\u00f3n, menos.<\/p>\n<p>No nos parece correcto tenerlo en casa sin poder darle la vida que se merece: salir a pasear varias veces, correr y disfrutar.<\/p>\n<p>Mi madre, f\u00edsicamente hablando, est\u00e1 muy delgadita y tampoco tiene la fuerza necesaria.<\/p>\n<p>Buscamos una familia que lo quiera y lo cuide, nada m\u00e1s.<\/p>\n<ul class=\"wpuf_customs\">            <li class=\"wpuf-field-data wpuf-field-data-radio_field\">\n                                    <label>Tipo:<\/label>\n                                Perro            <\/li>\n                    <li class=\"wpuf-field-data wpuf-field-data-radio_field\">\n                                    <label>Es un perro:<\/label>\n                                Nervioso            <\/li>\n                    <li class=\"wpuf-field-data wpuf-field-data-radio_field\">\n                                    <label>Amigable con perros:<\/label>\n                                Es amigo de tod@s            <\/li>\n                    <li class=\"wpuf-field-data wpuf-field-data-radio_field\">\n                                    <label>Con personas extra\u00f1as:<\/label>\n                                Amigable            <\/li>\n                    <li class=\"wpuf-field-data wpuf-field-data-radio_field\">\n                                    <label>Ladrador:<\/label>\n                                Con timbre y poco m\u00e1s            <\/li>\n                    <li class=\"wpuf-field-data wpuf-field-data-radio_field\">\n                                    <label>Necesita licencia PPP:<\/label>\n                                NO            <\/li>\n                    <li class=\"wpuf-field-data wpuf-field-data-checkbox_field\">\n                                    <label>Enfermedades:<\/label>\n                                En tratamiento m\u00e9dico            <\/li>\n                    <li class=\"wpuf-field-data wpuf-field-data-checkbox_field\">\n                                    <label>Se entrega:<\/label>\n                                Con cartilla sanitaria | Vacunado | Microchip            <\/li>\n                    <li class=\"wpuf-field-data wpuf-field-data-checkbox_field\">\n                                    <label>M\u00e1s informaci\u00f3n:<\/label>\n                                Bueno con perros | Bueno con ni\u00f1os            <\/li>\n                    <li class=\"wpuf-field-data wpuf-field-data-radio_field\">\n                                    <label>Se env\u00eda la mascota:<\/label>\n                                SI            <\/li>\n                    <li class=\"wpuf-field-data wpuf-field-data-radio_field\">\n                                    <label>En caso de env\u00edo, detallar:<\/label>\n                                Pa\u00eds Europeo            <\/li>\n                    <li class=\"wpuf-field-data wpuf-field-data-radio_field\">\n                                    <label>Origen:<\/label>\n                                Particular            <\/li>\n        <li><label>Fecha de publicaci\u00f3n:<\/label> 22\/02\/2026 12:45<\/li>            <li class=\"wpuf-field-data wpuf-field-data-radio_field\">\n                                    <label>La mascota ha sido adoptada:<\/label>\n                                NO            <\/li>\n                    <li class=\"wpuf-field-data wpuf-field-data-email_address\">\n                                    <label>Direcci\u00f3n de correo:<\/label>\n                                <a href=\"mailto:maznarabadia@gmail.com\">maznarabadia@gmail.com<\/a>            <\/li>\n                    <li class=\"wpuf-field-data wpuf-field-data-numeric_text_field\">\n                                    <label>Tel\u00e9fono:<\/label>\n                                615413170            <\/li>\n        <\/ul>","protected":false},"excerpt":{"rendered":"<p>Mis padres adoptaron a Coco en 2020. Es un perro que vive dentro de casa con ellos y est\u00e1 acostumbrado a estar calentito en invierno y fresco en verano. Mi padre sufre del coraz\u00f3n desde hace unos a\u00f1os y ya le ha tirado varias veces al suelo, por lo que sacarlo de paseo le supone [&#8230;]\n","protected":false},"featured_media":50746,"template":"","meta":{"_acf_changed":false},"product_brand":[],"product_cat":[15,1000],"product_tag":[],"class_list":{"0":"post-50747","1":"product","2":"type-product","3":"status-publish","4":"has-post-thumbnail","6":"product_cat-adoptar_perro_adoptar_mascota","7":"product_cat-adoptar-perro-gato-adoptar-mascota-es","8":"pa_edad-b","9":"pa_fecha-nacimiento-ano-3397","10":"pa_fecha-nacimiento-mes-07-julio","11":"pa_provincia-zaragoza","12":"pa_raza-galgo","13":"pa_sexo-macho","14":"pa_tamano-d","16":"first","17":"instock","18":"taxable","19":"shipping-taxable","20":"product-type-simple"},"acf":[],"_links":{"self":[{"href":"https:\/\/www.wallamascotas.com\/web3\/wp-json\/wp\/v2\/product\/50747","targetHints":{"allow":["GET"]}}],"collection":[{"href":"https:\/\/www.wallamascotas.com\/web3\/wp-json\/wp\/v2\/product"}],"about":[{"href":"https:\/\/www.wallamascotas.com\/web3\/wp-json\/wp\/v2\/types\/product"}],"wp:featuredmedia":[{"embeddable":true,"href":"https:\/\/www.wallamascotas.com\/web3\/wp-json\/wp\/v2\/media\/50746"}],"wp:attachment":[{"href":"https:\/\/www.wallamascotas.com\/web3\/wp-json\/wp\/v2\/media?parent=50747"}],"wp:term":[{"taxonomy":"product_brand","embeddable":true,"href":"https:\/\/www.wallamascotas.com\/web3\/wp-json\/wp\/v2\/product_brand?post=50747"},{"taxonomy":"product_cat","embeddable":true,"href":"https:\/\/www.wallamascotas.com\/web3\/wp-json\/wp\/v2\/product_cat?post=50747"},{"taxonomy":"product_tag","embeddable":true,"href":"https:\/\/www.wallamascotas.com\/web3\/wp-json\/wp\/v2\/product_tag?post=50747"}],"curies":[{"name":"wp","href":"https:\/\/api.w.org\/{rel}","templated":true}]}}

<p>Mis padres adoptaron a Coco en 2020. Es un perro que vive dentro de casa con ellos y está acostumbrado a estar calentito en invierno y fresco en verano.</p>
<p>Mi padre sufre del corazón desde hace unos años y ya le ha tirado varias veces al suelo, por lo que sacarlo de paseo le supone un esfuerzo físico todos los días porque tiene mucha fuerza y mi padre en proporción, menos.</p>
<p>No nos parece correcto tenerlo en casa sin poder darle la vida que se merece: salir a pasear varias veces, correr y disfrutar.</p>
<p>Mi madre, físicamente hablando, está muy delgadita y tampoco tiene la fuerza necesaria.</p>
<p>Buscamos una familia que lo quiera y lo cuide, nada más.</p>
<ul class="wpuf_customs">            <li class="wpuf-field-data wpuf-field-data-radio_field">
                                    <label>Tipo:</label>
                                Perro            </li>
                    <li class="wpuf-field-data wpuf-field-data-radio_field">
                                    <label>Es un perro:</label>
                                Nervioso            </li>
                    <li class="wpuf-field-data wpuf-field-data-radio_field">
                                    <label>Amigable con perros:</label>
                                Es amigo de tod@s            </li>
                    <li class="wpuf-field-data wpuf-field-data-radio_field">
                                    <label>Con personas extrañas:</label>
                                Amigable            </li>
                    <li class="wpuf-field-data wpuf-field-data-radio_field">
                                    <label>Ladrador:</label>
                                Con timbre y poco más            </li>
                    <li class="wpuf-field-data wpuf-field-data-radio_field">
                                    <label>Necesita licencia PPP:</label>
                                NO            </li>
                    <li class="wpuf-field-data wpuf-field-data-checkbox_field">
                                    <label>Enfermedades:</label>
                                En tratamiento médico            </li>
                    <li class="wpuf-field-data wpuf-field-data-checkbox_field">
                                    <label>Se entrega:</label>
                                Con cartilla sanitaria | Vacunado | Microchip            </li>
                    <li class="wpuf-field-data wpuf-field-data-checkbox_field">
                                    <label>Más información:</label>
                                Bueno con perros | Bueno con niños            </li>
                    <li class="wpuf-field-data wpuf-field-data-radio_field">
                                    <label>Se envía la mascota:</label>
                                SI            </li>
                    <li class="wpuf-field-data wpuf-field-data-radio_field">
                                    <label>En caso de envío, detallar:</label>
                                País Europeo            </li>
                    <li class="wpuf-field-data wpuf-field-data-radio_field">
                                    <label>Origen:</label>
                                Particular            </li>
        <li><label>Fecha de publicación:</label> 22/02/2026 12:45</li>            <li class="wpuf-field-data wpuf-field-data-radio_field">
                                    <label>La mascota ha sido adoptada:</label>
                                NO            </li>
                    <li class="wpuf-field-data wpuf-field-data-email_address">
                                    <label>Dirección de correo:</label>
                                <a href="mailto:maznarabadia@gmail.com">maznarabadia@gmail.com</a>            </li>
                    <li class="wpuf-field-data wpuf-field-data-numeric_text_field">
                                    <label>Teléfono:</label>
                                615413170            </li>
        </ul>

<p>Mis padres adoptaron a Coco en 2020. Es un perro que vive dentro de casa con ellos y está acostumbrado a estar calentito en invierno y fresco en verano. Mi padre sufre del corazón desde hace unos años y ya le ha tirado varias veces al suelo, por lo que sacarlo de paseo le supone [&#8230;]
