{"id":50812,"date":"2026-04-12T07:48:29","date_gmt":"2026-04-12T07:48:29","guid":{"rendered":"https:\/\/www.wallamascotas.com\/web3\/?post_type=product&#038;p=50812"},"modified":"2026-04-12T08:19:33","modified_gmt":"2026-04-12T08:19:33","slug":"maya","status":"publish","type":"product","link":"https:\/\/www.wallamascotas.com\/web3\/mascota\/maya\/","title":{"rendered":"Maya"},"content":{"rendered":"<p><a href=\"https:\/\/www.wallamascotas.com\/web3\/wp-content\/uploads\/2026\/04\/u10080-2026-04-11-22-31-57-541.jpg\"><img decoding=\"async\" class=\"attachment-thumbnail size-thumbnail\" src=\"https:\/\/www.wallamascotas.com\/web3\/wp-content\/uploads\/2026\/04\/u10080-2026-04-11-22-31-57-541-150x150.jpg\" alt=\"\" \/><\/a><a href=\"https:\/\/www.wallamascotas.com\/web3\/wp-content\/uploads\/2026\/04\/u10080-2026-04-11-22-29-41-920.jpg\"><img decoding=\"async\" class=\"attachment-thumbnail size-thumbnail\" src=\"https:\/\/www.wallamascotas.com\/web3\/wp-content\/uploads\/2026\/04\/u10080-2026-04-11-22-29-41-920-150x150.jpg\" alt=\"\" \/><\/a><\/p>\n<p>A esta peque\u00f1a y buenaza de tan solo 11 meses la suerte le dio la espalda cuando termin\u00f3 abandonada en la soledad de un campo. A pesar de haber conocido el fr\u00edo del invierno y el olvido, ella no ha perdido ni un \u00e1pice de su dulzura.<\/p>\n<p>En las fotos puede parecer una perra imponente, pero en persona es de tama\u00f1o mediano, perfecta para cualquier hogar.<\/p>\n<p>Car\u00e1cter de oro: extremadamente buena, obediente y cari\u00f1osa. De esas perras que te miran buscando aprobaci\u00f3n y solo quieren estar cerca de ti.<\/p>\n<p>Sociable nivel experto: Convive de maravilla con todo el mundo. \u00bfTienes perros? \u00a1Genial! \u00bfGatos? \u00a1Sin problema! \u00bfNi\u00f1os? Los adora.<\/p>\n<p>Busca una familia que entienda que los &#8220;perros de campo&#8221; son los m\u00e1s agradecidos del mundo. Solo necesita una oportunidad para demostrar que es la compa\u00f1era perfecta.<\/p>\n<ul class=\"wpuf_customs\">            <li class=\"wpuf-field-data wpuf-field-data-radio_field\">\n                                    <label>Tipo:<\/label>\n                                Perro            <\/li>\n                    <li class=\"wpuf-field-data wpuf-field-data-radio_field\">\n                                    <label>Es un perro:<\/label>\n                                Cari\u00f1oso            <\/li>\n                    <li class=\"wpuf-field-data wpuf-field-data-radio_field\">\n                                    <label>Amigable con perros:<\/label>\n                                Es amigo de tod@s            <\/li>\n                    <li class=\"wpuf-field-data wpuf-field-data-radio_field\">\n                                    <label>Con personas extra\u00f1as:<\/label>\n                                Amigable            <\/li>\n                    <li class=\"wpuf-field-data wpuf-field-data-radio_field\">\n                                    <label>Ladrador:<\/label>\n                                Desconocido            <\/li>\n                    <li class=\"wpuf-field-data wpuf-field-data-radio_field\">\n                                    <label>Necesita licencia PPP:<\/label>\n                                NO            <\/li>\n                    <li class=\"wpuf-field-data wpuf-field-data-checkbox_field\">\n                                    <label>Enfermedades:<\/label>\n                                Ninguna            <\/li>\n                    <li class=\"wpuf-field-data wpuf-field-data-checkbox_field\">\n                                    <label>Se entrega:<\/label>\n                                Con cartilla sanitaria | Vacunado | Esterilizado | Desparasitado | Microchip            <\/li>\n                    <li class=\"wpuf-field-data wpuf-field-data-checkbox_field\">\n                                    <label>M\u00e1s informaci\u00f3n:<\/label>\n                                Bueno con perros | Bueno con gatos | Le gusta pasear | Obediente            <\/li>\n                    <li class=\"wpuf-field-data wpuf-field-data-radio_field\">\n                                    <label>Se env\u00eda la mascota:<\/label>\n                                SI            <\/li>\n                    <li class=\"wpuf-field-data wpuf-field-data-radio_field\">\n                                    <label>En caso de env\u00edo, detallar:<\/label>\n                                A otra CCAA espa\u00f1ola            <\/li>\n                    <li class=\"wpuf-field-data wpuf-field-data-radio_field\">\n                                    <label>Origen:<\/label>\n                                Asociaci\u00f3n            <\/li>\n        <li><label>Fecha de publicaci\u00f3n:<\/label> 11\/04\/2026 00:00<\/li>            <li class=\"wpuf-field-data wpuf-field-data-radio_field\">\n                                    <label>La mascota ha sido adoptada:<\/label>\n                                NO            <\/li>\n                    <li class=\"wpuf-field-data wpuf-field-data-email_address\">\n                                    <label>Direcci\u00f3n de correo:<\/label>\n                                <a href=\"mailto:almaanimalprotectora@gmail.com\">almaanimalprotectora@gmail.com<\/a>            <\/li>\n        <\/ul>","protected":false},"excerpt":{"rendered":"<p>A esta peque\u00f1a y buenaza de tan solo 11 meses la suerte le dio la espalda cuando termin\u00f3 abandonada en la soledad de un campo. A pesar de haber conocido el fr\u00edo del invierno y el olvido, ella no ha perdido ni un \u00e1pice de su dulzura. En las fotos puede parecer una perra imponente, [&#8230;]\n","protected":false},"featured_media":51936,"template":"","meta":{"_acf_changed":false},"product_brand":[],"product_cat":[15,1000],"product_tag":[],"class_list":{"0":"post-50812","1":"product","2":"type-product","3":"status-publish","4":"has-post-thumbnail","6":"product_cat-adoptar_perro_adoptar_mascota","7":"product_cat-adoptar-perro-gato-adoptar-mascota-es","8":"pa_edad-b","9":"pa_fecha-nacimiento-ano-3513","10":"pa_fecha-nacimiento-mes-05-mayo","11":"pa_origen-alma-animal-protectora","12":"pa_provincia-cordoba","13":"pa_raza-mestizo","14":"pa_sexo-hembra","15":"pa_tamano-c","17":"first","18":"instock","19":"taxable","20":"shipping-taxable","21":"product-type-simple"},"acf":[],"_links":{"self":[{"href":"https:\/\/www.wallamascotas.com\/web3\/wp-json\/wp\/v2\/product\/50812","targetHints":{"allow":["GET"]}}],"collection":[{"href":"https:\/\/www.wallamascotas.com\/web3\/wp-json\/wp\/v2\/product"}],"about":[{"href":"https:\/\/www.wallamascotas.com\/web3\/wp-json\/wp\/v2\/types\/product"}],"wp:featuredmedia":[{"embeddable":true,"href":"https:\/\/www.wallamascotas.com\/web3\/wp-json\/wp\/v2\/media\/51936"}],"wp:attachment":[{"href":"https:\/\/www.wallamascotas.com\/web3\/wp-json\/wp\/v2\/media?parent=50812"}],"wp:term":[{"taxonomy":"product_brand","embeddable":true,"href":"https:\/\/www.wallamascotas.com\/web3\/wp-json\/wp\/v2\/product_brand?post=50812"},{"taxonomy":"product_cat","embeddable":true,"href":"https:\/\/www.wallamascotas.com\/web3\/wp-json\/wp\/v2\/product_cat?post=50812"},{"taxonomy":"product_tag","embeddable":true,"href":"https:\/\/www.wallamascotas.com\/web3\/wp-json\/wp\/v2\/product_tag?post=50812"}],"curies":[{"name":"wp","href":"https:\/\/api.w.org\/{rel}","templated":true}]}}

<p><a href="https://www.wallamascotas.com/web3/wp-content/uploads/2026/04/u10080-2026-04-11-22-31-57-541.jpg"><img decoding="async" class="attachment-thumbnail size-thumbnail" src="https://www.wallamascotas.com/web3/wp-content/uploads/2026/04/u10080-2026-04-11-22-31-57-541-150x150.jpg" alt="" /></a><a href="https://www.wallamascotas.com/web3/wp-content/uploads/2026/04/u10080-2026-04-11-22-29-41-920.jpg"><img decoding="async" class="attachment-thumbnail size-thumbnail" src="https://www.wallamascotas.com/web3/wp-content/uploads/2026/04/u10080-2026-04-11-22-29-41-920-150x150.jpg" alt="" /></a></p>
<p>A esta pequeña y buenaza de tan solo 11 meses la suerte le dio la espalda cuando terminó abandonada en la soledad de un campo. A pesar de haber conocido el frío del invierno y el olvido, ella no ha perdido ni un ápice de su dulzura.</p>
<p>En las fotos puede parecer una perra imponente, pero en persona es de tamaño mediano, perfecta para cualquier hogar.</p>
<p>Carácter de oro: extremadamente buena, obediente y cariñosa. De esas perras que te miran buscando aprobación y solo quieren estar cerca de ti.</p>
<p>Sociable nivel experto: Convive de maravilla con todo el mundo. ¿Tienes perros? ¡Genial! ¿Gatos? ¡Sin problema! ¿Niños? Los adora.</p>
<p>Busca una familia que entienda que los &#8220;perros de campo&#8221; son los más agradecidos del mundo. Solo necesita una oportunidad para demostrar que es la compañera perfecta.</p>
<ul class="wpuf_customs">            <li class="wpuf-field-data wpuf-field-data-radio_field">
                                    <label>Tipo:</label>
                                Perro            </li>
                    <li class="wpuf-field-data wpuf-field-data-radio_field">
                                    <label>Es un perro:</label>
                                Cariñoso            </li>
                    <li class="wpuf-field-data wpuf-field-data-radio_field">
                                    <label>Amigable con perros:</label>
                                Es amigo de tod@s            </li>
                    <li class="wpuf-field-data wpuf-field-data-radio_field">
                                    <label>Con personas extrañas:</label>
                                Amigable            </li>
                    <li class="wpuf-field-data wpuf-field-data-radio_field">
                                    <label>Ladrador:</label>
                                Desconocido            </li>
                    <li class="wpuf-field-data wpuf-field-data-radio_field">
                                    <label>Necesita licencia PPP:</label>
                                NO            </li>
                    <li class="wpuf-field-data wpuf-field-data-checkbox_field">
                                    <label>Enfermedades:</label>
                                Ninguna            </li>
                    <li class="wpuf-field-data wpuf-field-data-checkbox_field">
                                    <label>Se entrega:</label>
                                Con cartilla sanitaria | Vacunado | Esterilizado | Desparasitado | Microchip            </li>
                    <li class="wpuf-field-data wpuf-field-data-checkbox_field">
                                    <label>Más información:</label>
                                Bueno con perros | Bueno con gatos | Le gusta pasear | Obediente            </li>
                    <li class="wpuf-field-data wpuf-field-data-radio_field">
                                    <label>Se envía la mascota:</label>
                                SI            </li>
                    <li class="wpuf-field-data wpuf-field-data-radio_field">
                                    <label>En caso de envío, detallar:</label>
                                A otra CCAA española            </li>
                    <li class="wpuf-field-data wpuf-field-data-radio_field">
                                    <label>Origen:</label>
                                Asociación            </li>
        <li><label>Fecha de publicación:</label> 11/04/2026 00:00</li>            <li class="wpuf-field-data wpuf-field-data-radio_field">
                                    <label>La mascota ha sido adoptada:</label>
                                NO            </li>
                    <li class="wpuf-field-data wpuf-field-data-email_address">
                                    <label>Dirección de correo:</label>
                                <a href="mailto:almaanimalprotectora@gmail.com">almaanimalprotectora@gmail.com</a>            </li>
        </ul>

<p>A esta pequeña y buenaza de tan solo 11 meses la suerte le dio la espalda cuando terminó abandonada en la soledad de un campo. A pesar de haber conocido el frío del invierno y el olvido, ella no ha perdido ni un ápice de su dulzura. En las fotos puede parecer una perra imponente, [&#8230;]
