{"id":50996,"date":"2026-03-03T21:09:09","date_gmt":"2026-03-03T21:09:09","guid":{"rendered":"https:\/\/www.wallamascotas.com\/web3\/?post_type=product&#038;p=50996"},"modified":"2026-03-03T21:09:11","modified_gmt":"2026-03-03T21:09:11","slug":"brave","status":"publish","type":"product","link":"https:\/\/www.wallamascotas.com\/web3\/mascota\/brave\/","title":{"rendered":"Brave"},"content":{"rendered":"<p>Se llama Brave \u2764\ufe0f\u200d\ud83e\ude79<br \/>\nPorque eso es exactamente lo que ha sido desde que naci\u00f3.<\/p>\n<p>Tiene solo dos meses y ya ha pasado por m\u00e1s de lo que muchos vivir\u00e1n en toda su vida. Sus ojitos est\u00e1n gravemente da\u00f1ados y necesita valoraci\u00f3n por un oftalm\u00f3logo especializado para saber c\u00f3mo ayudarle y, sobre todo, asegurarnos de que no tiene dolor.<\/p>\n<p>Gracias a Mar\u00eda, tiene un lugar seguro.<\/p>\n<p>Brave est\u00e1 en Sevilla y necesitamos traerlo hasta Ciudad Real (o alrededores)\/ Cuenca para poder darle atenci\u00f3n veterinaria y empezar de verdad su nueva vida.<\/p>\n<p>Necesitamos ayuda para cubrir:<br \/>\n\u2022 \ud83d\udc41 Consulta con oftalm\u00f3logo especializado<br \/>\n\u2022 \ud83d\udc8a Posible tratamiento<br \/>\n\u2022 \ud83d\ude97 Viaje desde Sevilla<\/p>\n<p>No sabemos todav\u00eda cu\u00e1nto supondr\u00e1 todo, pero sabemos que no podemos mirar hacia otro lado.<\/p>\n<p>Es solo un beb\u00e9.<br \/>\nUn beb\u00e9 ciego.<br \/>\nY aun as\u00ed conf\u00eda.<\/p>\n<p>Si puedes aportar aunque sea 1\u20ac, compartir o ayudarnos con el traslado, estar\u00e1s formando parte de su segunda oportunidad.<\/p>\n<p>Porque Brave no ve el mundo\u2026<br \/>\npero merece sentir que el mundo s\u00ed le ve a \u00e9l \ud83e\udd0d\ud83d\udc3e<\/p>\n<p>\u2e3b<\/p>\n<p>\ud83d\udc3e \u00bfQuieres adoptar?<\/p>\n<p>Si est\u00e1s pensando en darles un hogar, escr\u00edbenos por privado o rellena nuestro formulario de adopci\u00f3n \ud83d\udcdd<\/p>\n<p>\ud83d\udc8c \u00bfNo puedes adoptar pero quieres ayudar?<\/p>\n<p>Difundir tambi\u00e9n salva vidas \ud83d\udcf2<\/p>\n<p>\ud83d\udcb3 C\u00f3mo ayudar<br \/>\n\u2022 Donaciones: +34 711 21 94 30<br \/>\n\u2022 Materiales: pienso, comida h\u00fameda, mantas, empapadores, transportines\u2026<br \/>\n\u2022 Voluntariado y casas de acogida \ud83c\udfe1<\/p>\n<p>Gracias por mirar con el coraz\u00f3n \ud83d\udc95<\/p>\n<ul class=\"wpuf_customs\">            <li class=\"wpuf-field-data wpuf-field-data-radio_field\">\n                                    <label>Tipo:<\/label>\n                                Gato            <\/li>\n                    <li class=\"wpuf-field-data wpuf-field-data-radio_field\">\n                                    <label>Es un perro:<\/label>\n                                Tranquilo            <\/li>\n                    <li class=\"wpuf-field-data wpuf-field-data-radio_field\">\n                                    <label>Amigable con perros:<\/label>\n                                Es amigo de tod@s            <\/li>\n                    <li class=\"wpuf-field-data wpuf-field-data-radio_field\">\n                                    <label>Con personas extra\u00f1as:<\/label>\n                                Amigable            <\/li>\n                    <li class=\"wpuf-field-data wpuf-field-data-radio_field\">\n                                    <label>Ladrador:<\/label>\n                                Desconocido            <\/li>\n                    <li class=\"wpuf-field-data wpuf-field-data-radio_field\">\n                                    <label>Necesita licencia PPP:<\/label>\n                                NO            <\/li>\n                    <li class=\"wpuf-field-data wpuf-field-data-checkbox_field\">\n                                    <label>Enfermedades:<\/label>\n                                Ninguna            <\/li>\n                    <li class=\"wpuf-field-data wpuf-field-data-checkbox_field\">\n                                    <label>Se entrega:<\/label>\n                                Desparasitado | Microchip            <\/li>\n                    <li class=\"wpuf-field-data wpuf-field-data-checkbox_field\">\n                                    <label>M\u00e1s informaci\u00f3n:<\/label>\n                                Bueno con perros | Bueno con gatos | Bueno con ni\u00f1os | Bueno en casa | Bueno en el coche            <\/li>\n                    <li class=\"wpuf-field-data wpuf-field-data-radio_field\">\n                                    <label>Se env\u00eda la mascota:<\/label>\n                                SI            <\/li>\n                    <li class=\"wpuf-field-data wpuf-field-data-radio_field\">\n                                    <label>En caso de env\u00edo, detallar:<\/label>\n                                A otra CCAA espa\u00f1ola            <\/li>\n                    <li class=\"wpuf-field-data wpuf-field-data-radio_field\">\n                                    <label>Origen:<\/label>\n                                Asociaci\u00f3n            <\/li>\n        <li><label>Fecha de publicaci\u00f3n:<\/label> 03\/03\/2026 13:28<\/li>            <li class=\"wpuf-field-data wpuf-field-data-radio_field\">\n                                    <label>La mascota ha sido adoptada:<\/label>\n                                NO            <\/li>\n                    <li class=\"wpuf-field-data wpuf-field-data-email_address\">\n                                    <label>Direcci\u00f3n de correo:<\/label>\n                                <a href=\"mailto:katzenreichcats@outlook.com\">katzenreichcats@outlook.com<\/a>            <\/li>\n                    <li class=\"wpuf-field-data wpuf-field-data-numeric_text_field\">\n                                    <label>Tel\u00e9fono:<\/label>\n                                711219430            <\/li>\n        <\/ul>","protected":false},"excerpt":{"rendered":"<p>Se llama Brave \u2764\ufe0f\u200d\ud83e\ude79 Porque eso es exactamente lo que ha sido desde que naci\u00f3. Tiene solo dos meses y ya ha pasado por m\u00e1s de lo que muchos vivir\u00e1n en toda su vida. Sus ojitos est\u00e1n gravemente da\u00f1ados y necesita valoraci\u00f3n por un oftalm\u00f3logo especializado para saber c\u00f3mo ayudarle y, sobre todo, asegurarnos de [&#8230;]\n","protected":false},"featured_media":50995,"template":"","meta":{"_acf_changed":false},"product_brand":[],"product_cat":[16,1000],"product_tag":[],"class_list":{"0":"post-50996","1":"product","2":"type-product","3":"status-publish","4":"has-post-thumbnail","6":"product_cat-adoptargato","7":"product_cat-adoptar-perro-gato-adoptar-mascota-es","8":"pa_edad-a","9":"pa_fecha-nacimiento-ano-3513","10":"pa_fecha-nacimiento-mes-12-diciembre","11":"pa_origen-katzenreich","12":"pa_provincia-ciudad-real","13":"pa_raza-gato-comun-europeo","14":"pa_sexo-macho","15":"pa_tamano-a","17":"first","18":"instock","19":"taxable","20":"shipping-taxable","21":"product-type-simple"},"acf":[],"_links":{"self":[{"href":"https:\/\/www.wallamascotas.com\/web3\/wp-json\/wp\/v2\/product\/50996","targetHints":{"allow":["GET"]}}],"collection":[{"href":"https:\/\/www.wallamascotas.com\/web3\/wp-json\/wp\/v2\/product"}],"about":[{"href":"https:\/\/www.wallamascotas.com\/web3\/wp-json\/wp\/v2\/types\/product"}],"wp:featuredmedia":[{"embeddable":true,"href":"https:\/\/www.wallamascotas.com\/web3\/wp-json\/wp\/v2\/media\/50995"}],"wp:attachment":[{"href":"https:\/\/www.wallamascotas.com\/web3\/wp-json\/wp\/v2\/media?parent=50996"}],"wp:term":[{"taxonomy":"product_brand","embeddable":true,"href":"https:\/\/www.wallamascotas.com\/web3\/wp-json\/wp\/v2\/product_brand?post=50996"},{"taxonomy":"product_cat","embeddable":true,"href":"https:\/\/www.wallamascotas.com\/web3\/wp-json\/wp\/v2\/product_cat?post=50996"},{"taxonomy":"product_tag","embeddable":true,"href":"https:\/\/www.wallamascotas.com\/web3\/wp-json\/wp\/v2\/product_tag?post=50996"}],"curies":[{"name":"wp","href":"https:\/\/api.w.org\/{rel}","templated":true}]}}

<p>Se llama Brave ❤️‍🩹<br />
Porque eso es exactamente lo que ha sido desde que nació.</p>
<p>Tiene solo dos meses y ya ha pasado por más de lo que muchos vivirán en toda su vida. Sus ojitos están gravemente dañados y necesita valoración por un oftalmólogo especializado para saber cómo ayudarle y, sobre todo, asegurarnos de que no tiene dolor.</p>
<p>Gracias a María, tiene un lugar seguro.</p>
<p>Brave está en Sevilla y necesitamos traerlo hasta Ciudad Real (o alrededores)/ Cuenca para poder darle atención veterinaria y empezar de verdad su nueva vida.</p>
<p>Necesitamos ayuda para cubrir:<br />
• 👁 Consulta con oftalmólogo especializado<br />
• 💊 Posible tratamiento<br />
• 🚗 Viaje desde Sevilla</p>
<p>No sabemos todavía cuánto supondrá todo, pero sabemos que no podemos mirar hacia otro lado.</p>
<p>Es solo un bebé.<br />
Un bebé ciego.<br />
Y aun así confía.</p>
<p>Si puedes aportar aunque sea 1€, compartir o ayudarnos con el traslado, estarás formando parte de su segunda oportunidad.</p>
<p>Porque Brave no ve el mundo…<br />
pero merece sentir que el mundo sí le ve a él 🤍🐾</p>
<p>⸻</p>
<p>🐾 ¿Quieres adoptar?</p>
<p>Si estás pensando en darles un hogar, escríbenos por privado o rellena nuestro formulario de adopción 📝</p>
<p>💌 ¿No puedes adoptar pero quieres ayudar?</p>
<p>Difundir también salva vidas 📲</p>
<p>💳 Cómo ayudar<br />
• Donaciones: +34 711 21 94 30<br />
• Materiales: pienso, comida húmeda, mantas, empapadores, transportines…<br />
• Voluntariado y casas de acogida 🏡</p>
<p>Gracias por mirar con el corazón 💕</p>
<ul class="wpuf_customs">            <li class="wpuf-field-data wpuf-field-data-radio_field">
                                    <label>Tipo:</label>
                                Gato            </li>
                    <li class="wpuf-field-data wpuf-field-data-radio_field">
                                    <label>Es un perro:</label>
                                Tranquilo            </li>
                    <li class="wpuf-field-data wpuf-field-data-radio_field">
                                    <label>Amigable con perros:</label>
                                Es amigo de tod@s            </li>
                    <li class="wpuf-field-data wpuf-field-data-radio_field">
                                    <label>Con personas extrañas:</label>
                                Amigable            </li>
                    <li class="wpuf-field-data wpuf-field-data-radio_field">
                                    <label>Ladrador:</label>
                                Desconocido            </li>
                    <li class="wpuf-field-data wpuf-field-data-radio_field">
                                    <label>Necesita licencia PPP:</label>
                                NO            </li>
                    <li class="wpuf-field-data wpuf-field-data-checkbox_field">
                                    <label>Enfermedades:</label>
                                Ninguna            </li>
                    <li class="wpuf-field-data wpuf-field-data-checkbox_field">
                                    <label>Se entrega:</label>
                                Desparasitado | Microchip            </li>
                    <li class="wpuf-field-data wpuf-field-data-checkbox_field">
                                    <label>Más información:</label>
                                Bueno con perros | Bueno con gatos | Bueno con niños | Bueno en casa | Bueno en el coche            </li>
                    <li class="wpuf-field-data wpuf-field-data-radio_field">
                                    <label>Se envía la mascota:</label>
                                SI            </li>
                    <li class="wpuf-field-data wpuf-field-data-radio_field">
                                    <label>En caso de envío, detallar:</label>
                                A otra CCAA española            </li>
                    <li class="wpuf-field-data wpuf-field-data-radio_field">
                                    <label>Origen:</label>
                                Asociación            </li>
        <li><label>Fecha de publicación:</label> 03/03/2026 13:28</li>            <li class="wpuf-field-data wpuf-field-data-radio_field">
                                    <label>La mascota ha sido adoptada:</label>
                                NO            </li>
                    <li class="wpuf-field-data wpuf-field-data-email_address">
                                    <label>Dirección de correo:</label>
                                <a href="mailto:katzenreichcats@outlook.com">katzenreichcats@outlook.com</a>            </li>
                    <li class="wpuf-field-data wpuf-field-data-numeric_text_field">
                                    <label>Teléfono:</label>
                                711219430            </li>
        </ul>

<p>Se llama Brave ❤️‍🩹 Porque eso es exactamente lo que ha sido desde que nació. Tiene solo dos meses y ya ha pasado por más de lo que muchos vivirán en toda su vida. Sus ojitos están gravemente dañados y necesita valoración por un oftalmólogo especializado para saber cómo ayudarle y, sobre todo, asegurarnos de [&#8230;]
