{"id":51050,"date":"2026-03-04T17:49:57","date_gmt":"2026-03-04T17:49:57","guid":{"rendered":"https:\/\/www.wallamascotas.com\/web3\/?post_type=product&#038;p=51050"},"modified":"2026-03-04T17:49:59","modified_gmt":"2026-03-04T17:49:59","slug":"mad-y-lucas","status":"publish","type":"product","link":"https:\/\/www.wallamascotas.com\/web3\/mascota\/mad-y-lucas\/","title":{"rendered":"Mad y Lucas"},"content":{"rendered":"<p><a href=\"https:\/\/www.wallamascotas.com\/web3\/wp-content\/uploads\/2026\/03\/u1704-MAD-Y-LUCAS-4-ok.jpg\"><img decoding=\"async\" class=\"attachment-thumbnail size-thumbnail\" src=\"https:\/\/www.wallamascotas.com\/web3\/wp-content\/uploads\/2026\/03\/u1704-MAD-Y-LUCAS-4-ok-150x150.jpg\" alt=\"\" \/><\/a><a href=\"https:\/\/www.wallamascotas.com\/web3\/wp-content\/uploads\/2026\/03\/u1704-LUCAS-1-ok.jpg\"><img decoding=\"async\" class=\"attachment-thumbnail size-thumbnail\" src=\"https:\/\/www.wallamascotas.com\/web3\/wp-content\/uploads\/2026\/03\/u1704-LUCAS-1-ok-150x150.jpg\" alt=\"\" \/><\/a><a href=\"https:\/\/www.wallamascotas.com\/web3\/wp-content\/uploads\/2026\/03\/u1704-MAD-2-ok.jpg\"><img decoding=\"async\" class=\"attachment-thumbnail size-thumbnail\" src=\"https:\/\/www.wallamascotas.com\/web3\/wp-content\/uploads\/2026\/03\/u1704-MAD-2-ok-150x150.jpg\" alt=\"\" \/><\/a><\/p>\n<p>MAD Y LUCAS BUSCAN HOGAR\u2026 Y LO BUSCAN JUNTOS<\/p>\n<p>Mad y Lucas son dos hermanos que han crecido siempre el uno al lado del otro.<\/p>\n<p>Comparten juegos, carreras, siestas y esa complicidad que solo tienen los que han pasado toda su vida juntos, pero Mad y Lucas se quedan SIN HOGAR&#8230;<\/p>\n<p>Por eso, en principio buscamos para ellos una adopci\u00f3n conjunta, porque son realmente inseparables.<\/p>\n<p>Acaban de cumplir 3 a\u00f1os y est\u00e1n en la mejor etapa de su vida:<\/p>\n<p>Alegres<\/p>\n<p>Juguetones<\/p>\n<p>Activos<\/p>\n<p>Cari\u00f1osos<\/p>\n<p>Son dos perros llenos de vida que solo necesitan una familia con la que seguir compartiendo aventuras. Imag\u00ednate llegar a casa y encontrarte con dos colitas movi\u00e9ndose de alegr\u00eda esper\u00e1ndote cada d\u00eda.<\/p>\n<p>Est\u00e1n en Huelva, pero pueden viajar si aparece su familia ideal.<\/p>\n<ul class=\"wpuf_customs\">            <li class=\"wpuf-field-data wpuf-field-data-radio_field\">\n                                    <label>Tipo:<\/label>\n                                Perro            <\/li>\n                    <li class=\"wpuf-field-data wpuf-field-data-radio_field\">\n                                    <label>Es un perro:<\/label>\n                                Nervioso            <\/li>\n                    <li class=\"wpuf-field-data wpuf-field-data-radio_field\">\n                                    <label>Amigable con perros:<\/label>\n                                Solo con perras            <\/li>\n                    <li class=\"wpuf-field-data wpuf-field-data-radio_field\">\n                                    <label>Con personas extra\u00f1as:<\/label>\n                                Amigable            <\/li>\n                    <li class=\"wpuf-field-data wpuf-field-data-radio_field\">\n                                    <label>Ladrador:<\/label>\n                                Ladrador            <\/li>\n                    <li class=\"wpuf-field-data wpuf-field-data-radio_field\">\n                                    <label>Necesita licencia PPP:<\/label>\n                                NO            <\/li>\n                    <li class=\"wpuf-field-data wpuf-field-data-checkbox_field\">\n                                    <label>Enfermedades:<\/label>\n                                Ninguna            <\/li>\n                    <li class=\"wpuf-field-data wpuf-field-data-checkbox_field\">\n                                    <label>Se entrega:<\/label>\n                                Con cartilla sanitaria | Vacunado | Esterilizado | Desparasitado | Microchip            <\/li>\n                    <li class=\"wpuf-field-data wpuf-field-data-checkbox_field\">\n                                    <label>M\u00e1s informaci\u00f3n:<\/label>\n                                Bueno con perros | Bueno con ni\u00f1os | Le gusta pasear | Obediente            <\/li>\n                    <li class=\"wpuf-field-data wpuf-field-data-radio_field\">\n                                    <label>Se env\u00eda la mascota:<\/label>\n                                SI            <\/li>\n                    <li class=\"wpuf-field-data wpuf-field-data-radio_field\">\n                                    <label>En caso de env\u00edo, detallar:<\/label>\n                                A otra CCAA espa\u00f1ola            <\/li>\n                    <li class=\"wpuf-field-data wpuf-field-data-radio_field\">\n                                    <label>Origen:<\/label>\n                                Asociaci\u00f3n            <\/li>\n        <li><label>Fecha de publicaci\u00f3n:<\/label> 04\/03\/2026 00:00<\/li>            <li class=\"wpuf-field-data wpuf-field-data-radio_field\">\n                                    <label>La mascota ha sido adoptada:<\/label>\n                                NO            <\/li>\n                    <li class=\"wpuf-field-data wpuf-field-data-email_address\">\n                                    <label>Direcci\u00f3n de correo:<\/label>\n                                <a href=\"mailto:adopciones.huellas.serranas@gmail.com\">adopciones.huellas.serranas@gmail.com<\/a>            <\/li>\n                    <li class=\"wpuf-field-data wpuf-field-data-numeric_text_field\">\n                                    <label>Tel\u00e9fono:<\/label>\n                                672771011            <\/li>\n        <\/ul>","protected":false},"excerpt":{"rendered":"<p>MAD Y LUCAS BUSCAN HOGAR\u2026 Y LO BUSCAN JUNTOS Mad y Lucas son dos hermanos que han crecido siempre el uno al lado del otro. Comparten juegos, carreras, siestas y esa complicidad que solo tienen los que han pasado toda su vida juntos, pero Mad y Lucas se quedan SIN HOGAR&#8230; Por eso, en principio [&#8230;]\n","protected":false},"featured_media":51046,"template":"","meta":{"_acf_changed":false},"product_brand":[],"product_cat":[15,1000],"product_tag":[],"class_list":{"0":"post-51050","1":"product","2":"type-product","3":"status-publish","4":"has-post-thumbnail","6":"product_cat-adoptar_perro_adoptar_mascota","7":"product_cat-adoptar-perro-gato-adoptar-mascota-es","8":"pa_edad-b","9":"pa_fecha-nacimiento-ano-3460","10":"pa_fecha-nacimiento-mes-03-marzo","11":"pa_origen-asociacion-adopciones-huellas-serranas","12":"pa_provincia-huelva","13":"pa_raza-mestizo","14":"pa_sexo-macho","15":"pa_tamano-c","17":"first","18":"instock","19":"taxable","20":"shipping-taxable","21":"product-type-simple"},"acf":[],"_links":{"self":[{"href":"https:\/\/www.wallamascotas.com\/web3\/wp-json\/wp\/v2\/product\/51050","targetHints":{"allow":["GET"]}}],"collection":[{"href":"https:\/\/www.wallamascotas.com\/web3\/wp-json\/wp\/v2\/product"}],"about":[{"href":"https:\/\/www.wallamascotas.com\/web3\/wp-json\/wp\/v2\/types\/product"}],"wp:featuredmedia":[{"embeddable":true,"href":"https:\/\/www.wallamascotas.com\/web3\/wp-json\/wp\/v2\/media\/51046"}],"wp:attachment":[{"href":"https:\/\/www.wallamascotas.com\/web3\/wp-json\/wp\/v2\/media?parent=51050"}],"wp:term":[{"taxonomy":"product_brand","embeddable":true,"href":"https:\/\/www.wallamascotas.com\/web3\/wp-json\/wp\/v2\/product_brand?post=51050"},{"taxonomy":"product_cat","embeddable":true,"href":"https:\/\/www.wallamascotas.com\/web3\/wp-json\/wp\/v2\/product_cat?post=51050"},{"taxonomy":"product_tag","embeddable":true,"href":"https:\/\/www.wallamascotas.com\/web3\/wp-json\/wp\/v2\/product_tag?post=51050"}],"curies":[{"name":"wp","href":"https:\/\/api.w.org\/{rel}","templated":true}]}}

<p><a href="https://www.wallamascotas.com/web3/wp-content/uploads/2026/03/u1704-MAD-Y-LUCAS-4-ok.jpg"><img decoding="async" class="attachment-thumbnail size-thumbnail" src="https://www.wallamascotas.com/web3/wp-content/uploads/2026/03/u1704-MAD-Y-LUCAS-4-ok-150x150.jpg" alt="" /></a><a href="https://www.wallamascotas.com/web3/wp-content/uploads/2026/03/u1704-LUCAS-1-ok.jpg"><img decoding="async" class="attachment-thumbnail size-thumbnail" src="https://www.wallamascotas.com/web3/wp-content/uploads/2026/03/u1704-LUCAS-1-ok-150x150.jpg" alt="" /></a><a href="https://www.wallamascotas.com/web3/wp-content/uploads/2026/03/u1704-MAD-2-ok.jpg"><img decoding="async" class="attachment-thumbnail size-thumbnail" src="https://www.wallamascotas.com/web3/wp-content/uploads/2026/03/u1704-MAD-2-ok-150x150.jpg" alt="" /></a></p>
<p>MAD Y LUCAS BUSCAN HOGAR… Y LO BUSCAN JUNTOS</p>
<p>Mad y Lucas son dos hermanos que han crecido siempre el uno al lado del otro.</p>
<p>Comparten juegos, carreras, siestas y esa complicidad que solo tienen los que han pasado toda su vida juntos, pero Mad y Lucas se quedan SIN HOGAR&#8230;</p>
<p>Por eso, en principio buscamos para ellos una adopción conjunta, porque son realmente inseparables.</p>
<p>Acaban de cumplir 3 años y están en la mejor etapa de su vida:</p>
<p>Alegres</p>
<p>Juguetones</p>
<p>Activos</p>
<p>Cariñosos</p>
<p>Son dos perros llenos de vida que solo necesitan una familia con la que seguir compartiendo aventuras. Imagínate llegar a casa y encontrarte con dos colitas moviéndose de alegría esperándote cada día.</p>
<p>Están en Huelva, pero pueden viajar si aparece su familia ideal.</p>
<ul class="wpuf_customs">            <li class="wpuf-field-data wpuf-field-data-radio_field">
                                    <label>Tipo:</label>
                                Perro            </li>
                    <li class="wpuf-field-data wpuf-field-data-radio_field">
                                    <label>Es un perro:</label>
                                Nervioso            </li>
                    <li class="wpuf-field-data wpuf-field-data-radio_field">
                                    <label>Amigable con perros:</label>
                                Solo con perras            </li>
                    <li class="wpuf-field-data wpuf-field-data-radio_field">
                                    <label>Con personas extrañas:</label>
                                Amigable            </li>
                    <li class="wpuf-field-data wpuf-field-data-radio_field">
                                    <label>Ladrador:</label>
                                Ladrador            </li>
                    <li class="wpuf-field-data wpuf-field-data-radio_field">
                                    <label>Necesita licencia PPP:</label>
                                NO            </li>
                    <li class="wpuf-field-data wpuf-field-data-checkbox_field">
                                    <label>Enfermedades:</label>
                                Ninguna            </li>
                    <li class="wpuf-field-data wpuf-field-data-checkbox_field">
                                    <label>Se entrega:</label>
                                Con cartilla sanitaria | Vacunado | Esterilizado | Desparasitado | Microchip            </li>
                    <li class="wpuf-field-data wpuf-field-data-checkbox_field">
                                    <label>Más información:</label>
                                Bueno con perros | Bueno con niños | Le gusta pasear | Obediente            </li>
                    <li class="wpuf-field-data wpuf-field-data-radio_field">
                                    <label>Se envía la mascota:</label>
                                SI            </li>
                    <li class="wpuf-field-data wpuf-field-data-radio_field">
                                    <label>En caso de envío, detallar:</label>
                                A otra CCAA española            </li>
                    <li class="wpuf-field-data wpuf-field-data-radio_field">
                                    <label>Origen:</label>
                                Asociación            </li>
        <li><label>Fecha de publicación:</label> 04/03/2026 00:00</li>            <li class="wpuf-field-data wpuf-field-data-radio_field">
                                    <label>La mascota ha sido adoptada:</label>
                                NO            </li>
                    <li class="wpuf-field-data wpuf-field-data-email_address">
                                    <label>Dirección de correo:</label>
                                <a href="mailto:adopciones.huellas.serranas@gmail.com">adopciones.huellas.serranas@gmail.com</a>            </li>
                    <li class="wpuf-field-data wpuf-field-data-numeric_text_field">
                                    <label>Teléfono:</label>
                                672771011            </li>
        </ul>
