{"id":5130,"date":"2018-06-26T17:51:03","date_gmt":"2018-06-26T17:51:03","guid":{"rendered":"http:\/\/www.wallamascotas.com\/web3\/?post_type=product&#038;p=5130"},"modified":"2026-03-25T18:20:09","modified_gmt":"2026-03-25T18:20:09","slug":"elaya-1-mes-murcia","status":"publish","type":"product","link":"https:\/\/www.wallamascotas.com\/web3\/mascota\/elaya-1-mes-murcia\/","title":{"rendered":"ELAYA \u2013 1 MES"},"content":{"rendered":"<p><span style=\"color: #33cccc; font-size: 130%;\"><strong>ADOPTADA<\/strong><\/span><\/p>\n<p style=\"text-align: justify;\">ELAYA &#8211; RECOGIDA DE LA CALLE Y ABANDONADA DE NUEVO BUSCA UN HOGAR<\/p>\n<p style=\"text-align: justify;\">Elaya es una gatita que fue recogida de la calle por una persona y vuelta a \u00a0ser abandonada porque no pod\u00eda qued\u00e1rsela ni una noche hasta que le busc\u00e1ramos algo. La encontr\u00f3 otra familia, Sus \u00c1ngeles de la Guarda quienes se la quedaron a pesar de que su perra se puso hist\u00e9rica, pagaron la consulta veterinaria y ahora son sus padrinos y siguen el caso desde cerca.<\/p>\n<p style=\"text-align: justify;\">Elaya es muy activa y se esta recuperando se su par\u00e1lisis temporal. Se recuperar\u00e1 por completo, es cari\u00f1osa y tiene 1 mes.<\/p>\n<p style=\"text-align: justify;\">\u00bfQuieres adoptar a una gatita super especial?<br \/>\nElaya busca una familia que la mime y le ense\u00f1e lo que es la felicidad<\/p>\n","protected":false},"excerpt":{"rendered":"<p style=\"text-align: justify;\"><span style=\"color: #33cccc;\"><strong>ADOPTADA.<\/strong><\/span> Es muy activa y cari\u00f1osa<\/p>\n","protected":false},"featured_media":0,"template":"","meta":{"_acf_changed":false},"product_brand":[],"product_cat":[51,1000],"product_tag":[],"class_list":{"0":"post-5130","1":"product","2":"type-product","3":"status-publish","5":"product_cat-adoptados","6":"product_cat-adoptar-perro-gato-adoptar-mascota-es","7":"pa_chip-si","8":"pa_fecha_nacimiento-1-mes","9":"pa_fecha-alta-26-06-2018","10":"pa_origen-asociacion-gatos-abandonados-murcia","11":"pa_pais-espana","12":"pa_provincia-murcia","13":"pa_sexo-hembra","14":"pa_tamano-a","16":"first","17":"instock","18":"taxable","19":"shipping-taxable","20":"product-type-simple"},"acf":[],"_links":{"self":[{"href":"https:\/\/www.wallamascotas.com\/web3\/wp-json\/wp\/v2\/product\/5130","targetHints":{"allow":["GET"]}}],"collection":[{"href":"https:\/\/www.wallamascotas.com\/web3\/wp-json\/wp\/v2\/product"}],"about":[{"href":"https:\/\/www.wallamascotas.com\/web3\/wp-json\/wp\/v2\/types\/product"}],"wp:attachment":[{"href":"https:\/\/www.wallamascotas.com\/web3\/wp-json\/wp\/v2\/media?parent=5130"}],"wp:term":[{"taxonomy":"product_brand","embeddable":true,"href":"https:\/\/www.wallamascotas.com\/web3\/wp-json\/wp\/v2\/product_brand?post=5130"},{"taxonomy":"product_cat","embeddable":true,"href":"https:\/\/www.wallamascotas.com\/web3\/wp-json\/wp\/v2\/product_cat?post=5130"},{"taxonomy":"product_tag","embeddable":true,"href":"https:\/\/www.wallamascotas.com\/web3\/wp-json\/wp\/v2\/product_tag?post=5130"}],"curies":[{"name":"wp","href":"https:\/\/api.w.org\/{rel}","templated":true}]}}

<p><span style="color: #33cccc; font-size: 130%;"><strong>ADOPTADA</strong></span></p>
<p style="text-align: justify;">ELAYA &#8211; RECOGIDA DE LA CALLE Y ABANDONADA DE NUEVO BUSCA UN HOGAR</p>
<p style="text-align: justify;">Elaya es una gatita que fue recogida de la calle por una persona y vuelta a  ser abandonada porque no podía quedársela ni una noche hasta que le buscáramos algo. La encontró otra familia, Sus Ángeles de la Guarda quienes se la quedaron a pesar de que su perra se puso histérica, pagaron la consulta veterinaria y ahora son sus padrinos y siguen el caso desde cerca.</p>
<p style="text-align: justify;">Elaya es muy activa y se esta recuperando se su parálisis temporal. Se recuperará por completo, es cariñosa y tiene 1 mes.</p>
<p style="text-align: justify;">¿Quieres adoptar a una gatita super especial?<br />
Elaya busca una familia que la mime y le enseñe lo que es la felicidad</p>

<p style="text-align: justify;"><span style="color: #33cccc;"><strong>ADOPTADA.</strong></span> Es muy activa y cariñosa</p>
