{"id":51908,"date":"2026-04-10T19:31:08","date_gmt":"2026-04-10T19:31:08","guid":{"rendered":"https:\/\/www.wallamascotas.com\/web3\/?post_type=product&#038;p=51908"},"modified":"2026-04-10T19:31:09","modified_gmt":"2026-04-10T19:31:09","slug":"amber","status":"publish","type":"product","link":"https:\/\/www.wallamascotas.com\/web3\/mascota\/amber\/","title":{"rendered":"Amber"},"content":{"rendered":"<blockquote><p><a href=\"https:\/\/www.wallamascotas.com\/web3\/wp-content\/uploads\/2026\/04\/u10368-1000001736-scaled.jpg\"><img decoding=\"async\" class=\"attachment-thumbnail size-thumbnail\" src=\"https:\/\/www.wallamascotas.com\/web3\/wp-content\/uploads\/2026\/04\/u10368-1000001736-150x150.jpg\" alt=\"\" \/><\/a><\/p>\n<p>No es una venta, es una adopci\u00f3n. Ella es parte de la familia, pero por problemas de salud de los propietarios (alergias) no podemos quedarnos con ella.<\/p>\n<p><a href=\"https:\/\/www.wallamascotas.com\/web3\/wp-content\/uploads\/2026\/04\/u10368-1000001743-scaled.jpg\"><img decoding=\"async\" class=\"attachment-thumbnail size-thumbnail\" src=\"https:\/\/www.wallamascotas.com\/web3\/wp-content\/uploads\/2026\/04\/u10368-1000001743-150x150.jpg\" alt=\"\" \/><\/a><\/p>\n<p>Datos de la gatita:<\/p>\n<p>Edad: 72 d\u00edas (2 meses y medio)<\/p>\n<p>Raza: Europeo com\u00fan<\/p>\n<p><a href=\"https:\/\/www.wallamascotas.com\/web3\/wp-content\/uploads\/2026\/04\/u10368-1000001773-scaled.jpg\"><img decoding=\"async\" class=\"attachment-thumbnail size-thumbnail\" src=\"https:\/\/www.wallamascotas.com\/web3\/wp-content\/uploads\/2026\/04\/u10368-1000001773-150x150.jpg\" alt=\"\" \/><\/a><\/p>\n<p>Sexo: Hembra<\/p>\n<p>Vacunaci\u00f3n: Primera vacuna ya puesta (se entrega con su cartilla)<\/p>\n<p>Esterilizaci\u00f3n: A\u00fan no, es demasiado peque\u00f1a<\/p>\n<p>Salud: Perfecta, muy activa y fuerte<\/p>\n<p>Car\u00e1cter:Extremadamente sociable. No tiene miedo a desconocidos.<\/p>\n<p>Se adapta muy r\u00e1pido a cualquier entorno.<\/p>\n<p>Es muy juguetona y le encanta interactuar con personas.<\/p>\n<p><a href=\"https:\/\/www.wallamascotas.com\/web3\/wp-content\/uploads\/2026\/04\/u10368-1000001387-scaled.jpg\"><img decoding=\"async\" class=\"attachment-thumbnail size-thumbnail\" src=\"https:\/\/www.wallamascotas.com\/web3\/wp-content\/uploads\/2026\/04\/u10368-1000001387-150x150.jpg\" alt=\"\" \/><\/a><\/p>\n<p>Condiciones obligatorias:<\/p>\n<p>Mallas o protecciones en las ventanas<\/p>\n<p>Compromiso de enviar fotos de vez en cuando<\/p>\n<p>Compromiso de completar vacunaci\u00f3n y esterilizar cuando toque<\/p>\n<p>Contribuci\u00f3n de 30\u20ac para cubrir el coste de la primera vacuna (se entrega cartilla y comprobante). La gatita es completamente gratis.<\/p>\n<p><a href=\"https:\/\/www.wallamascotas.com\/web3\/wp-content\/uploads\/2026\/04\/u10368-1000002005-1.jpg\"><img decoding=\"async\" class=\"attachment-thumbnail size-thumbnail\" src=\"https:\/\/www.wallamascotas.com\/web3\/wp-content\/uploads\/2026\/04\/u10368-1000002005-1-150x150.jpg\" alt=\"\" \/><\/a><\/p>\n<p>Se entrega GRATIS con todo lo siguiente:<\/p>\n<p>Transport\u00edn<\/p>\n<p>Arenero<\/p>\n<p>Comedero y bebedero<\/p>\n<p>Pienso actual<\/p>\n<p>Ubicaci\u00f3n: Valencia<\/p>\n<p>Contacto: Mensaje privado. Solo personas responsables y comprometidas.<\/p>\n<p>Gracias. \ud83d\udc31<\/p>\n<p><a href=\"https:\/\/www.wallamascotas.com\/web3\/wp-content\/uploads\/2026\/04\/u10368-1000001312-scaled.jpg\"><img decoding=\"async\" class=\"attachment-thumbnail size-thumbnail\" src=\"https:\/\/www.wallamascotas.com\/web3\/wp-content\/uploads\/2026\/04\/u10368-1000001312-150x150.jpg\" alt=\"\" \/><\/a><\/p><\/blockquote>\n<ul class=\"wpuf_customs\">            <li class=\"wpuf-field-data wpuf-field-data-radio_field\">\n                                    <label>Tipo:<\/label>\n                                Gato            <\/li>\n                    <li class=\"wpuf-field-data wpuf-field-data-radio_field\">\n                                    <label>Es un perro:<\/label>\n                                Cari\u00f1oso            <\/li>\n                    <li class=\"wpuf-field-data wpuf-field-data-radio_field\">\n                                    <label>Amigable con perros:<\/label>\n                                Es amigo de tod@s            <\/li>\n                    <li class=\"wpuf-field-data wpuf-field-data-radio_field\">\n                                    <label>Con personas extra\u00f1as:<\/label>\n                                Amigable            <\/li>\n                    <li class=\"wpuf-field-data wpuf-field-data-radio_field\">\n                                    <label>Ladrador:<\/label>\n                                Calladito            <\/li>\n                    <li class=\"wpuf-field-data wpuf-field-data-radio_field\">\n                                    <label>Necesita licencia PPP:<\/label>\n                                NO            <\/li>\n                    <li class=\"wpuf-field-data wpuf-field-data-checkbox_field\">\n                                    <label>Enfermedades:<\/label>\n                                Ninguna            <\/li>\n                    <li class=\"wpuf-field-data wpuf-field-data-checkbox_field\">\n                                    <label>Se entrega:<\/label>\n                                Vacunado | Solo la mascota sin paso previo por veterinario            <\/li>\n                    <li class=\"wpuf-field-data wpuf-field-data-checkbox_field\">\n                                    <label>M\u00e1s informaci\u00f3n:<\/label>\n                                Bueno con perros | Bueno con gatos | Bueno con ni\u00f1os | Bueno en casa | Bueno en el coche            <\/li>\n                    <li class=\"wpuf-field-data wpuf-field-data-radio_field\">\n                                    <label>Se env\u00eda la mascota:<\/label>\n                                NO            <\/li>\n                    <li class=\"wpuf-field-data wpuf-field-data-radio_field\">\n                                    <label>Origen:<\/label>\n                                Particular            <\/li>\n        <li><label>Fecha de publicaci\u00f3n:<\/label> 27\/01\/2026 14:44<\/li>            <li class=\"wpuf-field-data wpuf-field-data-radio_field\">\n                                    <label>La mascota ha sido adoptada:<\/label>\n                                NO            <\/li>\n                    <li class=\"wpuf-field-data wpuf-field-data-email_address\">\n                                    <label>Direcci\u00f3n de correo:<\/label>\n                                <a href=\"mailto:lunazeng06@gmail.com\">lunazeng06@gmail.com<\/a>            <\/li>\n                    <li class=\"wpuf-field-data wpuf-field-data-numeric_text_field\">\n                                    <label>Tel\u00e9fono:<\/label>\n                                722448368            <\/li>\n        <\/ul>","protected":false},"excerpt":{"rendered":"<p>No es una venta, es una adopci\u00f3n. Ella es parte de la familia, pero por problemas de salud de los propietarios (alergias) no podemos quedarnos con ella. Datos de la gatita: Edad: 72 d\u00edas (2 meses y medio) Raza: Europeo com\u00fan Sexo: Hembra Vacunaci\u00f3n: Primera vacuna ya puesta (se entrega con su cartilla) Esterilizaci\u00f3n: A\u00fan [&#8230;]\n","protected":false},"featured_media":51904,"template":"","meta":{"_acf_changed":false},"product_brand":[],"product_cat":[16,1000],"product_tag":[],"class_list":{"0":"post-51908","1":"product","2":"type-product","3":"status-publish","4":"has-post-thumbnail","6":"product_cat-adoptargato","7":"product_cat-adoptar-perro-gato-adoptar-mascota-es","8":"pa_edad-a","9":"pa_fecha-nacimiento-ano-3537","10":"pa_fecha-nacimiento-mes-02-febrero","11":"pa_provincia-valencia","12":"pa_raza-gato-comun-europeo","13":"pa_sexo-hembra","14":"pa_tamano-b","16":"first","17":"instock","18":"taxable","19":"shipping-taxable","20":"product-type-simple"},"acf":[],"_links":{"self":[{"href":"https:\/\/www.wallamascotas.com\/web3\/wp-json\/wp\/v2\/product\/51908","targetHints":{"allow":["GET"]}}],"collection":[{"href":"https:\/\/www.wallamascotas.com\/web3\/wp-json\/wp\/v2\/product"}],"about":[{"href":"https:\/\/www.wallamascotas.com\/web3\/wp-json\/wp\/v2\/types\/product"}],"wp:featuredmedia":[{"embeddable":true,"href":"https:\/\/www.wallamascotas.com\/web3\/wp-json\/wp\/v2\/media\/51904"}],"wp:attachment":[{"href":"https:\/\/www.wallamascotas.com\/web3\/wp-json\/wp\/v2\/media?parent=51908"}],"wp:term":[{"taxonomy":"product_brand","embeddable":true,"href":"https:\/\/www.wallamascotas.com\/web3\/wp-json\/wp\/v2\/product_brand?post=51908"},{"taxonomy":"product_cat","embeddable":true,"href":"https:\/\/www.wallamascotas.com\/web3\/wp-json\/wp\/v2\/product_cat?post=51908"},{"taxonomy":"product_tag","embeddable":true,"href":"https:\/\/www.wallamascotas.com\/web3\/wp-json\/wp\/v2\/product_tag?post=51908"}],"curies":[{"name":"wp","href":"https:\/\/api.w.org\/{rel}","templated":true}]}}