{"id":52039,"date":"2026-04-15T08:00:30","date_gmt":"2026-04-15T08:00:30","guid":{"rendered":"https:\/\/www.wallamascotas.com\/web3\/?post_type=product&#038;p=52039"},"modified":"2026-04-15T08:00:32","modified_gmt":"2026-04-15T08:00:32","slug":"gato-callejero","status":"publish","type":"product","link":"https:\/\/www.wallamascotas.com\/web3\/mascota\/gato-callejero\/","title":{"rendered":"Gato callejero"},"content":{"rendered":"<p>Me he encontrado este gatito\u00a0 en Santiago de Alc\u00e1ntara (C\u00e1ceres). Es macho y tiene unos 3-4 meses. Vive en la calle, \u00a1pero es supercari\u00f1oso! Se va con el primer que ve y enseguida te ense\u00f1a la tripa, se restriega y pone su patita en tu mano. Aparentemente est\u00e1 sano, se le ve bastante activo.<\/p>\n<p>Me preocupa mucho porque vive entre coches. Se suele esconder debajo de ellos. Adem\u00e1s, su madre va y viene y no parece hacerle mucho caso.<\/p>\n<p>Yo no me lo puedo quedar porque ya tengo cuatro gatos adultos y estoy haciendo un gran esfuerzo por mantenerlos.<\/p>\n<p>Ojal\u00e1 encuentre a alguien porque se lo merece, es todo amor.<\/p>\n<p>Si est\u00e1s interesado o tienes cualquier duda, ponte en contacto conmigo, te atender\u00e9 encantada.<\/p>\n<p style=\"text-align: right;\"><a href=\"https:\/\/www.wallamascotas.com\/web3\/wp-content\/uploads\/2026\/04\/u1157-1000128982-2-scaled.jpg\"><img decoding=\"async\" class=\"attachment-thumbnail size-thumbnail alignleft\" src=\"https:\/\/www.wallamascotas.com\/web3\/wp-content\/uploads\/2026\/04\/u1157-1000128982-2-150x150.jpg\" alt=\"\" \/><\/a><a href=\"https:\/\/www.wallamascotas.com\/web3\/wp-content\/uploads\/2026\/04\/u1157-1000128984-2-scaled.jpg\"><img decoding=\"async\" class=\"attachment-thumbnail size-thumbnail alignleft\" src=\"https:\/\/www.wallamascotas.com\/web3\/wp-content\/uploads\/2026\/04\/u1157-1000128984-2-150x150.jpg\" alt=\"\" \/><\/a><a href=\"https:\/\/www.wallamascotas.com\/web3\/wp-content\/uploads\/2026\/04\/u1157-1000128986-scaled.jpg\"><img decoding=\"async\" class=\"attachment-thumbnail size-thumbnail alignleft\" src=\"https:\/\/www.wallamascotas.com\/web3\/wp-content\/uploads\/2026\/04\/u1157-1000128986-150x150.jpg\" alt=\"\" \/><\/a><a href=\"https:\/\/www.wallamascotas.com\/web3\/wp-content\/uploads\/2026\/04\/u1157-1000128994-scaled.jpg\"><img decoding=\"async\" class=\"attachment-thumbnail size-thumbnail alignleft\" src=\"https:\/\/www.wallamascotas.com\/web3\/wp-content\/uploads\/2026\/04\/u1157-1000128994-150x150.jpg\" alt=\"\" \/><\/a><\/p>\n<ul class=\"wpuf_customs\">            <li class=\"wpuf-field-data wpuf-field-data-radio_field\">\n                                    <label>Tipo:<\/label>\n                                Gato            <\/li>\n                    <li class=\"wpuf-field-data wpuf-field-data-radio_field\">\n                                    <label>Es un perro:<\/label>\n                                Cari\u00f1oso            <\/li>\n                    <li class=\"wpuf-field-data wpuf-field-data-radio_field\">\n                                    <label>Amigable con perros:<\/label>\n                                Es amigo de tod@s            <\/li>\n                    <li class=\"wpuf-field-data wpuf-field-data-radio_field\">\n                                    <label>Con personas extra\u00f1as:<\/label>\n                                Amigable            <\/li>\n                    <li class=\"wpuf-field-data wpuf-field-data-radio_field\">\n                                    <label>Ladrador:<\/label>\n                                Desconocido            <\/li>\n                    <li class=\"wpuf-field-data wpuf-field-data-radio_field\">\n                                    <label>Necesita licencia PPP:<\/label>\n                                NO            <\/li>\n                    <li class=\"wpuf-field-data wpuf-field-data-checkbox_field\">\n                                    <label>Enfermedades:<\/label>\n                                Ninguna            <\/li>\n                    <li class=\"wpuf-field-data wpuf-field-data-checkbox_field\">\n                                    <label>Se entrega:<\/label>\n                                Solo la mascota sin paso previo por veterinario            <\/li>\n                    <li class=\"wpuf-field-data wpuf-field-data-checkbox_field\">\n                                    <label>M\u00e1s informaci\u00f3n:<\/label>\n                                Bueno con gatos | Bueno con ni\u00f1os            <\/li>\n                    <li class=\"wpuf-field-data wpuf-field-data-radio_field\">\n                                    <label>Se env\u00eda la mascota:<\/label>\n                                NO            <\/li>\n                    <li class=\"wpuf-field-data wpuf-field-data-radio_field\">\n                                    <label>Origen:<\/label>\n                                Particular            <\/li>\n        <li><label>Fecha de publicaci\u00f3n:<\/label> 14\/04\/2026 21:00<\/li>            <li class=\"wpuf-field-data wpuf-field-data-radio_field\">\n                                    <label>La mascota ha sido adoptada:<\/label>\n                                NO            <\/li>\n                    <li class=\"wpuf-field-data wpuf-field-data-email_address\">\n                                    <label>Direcci\u00f3n de correo:<\/label>\n                                <a href=\"mailto:nataliaromo_111@hotmail.com\">nataliaromo_111@hotmail.com<\/a>            <\/li>\n                    <li class=\"wpuf-field-data wpuf-field-data-numeric_text_field\">\n                                    <label>Tel\u00e9fono:<\/label>\n                                671396802            <\/li>\n        <\/ul>","protected":false},"excerpt":{"rendered":"<p>Me he encontrado este gatito\u00a0 en Santiago de Alc\u00e1ntara (C\u00e1ceres). Es macho y tiene unos 3-4 meses. Vive en la calle, \u00a1pero es supercari\u00f1oso! Se va con el primer que ve y enseguida te ense\u00f1a la tripa, se restriega y pone su patita en tu mano. Aparentemente est\u00e1 sano, se le ve bastante activo. Me [&#8230;]\n","protected":false},"featured_media":52030,"template":"","meta":{"_acf_changed":false},"product_brand":[],"product_cat":[16,1000],"product_tag":[],"class_list":{"0":"post-52039","1":"product","2":"type-product","3":"status-publish","4":"has-post-thumbnail","6":"product_cat-adoptargato","7":"product_cat-adoptar-perro-gato-adoptar-mascota-es","8":"pa_edad-a","9":"pa_fecha-nacimiento-ano-3537","10":"pa_fecha-nacimiento-mes-01-enero","11":"pa_provincia-caceres","12":"pa_raza-gato-comun","13":"pa_sexo-macho","14":"pa_tamano-c","16":"first","17":"instock","18":"taxable","19":"shipping-taxable","20":"product-type-simple"},"acf":[],"_links":{"self":[{"href":"https:\/\/www.wallamascotas.com\/web3\/wp-json\/wp\/v2\/product\/52039","targetHints":{"allow":["GET"]}}],"collection":[{"href":"https:\/\/www.wallamascotas.com\/web3\/wp-json\/wp\/v2\/product"}],"about":[{"href":"https:\/\/www.wallamascotas.com\/web3\/wp-json\/wp\/v2\/types\/product"}],"wp:featuredmedia":[{"embeddable":true,"href":"https:\/\/www.wallamascotas.com\/web3\/wp-json\/wp\/v2\/media\/52030"}],"wp:attachment":[{"href":"https:\/\/www.wallamascotas.com\/web3\/wp-json\/wp\/v2\/media?parent=52039"}],"wp:term":[{"taxonomy":"product_brand","embeddable":true,"href":"https:\/\/www.wallamascotas.com\/web3\/wp-json\/wp\/v2\/product_brand?post=52039"},{"taxonomy":"product_cat","embeddable":true,"href":"https:\/\/www.wallamascotas.com\/web3\/wp-json\/wp\/v2\/product_cat?post=52039"},{"taxonomy":"product_tag","embeddable":true,"href":"https:\/\/www.wallamascotas.com\/web3\/wp-json\/wp\/v2\/product_tag?post=52039"}],"curies":[{"name":"wp","href":"https:\/\/api.w.org\/{rel}","templated":true}]}}

<p>Me he encontrado este gatito  en Santiago de Alcántara (Cáceres). Es macho y tiene unos 3-4 meses. Vive en la calle, ¡pero es supercariñoso! Se va con el primer que ve y enseguida te enseña la tripa, se restriega y pone su patita en tu mano. Aparentemente está sano, se le ve bastante activo.</p>
<p>Me preocupa mucho porque vive entre coches. Se suele esconder debajo de ellos. Además, su madre va y viene y no parece hacerle mucho caso.</p>
<p>Yo no me lo puedo quedar porque ya tengo cuatro gatos adultos y estoy haciendo un gran esfuerzo por mantenerlos.</p>
<p>Ojalá encuentre a alguien porque se lo merece, es todo amor.</p>
<p>Si estás interesado o tienes cualquier duda, ponte en contacto conmigo, te atenderé encantada.</p>
<p style="text-align: right;"><a href="https://www.wallamascotas.com/web3/wp-content/uploads/2026/04/u1157-1000128982-2-scaled.jpg"><img decoding="async" class="attachment-thumbnail size-thumbnail alignleft" src="https://www.wallamascotas.com/web3/wp-content/uploads/2026/04/u1157-1000128982-2-150x150.jpg" alt="" /></a><a href="https://www.wallamascotas.com/web3/wp-content/uploads/2026/04/u1157-1000128984-2-scaled.jpg"><img decoding="async" class="attachment-thumbnail size-thumbnail alignleft" src="https://www.wallamascotas.com/web3/wp-content/uploads/2026/04/u1157-1000128984-2-150x150.jpg" alt="" /></a><a href="https://www.wallamascotas.com/web3/wp-content/uploads/2026/04/u1157-1000128986-scaled.jpg"><img decoding="async" class="attachment-thumbnail size-thumbnail alignleft" src="https://www.wallamascotas.com/web3/wp-content/uploads/2026/04/u1157-1000128986-150x150.jpg" alt="" /></a><a href="https://www.wallamascotas.com/web3/wp-content/uploads/2026/04/u1157-1000128994-scaled.jpg"><img decoding="async" class="attachment-thumbnail size-thumbnail alignleft" src="https://www.wallamascotas.com/web3/wp-content/uploads/2026/04/u1157-1000128994-150x150.jpg" alt="" /></a></p>
<ul class="wpuf_customs">            <li class="wpuf-field-data wpuf-field-data-radio_field">
                                    <label>Tipo:</label>
                                Gato            </li>
                    <li class="wpuf-field-data wpuf-field-data-radio_field">
                                    <label>Es un perro:</label>
                                Cariñoso            </li>
                    <li class="wpuf-field-data wpuf-field-data-radio_field">
                                    <label>Amigable con perros:</label>
                                Es amigo de tod@s            </li>
                    <li class="wpuf-field-data wpuf-field-data-radio_field">
                                    <label>Con personas extrañas:</label>
                                Amigable            </li>
                    <li class="wpuf-field-data wpuf-field-data-radio_field">
                                    <label>Ladrador:</label>
                                Desconocido            </li>
                    <li class="wpuf-field-data wpuf-field-data-radio_field">
                                    <label>Necesita licencia PPP:</label>
                                NO            </li>
                    <li class="wpuf-field-data wpuf-field-data-checkbox_field">
                                    <label>Enfermedades:</label>
                                Ninguna            </li>
                    <li class="wpuf-field-data wpuf-field-data-checkbox_field">
                                    <label>Se entrega:</label>
                                Solo la mascota sin paso previo por veterinario            </li>
                    <li class="wpuf-field-data wpuf-field-data-checkbox_field">
                                    <label>Más información:</label>
                                Bueno con gatos | Bueno con niños            </li>
                    <li class="wpuf-field-data wpuf-field-data-radio_field">
                                    <label>Se envía la mascota:</label>
                                NO            </li>
                    <li class="wpuf-field-data wpuf-field-data-radio_field">
                                    <label>Origen:</label>
                                Particular            </li>
        <li><label>Fecha de publicación:</label> 14/04/2026 21:00</li>            <li class="wpuf-field-data wpuf-field-data-radio_field">
                                    <label>La mascota ha sido adoptada:</label>
                                NO            </li>
                    <li class="wpuf-field-data wpuf-field-data-email_address">
                                    <label>Dirección de correo:</label>
                                <a href="mailto:nataliaromo_111@hotmail.com">nataliaromo_111@hotmail.com</a>            </li>
                    <li class="wpuf-field-data wpuf-field-data-numeric_text_field">
                                    <label>Teléfono:</label>
                                671396802            </li>
        </ul>

<p>Me he encontrado este gatito  en Santiago de Alcántara (Cáceres). Es macho y tiene unos 3-4 meses. Vive en la calle, ¡pero es supercariñoso! Se va con el primer que ve y enseguida te enseña la tripa, se restriega y pone su patita en tu mano. Aparentemente está sano, se le ve bastante activo. Me [&#8230;]
