{"id":52065,"date":"2026-04-16T07:08:33","date_gmt":"2026-04-16T07:08:33","guid":{"rendered":"https:\/\/www.wallamascotas.com\/web3\/?post_type=product&#038;p=52065"},"modified":"2026-04-16T07:08:34","modified_gmt":"2026-04-16T07:08:34","slug":"tini","status":"publish","type":"product","link":"https:\/\/www.wallamascotas.com\/web3\/mascota\/tini\/","title":{"rendered":"Tini"},"content":{"rendered":"<p>TINI \ud83d\udc94<\/p>\n<p>No tenemos palabras. \u00bfOs acord\u00e1is de los 7 cachorritos bajo la tormenta con su mami en plena alerta naranja??<br \/>\nNos llevamos a 5 de los beb\u00e9s. Dos se quedaron con la \u201crescatista\u201d, una para ella, y otra para un amigo de ellos\u2026<br \/>\nEvidentemente no pasaron ning\u00fan cuestionario ni contrato ya que los ten\u00edan antes de pasar por nuestra manos.<\/p>\n<p>Nuestros 5 salieron s\u00faper r\u00e1pido con familias maravillosas, gracias de nuevo a \u00c1lvaro, Vanessa y Minerva.<\/p>\n<p>Al mes nos escribe esta chica, que el amigo ya no quer\u00eda a la perra y que si pod\u00edamos hacernos cargo. Una perra ya con un mes m\u00e1s, sabemos c\u00f3mo es la gente, que solo quiere beb\u00e9s lo m\u00e1s peque\u00f1os posible. Habi\u00e9ndola tenido un mes m\u00e1s, le hab\u00edan quitado muchas oportunidades de adopci\u00f3n\u2026 adem\u00e1s, nos encontramos una cachorra que vomitaba paja y con much\u00edsimo miedo que tardamos semanas en quitarle. A\u00fan as\u00ed encontramos una familia maravillosa en Madrid que la adopt\u00f3. Gracias Beatriz \ud83e\ude77<\/p>\n<p>Pues hoy, OTRO mes despu\u00e9s, nos escribe que la que quedaba, la que se quedaban ellos, se escapa y que nos la dan. \ud83d\ude2d<\/p>\n<p>Sinceramente, para que la tengan en un campo, prefiero que nos la traigan, a\u00fan que tenga miedo, no sea sociable,. Nos da igual. Va a tardar nada y menos en volver a confiar como sus hermanos!! Nos ocuparemos de ello\u2026<\/p>\n<p>Tiene 3 meses y medio y necesitar\u00e1 una casa de adopci\u00f3n cuanto antes, que no siga sufriendo no tener un hogar de VERDAD.<\/p>\n<p>Con ella \u201cacaba\u201d todo. Y por fin podemos decir que hemos puesto a todos a salvo.<br \/>\nComo veis, es una preciosidad.<\/p>\n<p>Sus hermanos cada vez se parecen m\u00e1s a un pastor alem\u00e1n\/malinois. Es una cachorrita que necesitar\u00e1 ejercicio \ud83e\ude77<\/p>\n<p>NO la entregamos para guardar ning\u00fan campo!! No vamos a permitir que vuelva a condenarse a una situaci\u00f3n as\u00ed.<\/p>\n<p>La foto es de hace un mes<\/p>\n<p>\u2e3b<\/p>\n<p>\ud83d\udc3e \u00bfQuieres adoptar?<\/p>\n<p>Si est\u00e1s pensando en darles un hogar, escr\u00edbenos por privado o rellena nuestro formulario de adopci\u00f3n \ud83d\udcdd<\/p>\n<p>\ud83d\udc8c \u00bfNo puedes adoptar pero quieres ayudar?<\/p>\n<p>Difundir tambi\u00e9n salva vidas \ud83d\udcf2<\/p>\n<p>\ud83d\udcb3 C\u00f3mo ayudar<br \/>\n\u2022 Donaciones: +34 711 21 94 30<br \/>\n\u2022 Materiales: pienso, comida h\u00fameda, mantas, empapadores, transportines\u2026<br \/>\n\u2022 Voluntariado y casas de acogida \ud83c\udfe1<\/p>\n<p>Gracias por mirar con el coraz\u00f3n \ud83d\udc95<\/p>\n<p>#ayuda #gato #cat #espa\u00f1a #ciudadreal<\/p>\n<ul class=\"wpuf_customs\">            <li class=\"wpuf-field-data wpuf-field-data-radio_field\">\n                                    <label>Tipo:<\/label>\n                                Perro            <\/li>\n                    <li class=\"wpuf-field-data wpuf-field-data-radio_field\">\n                                    <label>Es un perro:<\/label>\n                                Cari\u00f1oso            <\/li>\n                    <li class=\"wpuf-field-data wpuf-field-data-radio_field\">\n                                    <label>Amigable con perros:<\/label>\n                                Es amigo de tod@s            <\/li>\n                    <li class=\"wpuf-field-data wpuf-field-data-radio_field\">\n                                    <label>Con personas extra\u00f1as:<\/label>\n                                Amigable            <\/li>\n                    <li class=\"wpuf-field-data wpuf-field-data-radio_field\">\n                                    <label>Ladrador:<\/label>\n                                Calladito            <\/li>\n                    <li class=\"wpuf-field-data wpuf-field-data-radio_field\">\n                                    <label>Necesita licencia PPP:<\/label>\n                                NO            <\/li>\n                    <li class=\"wpuf-field-data wpuf-field-data-checkbox_field\">\n                                    <label>Enfermedades:<\/label>\n                                Ninguna            <\/li>\n                    <li class=\"wpuf-field-data wpuf-field-data-checkbox_field\">\n                                    <label>Se entrega:<\/label>\n                                Con cartilla sanitaria            <\/li>\n                    <li class=\"wpuf-field-data wpuf-field-data-checkbox_field\">\n                                    <label>M\u00e1s informaci\u00f3n:<\/label>\n                                Bueno con perros | Bueno con gatos | Bueno con ni\u00f1os | Bueno en casa | Bueno en el coche | Le gusta pasear            <\/li>\n                    <li class=\"wpuf-field-data wpuf-field-data-radio_field\">\n                                    <label>Se env\u00eda la mascota:<\/label>\n                                SI            <\/li>\n                    <li class=\"wpuf-field-data wpuf-field-data-radio_field\">\n                                    <label>En caso de env\u00edo, detallar:<\/label>\n                                A otra CCAA espa\u00f1ola            <\/li>\n                    <li class=\"wpuf-field-data wpuf-field-data-radio_field\">\n                                    <label>Origen:<\/label>\n                                Asociaci\u00f3n            <\/li>\n        <li><label>Fecha de publicaci\u00f3n:<\/label> 16\/04\/2026 01:25<\/li>            <li class=\"wpuf-field-data wpuf-field-data-radio_field\">\n                                    <label>La mascota ha sido adoptada:<\/label>\n                                NO            <\/li>\n                    <li class=\"wpuf-field-data wpuf-field-data-email_address\">\n                                    <label>Direcci\u00f3n de correo:<\/label>\n                                <a href=\"mailto:Katzenreichcats@outlook.com\">Katzenreichcats@outlook.com<\/a>            <\/li>\n                    <li class=\"wpuf-field-data wpuf-field-data-numeric_text_field\">\n                                    <label>Tel\u00e9fono:<\/label>\n                                711219430            <\/li>\n        <\/ul>","protected":false},"excerpt":{"rendered":"<p>TINI \ud83d\udc94 No tenemos palabras. \u00bfOs acord\u00e1is de los 7 cachorritos bajo la tormenta con su mami en plena alerta naranja?? Nos llevamos a 5 de los beb\u00e9s. Dos se quedaron con la \u201crescatista\u201d, una para ella, y otra para un amigo de ellos\u2026 Evidentemente no pasaron ning\u00fan cuestionario ni contrato ya que los ten\u00edan [&#8230;]\n","protected":false},"featured_media":52064,"template":"","meta":{"_acf_changed":false},"product_brand":[],"product_cat":[15,1000],"product_tag":[],"class_list":{"0":"post-52065","1":"product","2":"type-product","3":"status-publish","4":"has-post-thumbnail","6":"product_cat-adoptar_perro_adoptar_mascota","7":"product_cat-adoptar-perro-gato-adoptar-mascota-es","8":"pa_edad-a","9":"pa_fecha-nacimiento-ano-3537","10":"pa_fecha-nacimiento-mes-01-enero","11":"pa_origen-katzenreich","12":"pa_provincia-ciudad-real","13":"pa_raza-mestizo-pastor-aleman","14":"pa_sexo-hembra","15":"pa_tamano-c","17":"first","18":"instock","19":"taxable","20":"shipping-taxable","21":"product-type-simple"},"acf":[],"_links":{"self":[{"href":"https:\/\/www.wallamascotas.com\/web3\/wp-json\/wp\/v2\/product\/52065","targetHints":{"allow":["GET"]}}],"collection":[{"href":"https:\/\/www.wallamascotas.com\/web3\/wp-json\/wp\/v2\/product"}],"about":[{"href":"https:\/\/www.wallamascotas.com\/web3\/wp-json\/wp\/v2\/types\/product"}],"wp:featuredmedia":[{"embeddable":true,"href":"https:\/\/www.wallamascotas.com\/web3\/wp-json\/wp\/v2\/media\/52064"}],"wp:attachment":[{"href":"https:\/\/www.wallamascotas.com\/web3\/wp-json\/wp\/v2\/media?parent=52065"}],"wp:term":[{"taxonomy":"product_brand","embeddable":true,"href":"https:\/\/www.wallamascotas.com\/web3\/wp-json\/wp\/v2\/product_brand?post=52065"},{"taxonomy":"product_cat","embeddable":true,"href":"https:\/\/www.wallamascotas.com\/web3\/wp-json\/wp\/v2\/product_cat?post=52065"},{"taxonomy":"product_tag","embeddable":true,"href":"https:\/\/www.wallamascotas.com\/web3\/wp-json\/wp\/v2\/product_tag?post=52065"}],"curies":[{"name":"wp","href":"https:\/\/api.w.org\/{rel}","templated":true}]}}

<p>TINI 💔</p>
<p>No tenemos palabras. ¿Os acordáis de los 7 cachorritos bajo la tormenta con su mami en plena alerta naranja??<br />
Nos llevamos a 5 de los bebés. Dos se quedaron con la “rescatista”, una para ella, y otra para un amigo de ellos…<br />
Evidentemente no pasaron ningún cuestionario ni contrato ya que los tenían antes de pasar por nuestra manos.</p>
<p>Nuestros 5 salieron súper rápido con familias maravillosas, gracias de nuevo a Álvaro, Vanessa y Minerva.</p>
<p>Al mes nos escribe esta chica, que el amigo ya no quería a la perra y que si podíamos hacernos cargo. Una perra ya con un mes más, sabemos cómo es la gente, que solo quiere bebés lo más pequeños posible. Habiéndola tenido un mes más, le habían quitado muchas oportunidades de adopción… además, nos encontramos una cachorra que vomitaba paja y con muchísimo miedo que tardamos semanas en quitarle. Aún así encontramos una familia maravillosa en Madrid que la adoptó. Gracias Beatriz 🩷</p>
<p>Pues hoy, OTRO mes después, nos escribe que la que quedaba, la que se quedaban ellos, se escapa y que nos la dan. 😭</p>
<p>Sinceramente, para que la tengan en un campo, prefiero que nos la traigan, aún que tenga miedo, no sea sociable,. Nos da igual. Va a tardar nada y menos en volver a confiar como sus hermanos!! Nos ocuparemos de ello…</p>
<p>Tiene 3 meses y medio y necesitará una casa de adopción cuanto antes, que no siga sufriendo no tener un hogar de VERDAD.</p>
<p>Con ella “acaba” todo. Y por fin podemos decir que hemos puesto a todos a salvo.<br />
Como veis, es una preciosidad.</p>
<p>Sus hermanos cada vez se parecen más a un pastor alemán/malinois. Es una cachorrita que necesitará ejercicio 🩷</p>
<p>NO la entregamos para guardar ningún campo!! No vamos a permitir que vuelva a condenarse a una situación así.</p>
<p>La foto es de hace un mes</p>
<p>⸻</p>
<p>🐾 ¿Quieres adoptar?</p>
<p>Si estás pensando en darles un hogar, escríbenos por privado o rellena nuestro formulario de adopción 📝</p>
<p>💌 ¿No puedes adoptar pero quieres ayudar?</p>
<p>Difundir también salva vidas 📲</p>
<p>💳 Cómo ayudar<br />
• Donaciones: +34 711 21 94 30<br />
• Materiales: pienso, comida húmeda, mantas, empapadores, transportines…<br />
• Voluntariado y casas de acogida 🏡</p>
<p>Gracias por mirar con el corazón 💕</p>
<p>#ayuda #gato #cat #españa #ciudadreal</p>
<ul class="wpuf_customs">            <li class="wpuf-field-data wpuf-field-data-radio_field">
                                    <label>Tipo:</label>
                                Perro            </li>
                    <li class="wpuf-field-data wpuf-field-data-radio_field">
                                    <label>Es un perro:</label>
                                Cariñoso            </li>
                    <li class="wpuf-field-data wpuf-field-data-radio_field">
                                    <label>Amigable con perros:</label>
                                Es amigo de tod@s            </li>
                    <li class="wpuf-field-data wpuf-field-data-radio_field">
                                    <label>Con personas extrañas:</label>
                                Amigable            </li>
                    <li class="wpuf-field-data wpuf-field-data-radio_field">
                                    <label>Ladrador:</label>
                                Calladito            </li>
                    <li class="wpuf-field-data wpuf-field-data-radio_field">
                                    <label>Necesita licencia PPP:</label>
                                NO            </li>
                    <li class="wpuf-field-data wpuf-field-data-checkbox_field">
                                    <label>Enfermedades:</label>
                                Ninguna            </li>
                    <li class="wpuf-field-data wpuf-field-data-checkbox_field">
                                    <label>Se entrega:</label>
                                Con cartilla sanitaria            </li>
                    <li class="wpuf-field-data wpuf-field-data-checkbox_field">
                                    <label>Más información:</label>
                                Bueno con perros | Bueno con gatos | Bueno con niños | Bueno en casa | Bueno en el coche | Le gusta pasear            </li>
                    <li class="wpuf-field-data wpuf-field-data-radio_field">
                                    <label>Se envía la mascota:</label>
                                SI            </li>
                    <li class="wpuf-field-data wpuf-field-data-radio_field">
                                    <label>En caso de envío, detallar:</label>
                                A otra CCAA española            </li>
                    <li class="wpuf-field-data wpuf-field-data-radio_field">
                                    <label>Origen:</label>
                                Asociación            </li>
        <li><label>Fecha de publicación:</label> 16/04/2026 01:25</li>            <li class="wpuf-field-data wpuf-field-data-radio_field">
                                    <label>La mascota ha sido adoptada:</label>
                                NO            </li>
                    <li class="wpuf-field-data wpuf-field-data-email_address">
                                    <label>Dirección de correo:</label>
                                <a href="mailto:Katzenreichcats@outlook.com">Katzenreichcats@outlook.com</a>            </li>
                    <li class="wpuf-field-data wpuf-field-data-numeric_text_field">
                                    <label>Teléfono:</label>
                                711219430            </li>
        </ul>

<p>TINI 💔 No tenemos palabras. ¿Os acordáis de los 7 cachorritos bajo la tormenta con su mami en plena alerta naranja?? Nos llevamos a 5 de los bebés. Dos se quedaron con la “rescatista”, una para ella, y otra para un amigo de ellos… Evidentemente no pasaron ningún cuestionario ni contrato ya que los tenían [&#8230;]
