{"id":52112,"date":"2026-04-19T08:28:53","date_gmt":"2026-04-19T08:28:53","guid":{"rendered":"https:\/\/www.wallamascotas.com\/web3\/?post_type=product&#038;p=52112"},"modified":"2026-04-19T08:28:54","modified_gmt":"2026-04-19T08:28:54","slug":"pecas","status":"publish","type":"product","link":"https:\/\/www.wallamascotas.com\/web3\/mascota\/pecas\/","title":{"rendered":"PECAS"},"content":{"rendered":"<p><a href=\"http:\/\/chuchos-gr.org\/ficha-868\">http:\/\/chuchos-gr.org\/ficha-868<\/a><\/p>\n<p>Sexo: Hembra.<\/p>\n<p>Desde: 16-11-2025.<\/p>\n<p>Edad: 4 a\u00f1os y 7 meses.<\/p>\n<p>Fecha de nacimiento: 9\/2021.<\/p>\n<p>Raza: Mestizo.<\/p>\n<p>Tama\u00f1o: Mediano.<\/p>\n<p>Peso: 30 kg.; Altura: _ cm.<\/p>\n<p>Localidad: Aracena (Huelva):<\/p>\n<p>Situaci\u00f3n: Casa de acogida.<\/p>\n<p>Salud: Buena.<\/p>\n<p>Descripci\u00f3n.<\/p>\n<p>Esterilizado: S\u00ed.<\/p>\n<p>Chip: S\u00ed.<\/p>\n<p>Pasaporte: _<\/p>\n<p>Comportamiento con ni\u00f1os: Pendiente de probar.<\/p>\n<p>Comportamiento con gatos: Apto.<\/p>\n<p>Comportamiento con otros perros: Apto.<\/p>\n<p>Car\u00e1cter: Pecas es una espectacular sabuesa de cuatro a\u00f1os, que ha sido rescatada. Se lleva bien con otros perros y con gatos y, como dice su casa de acogida, es una perra adorable, noble y buena.<\/p>\n<p>Historia: Pecas no ha tenido una vida muy f\u00e1cil, ha sido propiedad de un cazador, ha tenido muchas camadas no deseadas y un trato indigno.<\/p>\n<p>Quieres saber m\u00e1s de Pecas?. Ver m\u00e1s fotos y v\u00eddeos?: 635.94.43.47 (s\u00f3lo mensajes de Whatsapp).<\/p>\n<p><a href=\"https:\/\/www.wallamascotas.com\/web3\/wp-content\/uploads\/2026\/04\/u16-a_8681775991618-1.jpg\"><img decoding=\"async\" class=\"attachment-thumbnail size-thumbnail\" src=\"https:\/\/www.wallamascotas.com\/web3\/wp-content\/uploads\/2026\/04\/u16-a_8681775991618-1-150x150.jpg\" alt=\"\" \/><\/a> <a href=\"https:\/\/www.wallamascotas.com\/web3\/wp-content\/uploads\/2026\/04\/u16-a_8681775991617.jpg\"><img decoding=\"async\" class=\"attachment-thumbnail size-thumbnail\" src=\"https:\/\/www.wallamascotas.com\/web3\/wp-content\/uploads\/2026\/04\/u16-a_8681775991617-150x150.jpg\" alt=\"\" \/><\/a><\/p>\n<ul class=\"wpuf_customs\">            <li class=\"wpuf-field-data wpuf-field-data-radio_field\">\n                                    <label>Tipo:<\/label>\n                                Perro            <\/li>\n                    <li class=\"wpuf-field-data wpuf-field-data-radio_field\">\n                                    <label>Es un perro:<\/label>\n                                Cari\u00f1oso            <\/li>\n                    <li class=\"wpuf-field-data wpuf-field-data-radio_field\">\n                                    <label>Amigable con perros:<\/label>\n                                Es amigo de tod@s            <\/li>\n                    <li class=\"wpuf-field-data wpuf-field-data-radio_field\">\n                                    <label>Con personas extra\u00f1as:<\/label>\n                                Amigable            <\/li>\n                    <li class=\"wpuf-field-data wpuf-field-data-radio_field\">\n                                    <label>Ladrador:<\/label>\n                                Desconocido            <\/li>\n                    <li class=\"wpuf-field-data wpuf-field-data-radio_field\">\n                                    <label>Necesita licencia PPP:<\/label>\n                                NO            <\/li>\n                    <li class=\"wpuf-field-data wpuf-field-data-checkbox_field\">\n                                    <label>Enfermedades:<\/label>\n                                Ninguna            <\/li>\n                    <li class=\"wpuf-field-data wpuf-field-data-checkbox_field\">\n                                    <label>Se entrega:<\/label>\n                                Con cartilla sanitaria | Vacunado | Esterilizado | Desparasitado | Microchip            <\/li>\n                    <li class=\"wpuf-field-data wpuf-field-data-checkbox_field\">\n                                    <label>M\u00e1s informaci\u00f3n:<\/label>\n                                Bueno con perros | Bueno con gatos | Bueno en casa | Le gusta pasear | Obediente            <\/li>\n                    <li class=\"wpuf-field-data wpuf-field-data-radio_field\">\n                                    <label>Se env\u00eda la mascota:<\/label>\n                                SI            <\/li>\n                    <li class=\"wpuf-field-data wpuf-field-data-radio_field\">\n                                    <label>En caso de env\u00edo, detallar:<\/label>\n                                A otra CCAA espa\u00f1ola            <\/li>\n                    <li class=\"wpuf-field-data wpuf-field-data-radio_field\">\n                                    <label>Origen:<\/label>\n                                Asociaci\u00f3n            <\/li>\n        <li><label>Fecha de publicaci\u00f3n:<\/label> 18\/04\/2026 17:35<\/li>            <li class=\"wpuf-field-data wpuf-field-data-radio_field\">\n                                    <label>La mascota ha sido adoptada:<\/label>\n                                NO            <\/li>\n                    <li class=\"wpuf-field-data wpuf-field-data-email_address\">\n                                    <label>Direcci\u00f3n de correo:<\/label>\n                                <a href=\"mailto:adopcionesladridosvagabundos@gmail.com\">adopcionesladridosvagabundos@gmail.com<\/a>            <\/li>\n        <\/ul>","protected":false},"excerpt":{"rendered":"<p>http:\/\/chuchos-gr.org\/ficha-868 Sexo: Hembra. Desde: 16-11-2025. Edad: 4 a\u00f1os y 7 meses. Fecha de nacimiento: 9\/2021. Raza: Mestizo. Tama\u00f1o: Mediano. Peso: 30 kg.; Altura: _ cm. Localidad: Aracena (Huelva): Situaci\u00f3n: Casa de acogida. Salud: Buena. Descripci\u00f3n. Esterilizado: S\u00ed. Chip: S\u00ed. Pasaporte: _ Comportamiento con ni\u00f1os: Pendiente de probar. Comportamiento con gatos: Apto. Comportamiento con otros perros: [&#8230;]\n","protected":false},"featured_media":52109,"template":"","meta":{"_acf_changed":false},"product_brand":[],"product_cat":[15,1000],"product_tag":[],"class_list":{"0":"post-52112","1":"product","2":"type-product","3":"status-publish","4":"has-post-thumbnail","6":"product_cat-adoptar_perro_adoptar_mascota","7":"product_cat-adoptar-perro-gato-adoptar-mascota-es","8":"pa_edad-b","9":"pa_fecha-nacimiento-ano-3443","10":"pa_fecha-nacimiento-mes-09-septiembre","11":"pa_origen-asociacion-ladridos-vagabundos","12":"pa_provincia-huelva","13":"pa_raza-mestizo","14":"pa_sexo-hembra","15":"pa_tamano-c","17":"first","18":"instock","19":"taxable","20":"shipping-taxable","21":"product-type-simple"},"acf":[],"_links":{"self":[{"href":"https:\/\/www.wallamascotas.com\/web3\/wp-json\/wp\/v2\/product\/52112","targetHints":{"allow":["GET"]}}],"collection":[{"href":"https:\/\/www.wallamascotas.com\/web3\/wp-json\/wp\/v2\/product"}],"about":[{"href":"https:\/\/www.wallamascotas.com\/web3\/wp-json\/wp\/v2\/types\/product"}],"wp:featuredmedia":[{"embeddable":true,"href":"https:\/\/www.wallamascotas.com\/web3\/wp-json\/wp\/v2\/media\/52109"}],"wp:attachment":[{"href":"https:\/\/www.wallamascotas.com\/web3\/wp-json\/wp\/v2\/media?parent=52112"}],"wp:term":[{"taxonomy":"product_brand","embeddable":true,"href":"https:\/\/www.wallamascotas.com\/web3\/wp-json\/wp\/v2\/product_brand?post=52112"},{"taxonomy":"product_cat","embeddable":true,"href":"https:\/\/www.wallamascotas.com\/web3\/wp-json\/wp\/v2\/product_cat?post=52112"},{"taxonomy":"product_tag","embeddable":true,"href":"https:\/\/www.wallamascotas.com\/web3\/wp-json\/wp\/v2\/product_tag?post=52112"}],"curies":[{"name":"wp","href":"https:\/\/api.w.org\/{rel}","templated":true}]}}

<p><a href="http://chuchos-gr.org/ficha-868">http://chuchos-gr.org/ficha-868</a></p>
<p>Sexo: Hembra.</p>
<p>Desde: 16-11-2025.</p>
<p>Edad: 4 años y 7 meses.</p>
<p>Fecha de nacimiento: 9/2021.</p>
<p>Raza: Mestizo.</p>
<p>Tamaño: Mediano.</p>
<p>Peso: 30 kg.; Altura: _ cm.</p>
<p>Localidad: Aracena (Huelva):</p>
<p>Situación: Casa de acogida.</p>
<p>Salud: Buena.</p>
<p>Descripción.</p>
<p>Esterilizado: Sí.</p>
<p>Chip: Sí.</p>
<p>Pasaporte: _</p>
<p>Comportamiento con niños: Pendiente de probar.</p>
<p>Comportamiento con gatos: Apto.</p>
<p>Comportamiento con otros perros: Apto.</p>
<p>Carácter: Pecas es una espectacular sabuesa de cuatro años, que ha sido rescatada. Se lleva bien con otros perros y con gatos y, como dice su casa de acogida, es una perra adorable, noble y buena.</p>
<p>Historia: Pecas no ha tenido una vida muy fácil, ha sido propiedad de un cazador, ha tenido muchas camadas no deseadas y un trato indigno.</p>
<p>Quieres saber más de Pecas?. Ver más fotos y vídeos?: 635.94.43.47 (sólo mensajes de Whatsapp).</p>
<p><a href="https://www.wallamascotas.com/web3/wp-content/uploads/2026/04/u16-a_8681775991618-1.jpg"><img decoding="async" class="attachment-thumbnail size-thumbnail" src="https://www.wallamascotas.com/web3/wp-content/uploads/2026/04/u16-a_8681775991618-1-150x150.jpg" alt="" /></a> <a href="https://www.wallamascotas.com/web3/wp-content/uploads/2026/04/u16-a_8681775991617.jpg"><img decoding="async" class="attachment-thumbnail size-thumbnail" src="https://www.wallamascotas.com/web3/wp-content/uploads/2026/04/u16-a_8681775991617-150x150.jpg" alt="" /></a></p>
<ul class="wpuf_customs">            <li class="wpuf-field-data wpuf-field-data-radio_field">
                                    <label>Tipo:</label>
                                Perro            </li>
                    <li class="wpuf-field-data wpuf-field-data-radio_field">
                                    <label>Es un perro:</label>
                                Cariñoso            </li>
                    <li class="wpuf-field-data wpuf-field-data-radio_field">
                                    <label>Amigable con perros:</label>
                                Es amigo de tod@s            </li>
                    <li class="wpuf-field-data wpuf-field-data-radio_field">
                                    <label>Con personas extrañas:</label>
                                Amigable            </li>
                    <li class="wpuf-field-data wpuf-field-data-radio_field">
                                    <label>Ladrador:</label>
                                Desconocido            </li>
                    <li class="wpuf-field-data wpuf-field-data-radio_field">
                                    <label>Necesita licencia PPP:</label>
                                NO            </li>
                    <li class="wpuf-field-data wpuf-field-data-checkbox_field">
                                    <label>Enfermedades:</label>
                                Ninguna            </li>
                    <li class="wpuf-field-data wpuf-field-data-checkbox_field">
                                    <label>Se entrega:</label>
                                Con cartilla sanitaria | Vacunado | Esterilizado | Desparasitado | Microchip            </li>
                    <li class="wpuf-field-data wpuf-field-data-checkbox_field">
                                    <label>Más información:</label>
                                Bueno con perros | Bueno con gatos | Bueno en casa | Le gusta pasear | Obediente            </li>
                    <li class="wpuf-field-data wpuf-field-data-radio_field">
                                    <label>Se envía la mascota:</label>
                                SI            </li>
                    <li class="wpuf-field-data wpuf-field-data-radio_field">
                                    <label>En caso de envío, detallar:</label>
                                A otra CCAA española            </li>
                    <li class="wpuf-field-data wpuf-field-data-radio_field">
                                    <label>Origen:</label>
                                Asociación            </li>
        <li><label>Fecha de publicación:</label> 18/04/2026 17:35</li>            <li class="wpuf-field-data wpuf-field-data-radio_field">
                                    <label>La mascota ha sido adoptada:</label>
                                NO            </li>
                    <li class="wpuf-field-data wpuf-field-data-email_address">
                                    <label>Dirección de correo:</label>
                                <a href="mailto:adopcionesladridosvagabundos@gmail.com">adopcionesladridosvagabundos@gmail.com</a>            </li>
        </ul>

<p>http://chuchos-gr.org/ficha-868 Sexo: Hembra. Desde: 16-11-2025. Edad: 4 años y 7 meses. Fecha de nacimiento: 9/2021. Raza: Mestizo. Tamaño: Mediano. Peso: 30 kg.; Altura: _ cm. Localidad: Aracena (Huelva): Situación: Casa de acogida. Salud: Buena. Descripción. Esterilizado: Sí. Chip: Sí. Pasaporte: _ Comportamiento con niños: Pendiente de probar. Comportamiento con gatos: Apto. Comportamiento con otros perros: [&#8230;]
