{"id":52234,"date":"2026-04-22T12:18:06","date_gmt":"2026-04-22T12:18:06","guid":{"rendered":"https:\/\/www.wallamascotas.com\/web3\/?post_type=product&#038;p=52234"},"modified":"2026-04-22T12:18:07","modified_gmt":"2026-04-22T12:18:07","slug":"lupin","status":"publish","type":"product","link":"https:\/\/www.wallamascotas.com\/web3\/mascota\/lupin\/","title":{"rendered":"Lupin"},"content":{"rendered":"<p>LUPIN \ud83d\udc9a<\/p>\n<p>S\u00ed, lo s\u00e9, con \u00e9ste nombre ya te imaginas que soy especial. Y no vas mal porque soy un podenco simp\u00e1tico, alegre y con un coraz\u00f3n enorme \ud83d\udc9b<\/p>\n<p>\ud83c\udf82 Nac\u00ed el 1\/2\/2025\u2028\ud83d\udc36 Joven, activo y con ganas de vivir mil aventuras contigo.<\/p>\n<p>\ud83c\udfcb\ufe0fPeso unos 7-8 kilos.<\/p>\n<p>Mi historia no empez\u00f3 como deber\u00eda\u2026\u2028Un d\u00eda estaba atado en la puerta de un chalet. Despu\u00e9s una familia me recogi\u00f3 pero al poco tiempo decidieron que ya no me quer\u00edan \ud83d\udc94<\/p>\n<p>Y as\u00ed acab\u00e9 en el refugio. Pero oye\u2026 \u00a1yo no he perdido la sonrisa!<\/p>\n<p>\u2728 Sobre m\u00ed:\u2028\u2714\ufe0f S\u00faper sociable con personas (me encanta la compa\u00f1\u00eda \ud83e\udd70)\u2028\u2714\ufe0f Me llevo genial con machos y hembras \ud83d\udc15\u2028\u2714\ufe0f Paseo muy bien con correa (\u00a1soy todo un se\u00f1or!)\u2028\u2714\ufe0f Activo, juguet\u00f3n y siempre listo para pasarlo bien \ud83c\udfbe\u2028\u2714\ufe0f Alegre de los que contagian buen rollo \u2600\ufe0f. Con gatos no estoy testado pero mis humanas pueden hacerlo si est\u00e1is interesados en m\u00ed y en vuestra casa ya hay alg\u00fan michi<\/p>\n<p>Solo necesito una cosa: una familia que no se canse de m\u00ed y que me quiera para siempre.<\/p>\n<p>Estoy esperando en el refugio, so\u00f1ando con ese d\u00eda en el que alguien diga: \u201cLupin, te vienes a casa\u201d \ud83e\udd17. Solo necesito una oportunidad, una casa donde no tenga que ser fuerte todo el tiempo, donde pueda dormir tranquilo y sentir que por fin estoy en casa<\/p>\n<p>Estoy en Sevilla pero estoy listo para viajar all\u00ed d\u00f3nde est\u00e9s mediante transporte animalista \ud83d\ude90 \ud83d\udc15 dentro de la pen\u00ednsula<\/p>\n<p>\u203c\ufe0f\u203c\ufe0fSI QUIERES DARLE UN HOGAR A LUPIN ESCR\u00cdBENOS Y TE MANDAMOS TODA LA INFORMACI\u00d3N SOBRE EL PROCESO DE ADOPCI\u00d3N \u203c\ufe0f\u203c\ufe0f<\/p>\n<ul class=\"wpuf_customs\">            <li class=\"wpuf-field-data wpuf-field-data-radio_field\">\n                                    <label>Tipo:<\/label>\n                                Perro            <\/li>\n                    <li class=\"wpuf-field-data wpuf-field-data-radio_field\">\n                                    <label>Es un perro:<\/label>\n                                Cari\u00f1oso            <\/li>\n                    <li class=\"wpuf-field-data wpuf-field-data-radio_field\">\n                                    <label>Amigable con perros:<\/label>\n                                Es amigo de tod@s            <\/li>\n                    <li class=\"wpuf-field-data wpuf-field-data-radio_field\">\n                                    <label>Con personas extra\u00f1as:<\/label>\n                                Amigable            <\/li>\n                    <li class=\"wpuf-field-data wpuf-field-data-radio_field\">\n                                    <label>Ladrador:<\/label>\n                                Con timbre y poco m\u00e1s            <\/li>\n                    <li class=\"wpuf-field-data wpuf-field-data-radio_field\">\n                                    <label>Necesita licencia PPP:<\/label>\n                                NO            <\/li>\n                    <li class=\"wpuf-field-data wpuf-field-data-checkbox_field\">\n                                    <label>Enfermedades:<\/label>\n                                Ninguna            <\/li>\n                    <li class=\"wpuf-field-data wpuf-field-data-checkbox_field\">\n                                    <label>Se entrega:<\/label>\n                                Con cartilla sanitaria | Vacunado | Esterilizado | Desparasitado | Microchip            <\/li>\n                    <li class=\"wpuf-field-data wpuf-field-data-checkbox_field\">\n                                    <label>M\u00e1s informaci\u00f3n:<\/label>\n                                Bueno con perros | Bueno con ni\u00f1os | Bueno en casa | Bueno en el coche | Le gusta pasear | Obediente            <\/li>\n                    <li class=\"wpuf-field-data wpuf-field-data-radio_field\">\n                                    <label>Se env\u00eda la mascota:<\/label>\n                                SI            <\/li>\n                    <li class=\"wpuf-field-data wpuf-field-data-radio_field\">\n                                    <label>En caso de env\u00edo, detallar:<\/label>\n                                A otra CCAA espa\u00f1ola            <\/li>\n                    <li class=\"wpuf-field-data wpuf-field-data-radio_field\">\n                                    <label>Origen:<\/label>\n                                Asociaci\u00f3n            <\/li>\n        <li><label>Fecha de publicaci\u00f3n:<\/label> 22\/04\/2026 00:00<\/li>            <li class=\"wpuf-field-data wpuf-field-data-radio_field\">\n                                    <label>La mascota ha sido adoptada:<\/label>\n                                NO            <\/li>\n                    <li class=\"wpuf-field-data wpuf-field-data-email_address\">\n                                    <label>Direcci\u00f3n de correo:<\/label>\n                                <a href=\"mailto:adopcionesvidanimalis@gmail.com\">adopcionesvidanimalis@gmail.com<\/a>            <\/li>\n        <\/ul>","protected":false},"excerpt":{"rendered":"<p>LUPIN \ud83d\udc9a S\u00ed, lo s\u00e9, con \u00e9ste nombre ya te imaginas que soy especial. Y no vas mal porque soy un podenco simp\u00e1tico, alegre y con un coraz\u00f3n enorme \ud83d\udc9b \ud83c\udf82 Nac\u00ed el 1\/2\/2025\u2028\ud83d\udc36 Joven, activo y con ganas de vivir mil aventuras contigo. \ud83c\udfcb\ufe0fPeso unos 7-8 kilos. Mi historia no empez\u00f3 como deber\u00eda\u2026\u2028Un d\u00eda [&#8230;]\n","protected":false},"featured_media":52233,"template":"","meta":{"_acf_changed":false},"product_brand":[],"product_cat":[15,1000],"product_tag":[],"class_list":{"0":"post-52234","1":"product","2":"type-product","3":"status-publish","4":"has-post-thumbnail","6":"product_cat-adoptar_perro_adoptar_mascota","7":"product_cat-adoptar-perro-gato-adoptar-mascota-es","8":"pa_edad-b","9":"pa_fecha-nacimiento-ano-3513","10":"pa_fecha-nacimiento-mes-02-febrero","11":"pa_origen-vidaanimalis","12":"pa_provincia-sevilla","13":"pa_raza-mestizo","14":"pa_sexo-macho","15":"pa_tamano-b","17":"first","18":"instock","19":"taxable","20":"shipping-taxable","21":"product-type-simple"},"acf":[],"_links":{"self":[{"href":"https:\/\/www.wallamascotas.com\/web3\/wp-json\/wp\/v2\/product\/52234","targetHints":{"allow":["GET"]}}],"collection":[{"href":"https:\/\/www.wallamascotas.com\/web3\/wp-json\/wp\/v2\/product"}],"about":[{"href":"https:\/\/www.wallamascotas.com\/web3\/wp-json\/wp\/v2\/types\/product"}],"wp:featuredmedia":[{"embeddable":true,"href":"https:\/\/www.wallamascotas.com\/web3\/wp-json\/wp\/v2\/media\/52233"}],"wp:attachment":[{"href":"https:\/\/www.wallamascotas.com\/web3\/wp-json\/wp\/v2\/media?parent=52234"}],"wp:term":[{"taxonomy":"product_brand","embeddable":true,"href":"https:\/\/www.wallamascotas.com\/web3\/wp-json\/wp\/v2\/product_brand?post=52234"},{"taxonomy":"product_cat","embeddable":true,"href":"https:\/\/www.wallamascotas.com\/web3\/wp-json\/wp\/v2\/product_cat?post=52234"},{"taxonomy":"product_tag","embeddable":true,"href":"https:\/\/www.wallamascotas.com\/web3\/wp-json\/wp\/v2\/product_tag?post=52234"}],"curies":[{"name":"wp","href":"https:\/\/api.w.org\/{rel}","templated":true}]}}

<p>LUPIN 💚</p>
<p>Sí, lo sé, con éste nombre ya te imaginas que soy especial. Y no vas mal porque soy un podenco simpático, alegre y con un corazón enorme 💛</p>
<p>🎂 Nací el 1/2/2025 🐶 Joven, activo y con ganas de vivir mil aventuras contigo.</p>
<p>🏋️Peso unos 7-8 kilos.</p>
<p>Mi historia no empezó como debería… Un día estaba atado en la puerta de un chalet. Después una familia me recogió pero al poco tiempo decidieron que ya no me querían 💔</p>
<p>Y así acabé en el refugio. Pero oye… ¡yo no he perdido la sonrisa!</p>
<p>✨ Sobre mí: ✔️ Súper sociable con personas (me encanta la compañía 🥰) ✔️ Me llevo genial con machos y hembras 🐕 ✔️ Paseo muy bien con correa (¡soy todo un señor!) ✔️ Activo, juguetón y siempre listo para pasarlo bien 🎾 ✔️ Alegre de los que contagian buen rollo ☀️. Con gatos no estoy testado pero mis humanas pueden hacerlo si estáis interesados en mí y en vuestra casa ya hay algún michi</p>
<p>Solo necesito una cosa: una familia que no se canse de mí y que me quiera para siempre.</p>
<p>Estoy esperando en el refugio, soñando con ese día en el que alguien diga: “Lupin, te vienes a casa” 🤗. Solo necesito una oportunidad, una casa donde no tenga que ser fuerte todo el tiempo, donde pueda dormir tranquilo y sentir que por fin estoy en casa</p>
<p>Estoy en Sevilla pero estoy listo para viajar allí dónde estés mediante transporte animalista 🚐 🐕 dentro de la península</p>
<p>‼️‼️SI QUIERES DARLE UN HOGAR A LUPIN ESCRÍBENOS Y TE MANDAMOS TODA LA INFORMACIÓN SOBRE EL PROCESO DE ADOPCIÓN ‼️‼️</p>
<ul class="wpuf_customs">            <li class="wpuf-field-data wpuf-field-data-radio_field">
                                    <label>Tipo:</label>
                                Perro            </li>
                    <li class="wpuf-field-data wpuf-field-data-radio_field">
                                    <label>Es un perro:</label>
                                Cariñoso            </li>
                    <li class="wpuf-field-data wpuf-field-data-radio_field">
                                    <label>Amigable con perros:</label>
                                Es amigo de tod@s            </li>
                    <li class="wpuf-field-data wpuf-field-data-radio_field">
                                    <label>Con personas extrañas:</label>
                                Amigable            </li>
                    <li class="wpuf-field-data wpuf-field-data-radio_field">
                                    <label>Ladrador:</label>
                                Con timbre y poco más            </li>
                    <li class="wpuf-field-data wpuf-field-data-radio_field">
                                    <label>Necesita licencia PPP:</label>
                                NO            </li>
                    <li class="wpuf-field-data wpuf-field-data-checkbox_field">
                                    <label>Enfermedades:</label>
                                Ninguna            </li>
                    <li class="wpuf-field-data wpuf-field-data-checkbox_field">
                                    <label>Se entrega:</label>
                                Con cartilla sanitaria | Vacunado | Esterilizado | Desparasitado | Microchip            </li>
                    <li class="wpuf-field-data wpuf-field-data-checkbox_field">
                                    <label>Más información:</label>
                                Bueno con perros | Bueno con niños | Bueno en casa | Bueno en el coche | Le gusta pasear | Obediente            </li>
                    <li class="wpuf-field-data wpuf-field-data-radio_field">
                                    <label>Se envía la mascota:</label>
                                SI            </li>
                    <li class="wpuf-field-data wpuf-field-data-radio_field">
                                    <label>En caso de envío, detallar:</label>
                                A otra CCAA española            </li>
                    <li class="wpuf-field-data wpuf-field-data-radio_field">
                                    <label>Origen:</label>
                                Asociación            </li>
        <li><label>Fecha de publicación:</label> 22/04/2026 00:00</li>            <li class="wpuf-field-data wpuf-field-data-radio_field">
                                    <label>La mascota ha sido adoptada:</label>
                                NO            </li>
                    <li class="wpuf-field-data wpuf-field-data-email_address">
                                    <label>Dirección de correo:</label>
                                <a href="mailto:adopcionesvidanimalis@gmail.com">adopcionesvidanimalis@gmail.com</a>            </li>
        </ul>

<p>LUPIN 💚 Sí, lo sé, con éste nombre ya te imaginas que soy especial. Y no vas mal porque soy un podenco simpático, alegre y con un corazón enorme 💛 🎂 Nací el 1/2/2025 🐶 Joven, activo y con ganas de vivir mil aventuras contigo. 🏋️Peso unos 7-8 kilos. Mi historia no empezó como debería… Un día [&#8230;]
