{"id":52239,"date":"2026-04-22T12:17:36","date_gmt":"2026-04-22T12:17:36","guid":{"rendered":"https:\/\/www.wallamascotas.com\/web3\/?post_type=product&#038;p=52239"},"modified":"2026-04-22T12:17:38","modified_gmt":"2026-04-22T12:17:38","slug":"kira-5","status":"publish","type":"product","link":"https:\/\/www.wallamascotas.com\/web3\/mascota\/kira-5\/","title":{"rendered":"Kira"},"content":{"rendered":"<p>KIRA \ud83d\udc9a<\/p>\n<p>Soy Kira, nac\u00ed el 21 de abril de 2025 junto a 5 hermanos\u2026 todos encontraron hogar menos yo \ud83d\udc94<\/p>\n<p>Soy una mestiza con alma de Border Collie: inteligente, cari\u00f1osa y con muchas ganas de descubrir el mundo. me llevo genial con perros y gatos. Soy bastante activa, ahora estoy en una casa de acogida esperando mi oportunidad \u2728<\/p>\n<p>Estoy en Cantillana ( Sevilla ) pero puedo viajar mediante transporte animalista \ud83d\ude90\ud83d\udc15 dentro de la pen\u00ednsula<\/p>\n<p>\u203c\ufe0f\u203c\ufe0fSI QUIERES QUE FORME PARTE DE TU FAMILIA PARA SIEMPRE ESCRIBE UN EMAIL \ud83d\udce7 A adopcionesvidanimalis@gmail.com Y PREGUNTA POR MI QUE LAS HUMANAS TE MANDAR\u00c1N TODA LA INFORMACI\u00d3N SOBRE EL PROCESO DE ADOPCI\u00d3N \u203c\ufe0f\u203c\ufe0f<\/p>\n<ul class=\"wpuf_customs\">            <li class=\"wpuf-field-data wpuf-field-data-radio_field\">\n                                    <label>Tipo:<\/label>\n                                Perro            <\/li>\n                    <li class=\"wpuf-field-data wpuf-field-data-radio_field\">\n                                    <label>Es un perro:<\/label>\n                                Cari\u00f1oso            <\/li>\n                    <li class=\"wpuf-field-data wpuf-field-data-radio_field\">\n                                    <label>Amigable con perros:<\/label>\n                                Es amigo de tod@s            <\/li>\n                    <li class=\"wpuf-field-data wpuf-field-data-radio_field\">\n                                    <label>Con personas extra\u00f1as:<\/label>\n                                Amigable            <\/li>\n                    <li class=\"wpuf-field-data wpuf-field-data-radio_field\">\n                                    <label>Ladrador:<\/label>\n                                Con timbre y poco m\u00e1s            <\/li>\n                    <li class=\"wpuf-field-data wpuf-field-data-radio_field\">\n                                    <label>Necesita licencia PPP:<\/label>\n                                NO            <\/li>\n                    <li class=\"wpuf-field-data wpuf-field-data-checkbox_field\">\n                                    <label>Enfermedades:<\/label>\n                                Ninguna            <\/li>\n                    <li class=\"wpuf-field-data wpuf-field-data-checkbox_field\">\n                                    <label>Se entrega:<\/label>\n                                Con cartilla sanitaria | Vacunado | Esterilizado | Desparasitado | Microchip            <\/li>\n                    <li class=\"wpuf-field-data wpuf-field-data-checkbox_field\">\n                                    <label>M\u00e1s informaci\u00f3n:<\/label>\n                                Bueno con perros | Bueno con gatos | Bueno con ni\u00f1os | Bueno en casa | Bueno en el coche | Le gusta pasear | Obediente            <\/li>\n                    <li class=\"wpuf-field-data wpuf-field-data-radio_field\">\n                                    <label>Se env\u00eda la mascota:<\/label>\n                                SI            <\/li>\n                    <li class=\"wpuf-field-data wpuf-field-data-radio_field\">\n                                    <label>En caso de env\u00edo, detallar:<\/label>\n                                A otra CCAA espa\u00f1ola            <\/li>\n                    <li class=\"wpuf-field-data wpuf-field-data-radio_field\">\n                                    <label>Origen:<\/label>\n                                Asociaci\u00f3n            <\/li>\n        <li><label>Fecha de publicaci\u00f3n:<\/label> 22\/04\/2026 00:00<\/li>            <li class=\"wpuf-field-data wpuf-field-data-radio_field\">\n                                    <label>La mascota ha sido adoptada:<\/label>\n                                NO            <\/li>\n                    <li class=\"wpuf-field-data wpuf-field-data-email_address\">\n                                    <label>Direcci\u00f3n de correo:<\/label>\n                                <a href=\"mailto:adopcionesvidanimalis@gmail.com\">adopcionesvidanimalis@gmail.com<\/a>            <\/li>\n        <\/ul>","protected":false},"excerpt":{"rendered":"<p>KIRA \ud83d\udc9a Soy Kira, nac\u00ed el 21 de abril de 2025 junto a 5 hermanos\u2026 todos encontraron hogar menos yo \ud83d\udc94 Soy una mestiza con alma de Border Collie: inteligente, cari\u00f1osa y con muchas ganas de descubrir el mundo. me llevo genial con perros y gatos. Soy bastante activa, ahora estoy en una casa de [&#8230;]\n","protected":false},"featured_media":52238,"template":"","meta":{"_acf_changed":false},"product_brand":[],"product_cat":[15,1000],"product_tag":[],"class_list":{"0":"post-52239","1":"product","2":"type-product","3":"status-publish","4":"has-post-thumbnail","6":"product_cat-adoptar_perro_adoptar_mascota","7":"product_cat-adoptar-perro-gato-adoptar-mascota-es","8":"pa_edad-b","9":"pa_fecha-nacimiento-ano-3513","10":"pa_fecha-nacimiento-mes-04-abril","11":"pa_origen-vidaanimalis","12":"pa_provincia-sevilla","13":"pa_raza-mestizo","14":"pa_sexo-hembra","15":"pa_tamano-b","17":"first","18":"instock","19":"taxable","20":"shipping-taxable","21":"product-type-simple"},"acf":[],"_links":{"self":[{"href":"https:\/\/www.wallamascotas.com\/web3\/wp-json\/wp\/v2\/product\/52239","targetHints":{"allow":["GET"]}}],"collection":[{"href":"https:\/\/www.wallamascotas.com\/web3\/wp-json\/wp\/v2\/product"}],"about":[{"href":"https:\/\/www.wallamascotas.com\/web3\/wp-json\/wp\/v2\/types\/product"}],"wp:featuredmedia":[{"embeddable":true,"href":"https:\/\/www.wallamascotas.com\/web3\/wp-json\/wp\/v2\/media\/52238"}],"wp:attachment":[{"href":"https:\/\/www.wallamascotas.com\/web3\/wp-json\/wp\/v2\/media?parent=52239"}],"wp:term":[{"taxonomy":"product_brand","embeddable":true,"href":"https:\/\/www.wallamascotas.com\/web3\/wp-json\/wp\/v2\/product_brand?post=52239"},{"taxonomy":"product_cat","embeddable":true,"href":"https:\/\/www.wallamascotas.com\/web3\/wp-json\/wp\/v2\/product_cat?post=52239"},{"taxonomy":"product_tag","embeddable":true,"href":"https:\/\/www.wallamascotas.com\/web3\/wp-json\/wp\/v2\/product_tag?post=52239"}],"curies":[{"name":"wp","href":"https:\/\/api.w.org\/{rel}","templated":true}]}}

<p>KIRA 💚</p>
<p>Soy Kira, nací el 21 de abril de 2025 junto a 5 hermanos… todos encontraron hogar menos yo 💔</p>
<p>Soy una mestiza con alma de Border Collie: inteligente, cariñosa y con muchas ganas de descubrir el mundo. me llevo genial con perros y gatos. Soy bastante activa, ahora estoy en una casa de acogida esperando mi oportunidad ✨</p>
<p>Estoy en Cantillana ( Sevilla ) pero puedo viajar mediante transporte animalista 🚐🐕 dentro de la península</p>
<p>‼️‼️SI QUIERES QUE FORME PARTE DE TU FAMILIA PARA SIEMPRE ESCRIBE UN EMAIL 📧 A adopcionesvidanimalis@gmail.com Y PREGUNTA POR MI QUE LAS HUMANAS TE MANDARÁN TODA LA INFORMACIÓN SOBRE EL PROCESO DE ADOPCIÓN ‼️‼️</p>
<ul class="wpuf_customs">            <li class="wpuf-field-data wpuf-field-data-radio_field">
                                    <label>Tipo:</label>
                                Perro            </li>
                    <li class="wpuf-field-data wpuf-field-data-radio_field">
                                    <label>Es un perro:</label>
                                Cariñoso            </li>
                    <li class="wpuf-field-data wpuf-field-data-radio_field">
                                    <label>Amigable con perros:</label>
                                Es amigo de tod@s            </li>
                    <li class="wpuf-field-data wpuf-field-data-radio_field">
                                    <label>Con personas extrañas:</label>
                                Amigable            </li>
                    <li class="wpuf-field-data wpuf-field-data-radio_field">
                                    <label>Ladrador:</label>
                                Con timbre y poco más            </li>
                    <li class="wpuf-field-data wpuf-field-data-radio_field">
                                    <label>Necesita licencia PPP:</label>
                                NO            </li>
                    <li class="wpuf-field-data wpuf-field-data-checkbox_field">
                                    <label>Enfermedades:</label>
                                Ninguna            </li>
                    <li class="wpuf-field-data wpuf-field-data-checkbox_field">
                                    <label>Se entrega:</label>
                                Con cartilla sanitaria | Vacunado | Esterilizado | Desparasitado | Microchip            </li>
                    <li class="wpuf-field-data wpuf-field-data-checkbox_field">
                                    <label>Más información:</label>
                                Bueno con perros | Bueno con gatos | Bueno con niños | Bueno en casa | Bueno en el coche | Le gusta pasear | Obediente            </li>
                    <li class="wpuf-field-data wpuf-field-data-radio_field">
                                    <label>Se envía la mascota:</label>
                                SI            </li>
                    <li class="wpuf-field-data wpuf-field-data-radio_field">
                                    <label>En caso de envío, detallar:</label>
                                A otra CCAA española            </li>
                    <li class="wpuf-field-data wpuf-field-data-radio_field">
                                    <label>Origen:</label>
                                Asociación            </li>
        <li><label>Fecha de publicación:</label> 22/04/2026 00:00</li>            <li class="wpuf-field-data wpuf-field-data-radio_field">
                                    <label>La mascota ha sido adoptada:</label>
                                NO            </li>
                    <li class="wpuf-field-data wpuf-field-data-email_address">
                                    <label>Dirección de correo:</label>
                                <a href="mailto:adopcionesvidanimalis@gmail.com">adopcionesvidanimalis@gmail.com</a>            </li>
        </ul>

<p>KIRA 💚 Soy Kira, nací el 21 de abril de 2025 junto a 5 hermanos… todos encontraron hogar menos yo 💔 Soy una mestiza con alma de Border Collie: inteligente, cariñosa y con muchas ganas de descubrir el mundo. me llevo genial con perros y gatos. Soy bastante activa, ahora estoy en una casa de [&#8230;]
