{"id":52272,"date":"2026-04-25T16:59:09","date_gmt":"2026-04-25T16:59:09","guid":{"rendered":"https:\/\/www.wallamascotas.com\/web3\/?post_type=product&#038;p=52272"},"modified":"2026-04-25T16:59:10","modified_gmt":"2026-04-25T16:59:10","slug":"niebla","status":"publish","type":"product","link":"https:\/\/www.wallamascotas.com\/web3\/mascota\/niebla\/","title":{"rendered":"Niebla"},"content":{"rendered":"<p><a href=\"https:\/\/www.wallamascotas.com\/web3\/wp-content\/uploads\/2026\/04\/u10430-niebla-scaled.png\"><img decoding=\"async\" class=\"attachment-thumbnail size-thumbnail\" src=\"https:\/\/www.wallamascotas.com\/web3\/wp-content\/uploads\/2026\/04\/u10430-niebla-150x150.png\" alt=\"\" \/><\/a><a href=\"https:\/\/www.wallamascotas.com\/web3\/wp-content\/uploads\/2026\/04\/u10430-niebla2.png\"><img decoding=\"async\" class=\"attachment-thumbnail size-thumbnail\" src=\"https:\/\/www.wallamascotas.com\/web3\/wp-content\/uploads\/2026\/04\/u10430-niebla2-150x150.png\" alt=\"\" \/><\/a><a href=\"https:\/\/www.wallamascotas.com\/web3\/wp-content\/uploads\/2026\/04\/u10430-20230624_204925-scaled.jpg\"><img decoding=\"async\" class=\"attachment-thumbnail size-thumbnail\" src=\"https:\/\/www.wallamascotas.com\/web3\/wp-content\/uploads\/2026\/04\/u10430-20230624_204925-150x150.jpg\" alt=\"\" \/><\/a><\/p>\n<p class=\"font-claude-response-body break-words whitespace-normal leading-[1.7]\"><strong>Niebla busca familia tranquila \u2014 mestiza, 10 a\u00f1os, dulce con ni\u00f1os<\/strong><\/p>\n<p class=\"font-claude-response-body break-words whitespace-normal leading-[1.7]\">Niebla es una mestiza preciosa de 23 kg, tipo perro de monta\u00f1a, con su pelo largo y blanco. Tiene 10 a\u00f1os, est\u00e1 sana, vacunada y desparasitada al d\u00eda. Microchip y pasaporte en regla, a nombre de su familia actual.<\/p>\n<p class=\"font-claude-response-body break-words whitespace-normal leading-[1.7]\">Lo m\u00e1s importante de ella: es un amor con las personas y especialmente con los ni\u00f1os. Tranquila, paciente, agradecida con el cari\u00f1o. Es la perra ideal para una familia que no quiera sorpresas de car\u00e1cter \u2014 el suyo ya est\u00e1 formado y es bueno.<\/p>\n<p class=\"font-claude-response-body break-words whitespace-normal leading-[1.7]\">Convivi\u00f3 perfectamente con su compa\u00f1era perruna de toda la vida. Con otros perros, depende: hay que presentarlos con calma. Con gatos no se lleva, mejor hogar sin felinos.<\/p>\n<p class=\"font-claude-response-body break-words whitespace-normal leading-[1.7]\">\u00bfPor qu\u00e9 busca casa? Su familia se ha mudado a un piso de alquiler que no admite mascotas. La decisi\u00f3n nos duele, y por eso queremos asegurarle una buena familia, no un albergue.<\/p>\n<p class=\"font-claude-response-body break-words whitespace-normal leading-[1.7]\">Casa con jard\u00edn o espacio exterior ser\u00eda lo ideal por su tama\u00f1o y su forma de ser.<\/p>\n<ul class=\"wpuf_customs\">            <li class=\"wpuf-field-data wpuf-field-data-radio_field\">\n                                    <label>Tipo:<\/label>\n                                Perro            <\/li>\n                    <li class=\"wpuf-field-data wpuf-field-data-radio_field\">\n                                    <label>Es un perro:<\/label>\n                                Tranquilo            <\/li>\n                    <li class=\"wpuf-field-data wpuf-field-data-radio_field\">\n                                    <label>Amigable con perros:<\/label>\n                                Mejor no cruzarse con ninguno            <\/li>\n                    <li class=\"wpuf-field-data wpuf-field-data-radio_field\">\n                                    <label>Con personas extra\u00f1as:<\/label>\n                                Amigable            <\/li>\n                    <li class=\"wpuf-field-data wpuf-field-data-radio_field\">\n                                    <label>Ladrador:<\/label>\n                                Con timbre y poco m\u00e1s            <\/li>\n                    <li class=\"wpuf-field-data wpuf-field-data-radio_field\">\n                                    <label>Necesita licencia PPP:<\/label>\n                                NO            <\/li>\n                    <li class=\"wpuf-field-data wpuf-field-data-checkbox_field\">\n                                    <label>Enfermedades:<\/label>\n                                Ninguna            <\/li>\n                    <li class=\"wpuf-field-data wpuf-field-data-checkbox_field\">\n                                    <label>Se entrega:<\/label>\n                                Con cartilla sanitaria | Vacunado | Desparasitado | Microchip            <\/li>\n                    <li class=\"wpuf-field-data wpuf-field-data-checkbox_field\">\n                                    <label>M\u00e1s informaci\u00f3n:<\/label>\n                                Bueno con ni\u00f1os | Bueno en casa | Bueno en el coche | Independiente            <\/li>\n                    <li class=\"wpuf-field-data wpuf-field-data-radio_field\">\n                                    <label>Se env\u00eda la mascota:<\/label>\n                                SI            <\/li>\n                    <li class=\"wpuf-field-data wpuf-field-data-radio_field\">\n                                    <label>En caso de env\u00edo, detallar:<\/label>\n                                A otra CCAA espa\u00f1ola            <\/li>\n                    <li class=\"wpuf-field-data wpuf-field-data-radio_field\">\n                                    <label>Origen:<\/label>\n                                Particular            <\/li>\n        <li><label>Fecha de publicaci\u00f3n:<\/label> 25\/04\/2026 00:00<\/li>            <li class=\"wpuf-field-data wpuf-field-data-radio_field\">\n                                    <label>La mascota ha sido adoptada:<\/label>\n                                NO            <\/li>\n                    <li class=\"wpuf-field-data wpuf-field-data-email_address\">\n                                    <label>Direcci\u00f3n de correo:<\/label>\n                                <a href=\"mailto:fwulin@gmail.com\">fwulin@gmail.com<\/a>            <\/li>\n                    <li class=\"wpuf-field-data wpuf-field-data-numeric_text_field\">\n                                    <label>Tel\u00e9fono:<\/label>\n                                644479769            <\/li>\n        <\/ul>","protected":false},"excerpt":{"rendered":"<p>Niebla busca familia tranquila \u2014 mestiza, 10 a\u00f1os, dulce con ni\u00f1os Niebla es una mestiza preciosa de 23 kg, tipo perro de monta\u00f1a, con su pelo largo y blanco. Tiene 10 a\u00f1os, est\u00e1 sana, vacunada y desparasitada al d\u00eda. Microchip y pasaporte en regla, a nombre de su familia actual. Lo m\u00e1s importante de ella: [&#8230;]\n","protected":false},"featured_media":52268,"template":"","meta":{"_acf_changed":false},"product_brand":[],"product_cat":[15,1000],"product_tag":[],"class_list":{"0":"post-52272","1":"product","2":"type-product","3":"status-publish","4":"has-post-thumbnail","6":"product_cat-adoptar_perro_adoptar_mascota","7":"product_cat-adoptar-perro-gato-adoptar-mascota-es","8":"pa_edad-b","9":"pa_fecha-nacimiento-ano-3401","10":"pa_fecha-nacimiento-mes-01-enero","11":"pa_provincia-valencia","12":"pa_raza-mestizo","13":"pa_sexo-hembra","14":"pa_tamano-d","15":"pa_tamano-c","17":"first","18":"instock","19":"taxable","20":"shipping-taxable","21":"product-type-simple"},"acf":[],"_links":{"self":[{"href":"https:\/\/www.wallamascotas.com\/web3\/wp-json\/wp\/v2\/product\/52272","targetHints":{"allow":["GET"]}}],"collection":[{"href":"https:\/\/www.wallamascotas.com\/web3\/wp-json\/wp\/v2\/product"}],"about":[{"href":"https:\/\/www.wallamascotas.com\/web3\/wp-json\/wp\/v2\/types\/product"}],"wp:featuredmedia":[{"embeddable":true,"href":"https:\/\/www.wallamascotas.com\/web3\/wp-json\/wp\/v2\/media\/52268"}],"wp:attachment":[{"href":"https:\/\/www.wallamascotas.com\/web3\/wp-json\/wp\/v2\/media?parent=52272"}],"wp:term":[{"taxonomy":"product_brand","embeddable":true,"href":"https:\/\/www.wallamascotas.com\/web3\/wp-json\/wp\/v2\/product_brand?post=52272"},{"taxonomy":"product_cat","embeddable":true,"href":"https:\/\/www.wallamascotas.com\/web3\/wp-json\/wp\/v2\/product_cat?post=52272"},{"taxonomy":"product_tag","embeddable":true,"href":"https:\/\/www.wallamascotas.com\/web3\/wp-json\/wp\/v2\/product_tag?post=52272"}],"curies":[{"name":"wp","href":"https:\/\/api.w.org\/{rel}","templated":true}]}}

<p><a href="https://www.wallamascotas.com/web3/wp-content/uploads/2026/04/u10430-niebla-scaled.png"><img decoding="async" class="attachment-thumbnail size-thumbnail" src="https://www.wallamascotas.com/web3/wp-content/uploads/2026/04/u10430-niebla-150x150.png" alt="" /></a><a href="https://www.wallamascotas.com/web3/wp-content/uploads/2026/04/u10430-niebla2.png"><img decoding="async" class="attachment-thumbnail size-thumbnail" src="https://www.wallamascotas.com/web3/wp-content/uploads/2026/04/u10430-niebla2-150x150.png" alt="" /></a><a href="https://www.wallamascotas.com/web3/wp-content/uploads/2026/04/u10430-20230624_204925-scaled.jpg"><img decoding="async" class="attachment-thumbnail size-thumbnail" src="https://www.wallamascotas.com/web3/wp-content/uploads/2026/04/u10430-20230624_204925-150x150.jpg" alt="" /></a></p>
<p class="font-claude-response-body break-words whitespace-normal leading-[1.7]"><strong>Niebla busca familia tranquila — mestiza, 10 años, dulce con niños</strong></p>
<p class="font-claude-response-body break-words whitespace-normal leading-[1.7]">Niebla es una mestiza preciosa de 23 kg, tipo perro de montaña, con su pelo largo y blanco. Tiene 10 años, está sana, vacunada y desparasitada al día. Microchip y pasaporte en regla, a nombre de su familia actual.</p>
<p class="font-claude-response-body break-words whitespace-normal leading-[1.7]">Lo más importante de ella: es un amor con las personas y especialmente con los niños. Tranquila, paciente, agradecida con el cariño. Es la perra ideal para una familia que no quiera sorpresas de carácter — el suyo ya está formado y es bueno.</p>
<p class="font-claude-response-body break-words whitespace-normal leading-[1.7]">Convivió perfectamente con su compañera perruna de toda la vida. Con otros perros, depende: hay que presentarlos con calma. Con gatos no se lleva, mejor hogar sin felinos.</p>
<p class="font-claude-response-body break-words whitespace-normal leading-[1.7]">¿Por qué busca casa? Su familia se ha mudado a un piso de alquiler que no admite mascotas. La decisión nos duele, y por eso queremos asegurarle una buena familia, no un albergue.</p>
<p class="font-claude-response-body break-words whitespace-normal leading-[1.7]">Casa con jardín o espacio exterior sería lo ideal por su tamaño y su forma de ser.</p>
<ul class="wpuf_customs">            <li class="wpuf-field-data wpuf-field-data-radio_field">
                                    <label>Tipo:</label>
                                Perro            </li>
                    <li class="wpuf-field-data wpuf-field-data-radio_field">
                                    <label>Es un perro:</label>
                                Tranquilo            </li>
                    <li class="wpuf-field-data wpuf-field-data-radio_field">
                                    <label>Amigable con perros:</label>
                                Mejor no cruzarse con ninguno            </li>
                    <li class="wpuf-field-data wpuf-field-data-radio_field">
                                    <label>Con personas extrañas:</label>
                                Amigable            </li>
                    <li class="wpuf-field-data wpuf-field-data-radio_field">
                                    <label>Ladrador:</label>
                                Con timbre y poco más            </li>
                    <li class="wpuf-field-data wpuf-field-data-radio_field">
                                    <label>Necesita licencia PPP:</label>
                                NO            </li>
                    <li class="wpuf-field-data wpuf-field-data-checkbox_field">
                                    <label>Enfermedades:</label>
                                Ninguna            </li>
                    <li class="wpuf-field-data wpuf-field-data-checkbox_field">
                                    <label>Se entrega:</label>
                                Con cartilla sanitaria | Vacunado | Desparasitado | Microchip            </li>
                    <li class="wpuf-field-data wpuf-field-data-checkbox_field">
                                    <label>Más información:</label>
                                Bueno con niños | Bueno en casa | Bueno en el coche | Independiente            </li>
                    <li class="wpuf-field-data wpuf-field-data-radio_field">
                                    <label>Se envía la mascota:</label>
                                SI            </li>
                    <li class="wpuf-field-data wpuf-field-data-radio_field">
                                    <label>En caso de envío, detallar:</label>
                                A otra CCAA española            </li>
                    <li class="wpuf-field-data wpuf-field-data-radio_field">
                                    <label>Origen:</label>
                                Particular            </li>
        <li><label>Fecha de publicación:</label> 25/04/2026 00:00</li>            <li class="wpuf-field-data wpuf-field-data-radio_field">
                                    <label>La mascota ha sido adoptada:</label>
                                NO            </li>
                    <li class="wpuf-field-data wpuf-field-data-email_address">
                                    <label>Dirección de correo:</label>
                                <a href="mailto:fwulin@gmail.com">fwulin@gmail.com</a>            </li>
                    <li class="wpuf-field-data wpuf-field-data-numeric_text_field">
                                    <label>Teléfono:</label>
                                644479769            </li>
        </ul>

<p>Niebla busca familia tranquila — mestiza, 10 años, dulce con niños Niebla es una mestiza preciosa de 23 kg, tipo perro de montaña, con su pelo largo y blanco. Tiene 10 años, está sana, vacunada y desparasitada al día. Microchip y pasaporte en regla, a nombre de su familia actual. Lo más importante de ella: [&#8230;]
