{"id":52293,"date":"2026-04-27T07:58:33","date_gmt":"2026-04-27T07:58:33","guid":{"rendered":"https:\/\/www.wallamascotas.com\/web3\/?post_type=product&#038;p=52293"},"modified":"2026-04-27T07:58:34","modified_gmt":"2026-04-27T07:58:34","slug":"ron-2","status":"publish","type":"product","link":"https:\/\/www.wallamascotas.com\/web3\/mascota\/ron-2\/","title":{"rendered":"Ron"},"content":{"rendered":"<p>Hola, soy RON y estoy buscando familia \ud83d\udc3e<\/p>\n<p>Tengo 8 meses (nac\u00ed en septiembre de 2025) y peso unos 14 kilos. Ahora mismo estoy esperando una nueva oportunidad. La que era mi familia, por circunstancias personales, ya no puede cuidarme como merezco, as\u00ed que me han confiado a quienes ahora est\u00e1n buscando para m\u00ed un hogar de verdad \ud83d\udc9b<\/p>\n<p>Al principio soy un poco t\u00edmido, me gusta observar y tomarme mi tiempo para confiar. Pero cuando lo hago, cambio por completo: me vuelvo muy cari\u00f1oso, cercano y disfruto mucho de la compa\u00f1\u00eda.<\/p>\n<p>Soy joven, con ganas de aprender, jugar y crecer al lado de alguien que quiera compartir su vida conmigo \ud83d\udc36. A\u00fan no estoy testado con michis pero las humanas pueden hacerlo si voy a tener hermanos bigotudos \ud83d\ude38<\/p>\n<p>Busco una familia paciente, que si me tiene un poquito de paciencia te dar\u00e9 todo el amor que llevo dentro \ud83e\udd70<\/p>\n<p>\ud83d\udccd Estoy en Cantillana (Sevilla), pero puedo viajar mediante transporte animalista dentro de la pen\u00ednsula \ud83d\ude90\ud83d\udc15. Escr\u00edbe a las humanas al email \ud83d\udce7 adopcionesvidanimalis@gmail.com y te mandar\u00e1n toda la informaci\u00f3n de mi proceso de adopci\u00f3n<\/p>\n<ul class=\"wpuf_customs\">            <li class=\"wpuf-field-data wpuf-field-data-radio_field\">\n                                    <label>Tipo:<\/label>\n                                Perro            <\/li>\n                    <li class=\"wpuf-field-data wpuf-field-data-radio_field\">\n                                    <label>Es un perro:<\/label>\n                                Cari\u00f1oso            <\/li>\n                    <li class=\"wpuf-field-data wpuf-field-data-radio_field\">\n                                    <label>Amigable con perros:<\/label>\n                                Es amigo de tod@s            <\/li>\n                    <li class=\"wpuf-field-data wpuf-field-data-radio_field\">\n                                    <label>Con personas extra\u00f1as:<\/label>\n                                Miedoso            <\/li>\n                    <li class=\"wpuf-field-data wpuf-field-data-radio_field\">\n                                    <label>Ladrador:<\/label>\n                                Con timbre y poco m\u00e1s            <\/li>\n                    <li class=\"wpuf-field-data wpuf-field-data-radio_field\">\n                                    <label>Necesita licencia PPP:<\/label>\n                                NO            <\/li>\n                    <li class=\"wpuf-field-data wpuf-field-data-checkbox_field\">\n                                    <label>Enfermedades:<\/label>\n                                Ninguna            <\/li>\n                    <li class=\"wpuf-field-data wpuf-field-data-checkbox_field\">\n                                    <label>Se entrega:<\/label>\n                                Con cartilla sanitaria | Vacunado | Esterilizado | Desparasitado | Microchip            <\/li>\n                    <li class=\"wpuf-field-data wpuf-field-data-checkbox_field\">\n                                    <label>M\u00e1s informaci\u00f3n:<\/label>\n                                Bueno con perros | Bueno con ni\u00f1os | Bueno en casa | Bueno en el coche | Le gusta pasear | Obediente            <\/li>\n                    <li class=\"wpuf-field-data wpuf-field-data-radio_field\">\n                                    <label>Se env\u00eda la mascota:<\/label>\n                                SI            <\/li>\n                    <li class=\"wpuf-field-data wpuf-field-data-radio_field\">\n                                    <label>En caso de env\u00edo, detallar:<\/label>\n                                A otra CCAA espa\u00f1ola            <\/li>\n                    <li class=\"wpuf-field-data wpuf-field-data-radio_field\">\n                                    <label>Origen:<\/label>\n                                Asociaci\u00f3n            <\/li>\n        <li><label>Fecha de publicaci\u00f3n:<\/label> 26\/04\/2026 00:00<\/li>            <li class=\"wpuf-field-data wpuf-field-data-radio_field\">\n                                    <label>La mascota ha sido adoptada:<\/label>\n                                NO            <\/li>\n                    <li class=\"wpuf-field-data wpuf-field-data-email_address\">\n                                    <label>Direcci\u00f3n de correo:<\/label>\n                                <a href=\"mailto:adopcionesvidanimalis@gmail.com\">adopcionesvidanimalis@gmail.com<\/a>            <\/li>\n        <\/ul>","protected":false},"excerpt":{"rendered":"<p>Hola, soy RON y estoy buscando familia \ud83d\udc3e Tengo 8 meses (nac\u00ed en septiembre de 2025) y peso unos 14 kilos. Ahora mismo estoy esperando una nueva oportunidad. La que era mi familia, por circunstancias personales, ya no puede cuidarme como merezco, as\u00ed que me han confiado a quienes ahora est\u00e1n buscando para m\u00ed un [&#8230;]\n","protected":false},"featured_media":52292,"template":"","meta":{"_acf_changed":false},"product_brand":[],"product_cat":[15,1000],"product_tag":[],"class_list":{"0":"post-52293","1":"product","2":"type-product","3":"status-publish","4":"has-post-thumbnail","6":"product_cat-adoptar_perro_adoptar_mascota","7":"product_cat-adoptar-perro-gato-adoptar-mascota-es","8":"pa_edad-a","9":"pa_fecha-nacimiento-ano-3513","10":"pa_fecha-nacimiento-mes-09-septiembre","11":"pa_origen-vidanimalis","12":"pa_provincia-sevilla","13":"pa_raza-mestizo","14":"pa_sexo-macho","15":"pa_tamano-c","17":"first","18":"instock","19":"taxable","20":"shipping-taxable","21":"product-type-simple"},"acf":[],"_links":{"self":[{"href":"https:\/\/www.wallamascotas.com\/web3\/wp-json\/wp\/v2\/product\/52293","targetHints":{"allow":["GET"]}}],"collection":[{"href":"https:\/\/www.wallamascotas.com\/web3\/wp-json\/wp\/v2\/product"}],"about":[{"href":"https:\/\/www.wallamascotas.com\/web3\/wp-json\/wp\/v2\/types\/product"}],"wp:featuredmedia":[{"embeddable":true,"href":"https:\/\/www.wallamascotas.com\/web3\/wp-json\/wp\/v2\/media\/52292"}],"wp:attachment":[{"href":"https:\/\/www.wallamascotas.com\/web3\/wp-json\/wp\/v2\/media?parent=52293"}],"wp:term":[{"taxonomy":"product_brand","embeddable":true,"href":"https:\/\/www.wallamascotas.com\/web3\/wp-json\/wp\/v2\/product_brand?post=52293"},{"taxonomy":"product_cat","embeddable":true,"href":"https:\/\/www.wallamascotas.com\/web3\/wp-json\/wp\/v2\/product_cat?post=52293"},{"taxonomy":"product_tag","embeddable":true,"href":"https:\/\/www.wallamascotas.com\/web3\/wp-json\/wp\/v2\/product_tag?post=52293"}],"curies":[{"name":"wp","href":"https:\/\/api.w.org\/{rel}","templated":true}]}}