{"id":52298,"date":"2026-04-27T07:55:24","date_gmt":"2026-04-27T07:55:24","guid":{"rendered":"https:\/\/www.wallamascotas.com\/web3\/?post_type=product&#038;p=52298"},"modified":"2026-04-27T07:55:25","modified_gmt":"2026-04-27T07:55:25","slug":"bluey","status":"publish","type":"product","link":"https:\/\/www.wallamascotas.com\/web3\/mascota\/bluey\/","title":{"rendered":"Bluey"},"content":{"rendered":"<p data-start=\"278\" data-end=\"512\">Este cabez\u00f3n de 6 meses est\u00e1 buscando una nueva familia con la que crecer y compartirlo todo.<br data-start=\"371\" data-end=\"374\" \/>Es incre\u00edblemente sociable: le encantan las personas y se lleva genial con otros perros (de hecho, quiere hacerse amigo de todo el mundo).<\/p>\n<p data-start=\"514\" data-end=\"718\">En casa es muy buen compa\u00f1ero. Cuando ha gastado su energ\u00eda, se queda tranquilo y sabe disfrutar del descanso contigo. No tiene problemas de ansiedad por separaci\u00f3n, algo muy importante para el d\u00eda a d\u00eda.<\/p>\n<p data-start=\"720\" data-end=\"875\">Est\u00e1 en pleno aprendizaje \u2014como cualquier cachorro\u2014 y aunque todav\u00eda tiene alg\u00fan accidente con el pip\u00ed, ha mejorado much\u00edsimo y est\u00e1 en el camino correcto.<\/p>\n<p data-start=\"877\" data-end=\"1036\">Bluey es de esos perros que te llenan la casa de vida, risas y cari\u00f1o. Solo necesita una familia que le d\u00e9 tiempo, cari\u00f1o y ganas de acompa\u00f1arlo en esta etapa.<\/p>\n<p data-start=\"877\" data-end=\"1036\">Contacto whatsapp: 665913874<\/p>\n<ul class=\"wpuf_customs\">            <li class=\"wpuf-field-data wpuf-field-data-radio_field\">\n                                    <label>Tipo:<\/label>\n                                Perro            <\/li>\n                    <li class=\"wpuf-field-data wpuf-field-data-radio_field\">\n                                    <label>Es un perro:<\/label>\n                                Cari\u00f1oso            <\/li>\n                    <li class=\"wpuf-field-data wpuf-field-data-radio_field\">\n                                    <label>Amigable con perros:<\/label>\n                                Es amigo de tod@s            <\/li>\n                    <li class=\"wpuf-field-data wpuf-field-data-radio_field\">\n                                    <label>Con personas extra\u00f1as:<\/label>\n                                Amigable            <\/li>\n                    <li class=\"wpuf-field-data wpuf-field-data-radio_field\">\n                                    <label>Ladrador:<\/label>\n                                Con timbre y poco m\u00e1s            <\/li>\n                    <li class=\"wpuf-field-data wpuf-field-data-radio_field\">\n                                    <label>Necesita licencia PPP:<\/label>\n                                NO            <\/li>\n                    <li class=\"wpuf-field-data wpuf-field-data-checkbox_field\">\n                                    <label>Enfermedades:<\/label>\n                                Ninguna            <\/li>\n                    <li class=\"wpuf-field-data wpuf-field-data-checkbox_field\">\n                                    <label>Se entrega:<\/label>\n                                Con cartilla sanitaria | Vacunado | Desparasitado | Microchip            <\/li>\n                    <li class=\"wpuf-field-data wpuf-field-data-checkbox_field\">\n                                    <label>M\u00e1s informaci\u00f3n:<\/label>\n                                Bueno con perros | Bueno con ni\u00f1os | Bueno en casa | Le gusta pasear            <\/li>\n                    <li class=\"wpuf-field-data wpuf-field-data-radio_field\">\n                                    <label>Se env\u00eda la mascota:<\/label>\n                                NO            <\/li>\n                    <li class=\"wpuf-field-data wpuf-field-data-radio_field\">\n                                    <label>Origen:<\/label>\n                                Particular            <\/li>\n        <li><label>Fecha de publicaci\u00f3n:<\/label> 26\/04\/2026 20:51<\/li>            <li class=\"wpuf-field-data wpuf-field-data-radio_field\">\n                                    <label>La mascota ha sido adoptada:<\/label>\n                                NO            <\/li>\n                    <li class=\"wpuf-field-data wpuf-field-data-email_address\">\n                                    <label>Direcci\u00f3n de correo:<\/label>\n                                <a href=\"mailto:nelsonfernandezv@gmail.com\">nelsonfernandezv@gmail.com<\/a>            <\/li>\n                    <li class=\"wpuf-field-data wpuf-field-data-numeric_text_field\">\n                                    <label>Tel\u00e9fono:<\/label>\n                                665913874            <\/li>\n        <\/ul>","protected":false},"excerpt":{"rendered":"<p>Este cabez\u00f3n de 6 meses est\u00e1 buscando una nueva familia con la que crecer y compartirlo todo.Es incre\u00edblemente sociable: le encantan las personas y se lleva genial con otros perros (de hecho, quiere hacerse amigo de todo el mundo). En casa es muy buen compa\u00f1ero. Cuando ha gastado su energ\u00eda, se queda tranquilo y sabe [&#8230;]\n","protected":false},"featured_media":52297,"template":"","meta":{"_acf_changed":false},"product_brand":[],"product_cat":[15,1000],"product_tag":[],"class_list":{"0":"post-52298","1":"product","2":"type-product","3":"status-publish","4":"has-post-thumbnail","6":"product_cat-adoptar_perro_adoptar_mascota","7":"product_cat-adoptar-perro-gato-adoptar-mascota-es","8":"pa_edad-a","9":"pa_fecha-nacimiento-ano-3513","10":"pa_fecha-nacimiento-mes-10-octubre","11":"pa_provincia-barcelona","12":"pa_raza-beagle","13":"pa_sexo-macho","14":"pa_tamano-c","16":"first","17":"instock","18":"taxable","19":"shipping-taxable","20":"product-type-simple"},"acf":[],"_links":{"self":[{"href":"https:\/\/www.wallamascotas.com\/web3\/wp-json\/wp\/v2\/product\/52298","targetHints":{"allow":["GET"]}}],"collection":[{"href":"https:\/\/www.wallamascotas.com\/web3\/wp-json\/wp\/v2\/product"}],"about":[{"href":"https:\/\/www.wallamascotas.com\/web3\/wp-json\/wp\/v2\/types\/product"}],"wp:featuredmedia":[{"embeddable":true,"href":"https:\/\/www.wallamascotas.com\/web3\/wp-json\/wp\/v2\/media\/52297"}],"wp:attachment":[{"href":"https:\/\/www.wallamascotas.com\/web3\/wp-json\/wp\/v2\/media?parent=52298"}],"wp:term":[{"taxonomy":"product_brand","embeddable":true,"href":"https:\/\/www.wallamascotas.com\/web3\/wp-json\/wp\/v2\/product_brand?post=52298"},{"taxonomy":"product_cat","embeddable":true,"href":"https:\/\/www.wallamascotas.com\/web3\/wp-json\/wp\/v2\/product_cat?post=52298"},{"taxonomy":"product_tag","embeddable":true,"href":"https:\/\/www.wallamascotas.com\/web3\/wp-json\/wp\/v2\/product_tag?post=52298"}],"curies":[{"name":"wp","href":"https:\/\/api.w.org\/{rel}","templated":true}]}}

<p data-start="278" data-end="512">Este cabezón de 6 meses está buscando una nueva familia con la que crecer y compartirlo todo.<br data-start="371" data-end="374" />Es increíblemente sociable: le encantan las personas y se lleva genial con otros perros (de hecho, quiere hacerse amigo de todo el mundo).</p>
<p data-start="514" data-end="718">En casa es muy buen compañero. Cuando ha gastado su energía, se queda tranquilo y sabe disfrutar del descanso contigo. No tiene problemas de ansiedad por separación, algo muy importante para el día a día.</p>
<p data-start="720" data-end="875">Está en pleno aprendizaje —como cualquier cachorro— y aunque todavía tiene algún accidente con el pipí, ha mejorado muchísimo y está en el camino correcto.</p>
<p data-start="877" data-end="1036">Bluey es de esos perros que te llenan la casa de vida, risas y cariño. Solo necesita una familia que le dé tiempo, cariño y ganas de acompañarlo en esta etapa.</p>
<p data-start="877" data-end="1036">Contacto whatsapp: 665913874</p>
<ul class="wpuf_customs">            <li class="wpuf-field-data wpuf-field-data-radio_field">
                                    <label>Tipo:</label>
                                Perro            </li>
                    <li class="wpuf-field-data wpuf-field-data-radio_field">
                                    <label>Es un perro:</label>
                                Cariñoso            </li>
                    <li class="wpuf-field-data wpuf-field-data-radio_field">
                                    <label>Amigable con perros:</label>
                                Es amigo de tod@s            </li>
                    <li class="wpuf-field-data wpuf-field-data-radio_field">
                                    <label>Con personas extrañas:</label>
                                Amigable            </li>
                    <li class="wpuf-field-data wpuf-field-data-radio_field">
                                    <label>Ladrador:</label>
                                Con timbre y poco más            </li>
                    <li class="wpuf-field-data wpuf-field-data-radio_field">
                                    <label>Necesita licencia PPP:</label>
                                NO            </li>
                    <li class="wpuf-field-data wpuf-field-data-checkbox_field">
                                    <label>Enfermedades:</label>
                                Ninguna            </li>
                    <li class="wpuf-field-data wpuf-field-data-checkbox_field">
                                    <label>Se entrega:</label>
                                Con cartilla sanitaria | Vacunado | Desparasitado | Microchip            </li>
                    <li class="wpuf-field-data wpuf-field-data-checkbox_field">
                                    <label>Más información:</label>
                                Bueno con perros | Bueno con niños | Bueno en casa | Le gusta pasear            </li>
                    <li class="wpuf-field-data wpuf-field-data-radio_field">
                                    <label>Se envía la mascota:</label>
                                NO            </li>
                    <li class="wpuf-field-data wpuf-field-data-radio_field">
                                    <label>Origen:</label>
                                Particular            </li>
        <li><label>Fecha de publicación:</label> 26/04/2026 20:51</li>            <li class="wpuf-field-data wpuf-field-data-radio_field">
                                    <label>La mascota ha sido adoptada:</label>
                                NO            </li>
                    <li class="wpuf-field-data wpuf-field-data-email_address">
                                    <label>Dirección de correo:</label>
                                <a href="mailto:nelsonfernandezv@gmail.com">nelsonfernandezv@gmail.com</a>            </li>
                    <li class="wpuf-field-data wpuf-field-data-numeric_text_field">
                                    <label>Teléfono:</label>
                                665913874            </li>
        </ul>

<p>Este cabezón de 6 meses está buscando una nueva familia con la que crecer y compartirlo todo.Es increíblemente sociable: le encantan las personas y se lleva genial con otros perros (de hecho, quiere hacerse amigo de todo el mundo). En casa es muy buen compañero. Cuando ha gastado su energía, se queda tranquilo y sabe [&#8230;]
