{"id":52666,"date":"2026-05-10T18:10:07","date_gmt":"2026-05-10T18:10:07","guid":{"rendered":"https:\/\/www.wallamascotas.com\/web3\/?post_type=product&#038;p=52666"},"modified":"2026-05-10T18:10:08","modified_gmt":"2026-05-10T18:10:08","slug":"athos","status":"publish","type":"product","link":"https:\/\/www.wallamascotas.com\/web3\/mascota\/athos\/","title":{"rendered":"Athos"},"content":{"rendered":"<p>ATHOS \ud83d\udc9a<\/p>\n<p>Nuestro peque\u00f1o se ha vuelto totalmente invisible, no es justo que nadie se haya interesado por \u00e9l para darle una oportunidad \ud83d\ude14<\/p>\n<p>Athos fue requisado y llevado a las jaulas del maldito zoosanitario, de donde los pudimos sacar, junto a otros dos perros m\u00e1s que ya est\u00e1n felizmente adoptados. Pero \u00e9l sigue esperando una familia \ud83d\ude22<\/p>\n<p>Es un perro joven, nacido aprox en agosto de 2019. Super cari\u00f1oso, pasea estupendamente con correa y es muy inteligente. Estuvo durante un tiempo en una residencia donde le ense\u00f1aron a ser educado. Es mestizo de pastor alem\u00e1n. Tama\u00f1o mediano. Apto con adultos , ni\u00f1os y perros \ud83e\udd70<\/p>\n<p>* Video en comentarios<\/p>\n<p>Su tasa de adopci\u00f3n es a coste 0\u20ac. La protectora nos hacemos cargo de todos sus gastos veterinarios para que t\u00fa solo te encargues de darle el hogar que se merece \ud83d\ude4f\ud83c\udffc\ud83d\ude4f\ud83c\udffc<\/p>\n<p>Se encuentra en \ud83d\udccdCantillana ( Sevilla ) pero puede viajar mediante transporte animalista dentro de la pen\u00ednsula \ud83d\ude90\ud83d\udc15<\/p>\n<p>\u203c\ufe0f\u203c\ufe0fSI QUIERES DARLE UNA OPORTUNIDAD A ATHOS ESCR\u00cdBENOS AL EMAIL \ud83d\udce7 adopcionesvidanimalis@gmail.com Y TE INFORMAMOS DE TODO EL PROCESO DE ADOPCI\u00d3N. SOLO CONTESTAMOS PETICIONES DE ADOPCI\u00d3N A TRAV\u00c9S DEL EMAIL, NI POR COMENTARIOS POR NI MENSAJES PRIVADOS, GRACIAS \u203c\ufe0f\u203c\ufe0f<\/p>\n<p>Asociaci\u00f3n Vidanimalis \ud83c\udfe1\ud83d\udc3e<\/p>\n<ul class=\"wpuf_customs\">            <li class=\"wpuf-field-data wpuf-field-data-radio_field\">\n                                    <label>Tipo:<\/label>\n                                Perro            <\/li>\n                    <li class=\"wpuf-field-data wpuf-field-data-radio_field\">\n                                    <label>Es un perro:<\/label>\n                                Cari\u00f1oso            <\/li>\n                    <li class=\"wpuf-field-data wpuf-field-data-radio_field\">\n                                    <label>Amigable con perros:<\/label>\n                                Es amigo de tod@s            <\/li>\n                    <li class=\"wpuf-field-data wpuf-field-data-radio_field\">\n                                    <label>Con personas extra\u00f1as:<\/label>\n                                Amigable            <\/li>\n                    <li class=\"wpuf-field-data wpuf-field-data-radio_field\">\n                                    <label>Ladrador:<\/label>\n                                Con timbre y poco m\u00e1s            <\/li>\n                    <li class=\"wpuf-field-data wpuf-field-data-radio_field\">\n                                    <label>Necesita licencia PPP:<\/label>\n                                NO            <\/li>\n                    <li class=\"wpuf-field-data wpuf-field-data-checkbox_field\">\n                                    <label>Enfermedades:<\/label>\n                                Ninguna            <\/li>\n                    <li class=\"wpuf-field-data wpuf-field-data-checkbox_field\">\n                                    <label>Se entrega:<\/label>\n                                Con cartilla sanitaria | Vacunado | Esterilizado | Desparasitado | Microchip            <\/li>\n                    <li class=\"wpuf-field-data wpuf-field-data-checkbox_field\">\n                                    <label>M\u00e1s informaci\u00f3n:<\/label>\n                                Bueno con perros | Bueno con ni\u00f1os | Bueno en casa | Bueno en el coche | Le gusta pasear | Obediente            <\/li>\n                    <li class=\"wpuf-field-data wpuf-field-data-radio_field\">\n                                    <label>Se env\u00eda la mascota:<\/label>\n                                SI            <\/li>\n                    <li class=\"wpuf-field-data wpuf-field-data-radio_field\">\n                                    <label>En caso de env\u00edo, detallar:<\/label>\n                                A otra CCAA espa\u00f1ola            <\/li>\n                    <li class=\"wpuf-field-data wpuf-field-data-radio_field\">\n                                    <label>Origen:<\/label>\n                                Asociaci\u00f3n            <\/li>\n        <li><label>Fecha de publicaci\u00f3n:<\/label> 10\/05\/2026 00:00<\/li>            <li class=\"wpuf-field-data wpuf-field-data-radio_field\">\n                                    <label>La mascota ha sido adoptada:<\/label>\n                                NO            <\/li>\n                    <li class=\"wpuf-field-data wpuf-field-data-email_address\">\n                                    <label>Direcci\u00f3n de correo:<\/label>\n                                <a href=\"mailto:adopcionesvidanimalis@gmail.com\">adopcionesvidanimalis@gmail.com<\/a>            <\/li>\n        <\/ul>","protected":false},"excerpt":{"rendered":"<p>ATHOS \ud83d\udc9a Nuestro peque\u00f1o se ha vuelto totalmente invisible, no es justo que nadie se haya interesado por \u00e9l para darle una oportunidad \ud83d\ude14 Athos fue requisado y llevado a las jaulas del maldito zoosanitario, de donde los pudimos sacar, junto a otros dos perros m\u00e1s que ya est\u00e1n felizmente adoptados. Pero \u00e9l sigue esperando [&#8230;]\n","protected":false},"featured_media":52665,"template":"","meta":{"_acf_changed":false},"product_brand":[],"product_cat":[15,1000],"product_tag":[],"class_list":{"0":"post-52666","1":"product","2":"type-product","3":"status-publish","4":"has-post-thumbnail","6":"product_cat-adoptar_perro_adoptar_mascota","7":"product_cat-adoptar-perro-gato-adoptar-mascota-es","8":"pa_edad-b","9":"pa_fecha-nacimiento-ano-3398","10":"pa_fecha-nacimiento-mes-08-agosto","11":"pa_origen-vidanimalis","12":"pa_provincia-sevilla","13":"pa_raza-mestizo-pastor-aleman","14":"pa_sexo-macho","15":"pa_tamano-c","17":"first","18":"instock","19":"taxable","20":"shipping-taxable","21":"product-type-simple"},"acf":[],"_links":{"self":[{"href":"https:\/\/www.wallamascotas.com\/web3\/wp-json\/wp\/v2\/product\/52666","targetHints":{"allow":["GET"]}}],"collection":[{"href":"https:\/\/www.wallamascotas.com\/web3\/wp-json\/wp\/v2\/product"}],"about":[{"href":"https:\/\/www.wallamascotas.com\/web3\/wp-json\/wp\/v2\/types\/product"}],"wp:featuredmedia":[{"embeddable":true,"href":"https:\/\/www.wallamascotas.com\/web3\/wp-json\/wp\/v2\/media\/52665"}],"wp:attachment":[{"href":"https:\/\/www.wallamascotas.com\/web3\/wp-json\/wp\/v2\/media?parent=52666"}],"wp:term":[{"taxonomy":"product_brand","embeddable":true,"href":"https:\/\/www.wallamascotas.com\/web3\/wp-json\/wp\/v2\/product_brand?post=52666"},{"taxonomy":"product_cat","embeddable":true,"href":"https:\/\/www.wallamascotas.com\/web3\/wp-json\/wp\/v2\/product_cat?post=52666"},{"taxonomy":"product_tag","embeddable":true,"href":"https:\/\/www.wallamascotas.com\/web3\/wp-json\/wp\/v2\/product_tag?post=52666"}],"curies":[{"name":"wp","href":"https:\/\/api.w.org\/{rel}","templated":true}]}}