{"id":55006,"date":"2026-09-01T18:53:59","date_gmt":"2026-09-01T18:53:59","guid":{"rendered":"https:\/\/www.wallamascotas.com\/web3\/?post_type=product&#038;p=55006"},"modified":"2026-09-01T18:54:00","modified_gmt":"2026-09-01T18:54:00","slug":"selma","status":"publish","type":"product","link":"https:\/\/www.wallamascotas.com\/web3\/mascota\/selma\/","title":{"rendered":"Selma"},"content":{"rendered":"<p>Adopte unos gastos hace meses atr\u00e1s los rescate estaban abandonados trabajando en el campo y no pude evitar no recatarlos lus cuide y los alimente adecuadamente lamentablemente mi situaci\u00f3n econ\u00f3mica no estable y no tengo ya donde llevarmelos que m\u00e1s quisiera yo poder tenerlos pero me es imposible son los dos pero subo a la hembra porque tambi\u00e9n hace poco tuvo dos crias tendr\u00e1s 2 semanas y media de nacidos y se me complic\u00f3 m\u00e1s todo porfavor si es posible adoptar con las cr\u00edas ser\u00e1 de gran ayuda la gata se llama Selma y se adapta r\u00e1pido se asusta un poco al principio pero se desenvuelve r\u00e1pido a cambios<\/p>\n<p><a href=\"https:\/\/www.wallamascotas.com\/web3\/wp-content\/uploads\/2026\/09\/u10789-18197-scaled.jpg\">\u00e7<\/a><\/p>\n<p><a href=\"https:\/\/www.wallamascotas.com\/web3\/wp-content\/uploads\/2026\/09\/u10789-18197-scaled.jpg\"><img decoding=\"async\" class=\"attachment-thumbnail size-thumbnail\" src=\"https:\/\/www.wallamascotas.com\/web3\/wp-content\/uploads\/2026\/09\/u10789-18197-150x150.jpg\" alt=\"\" \/><\/a><\/p>\n<ul class=\"wpuf_customs\">            <li class=\"wpuf-field-data wpuf-field-data-radio_field\">\n                                    <label>Tipo:<\/label>\n                                Gato            <\/li>\n                    <li class=\"wpuf-field-data wpuf-field-data-radio_field\">\n                                    <label>Es un perro:<\/label>\n                                Desconocido            <\/li>\n                    <li class=\"wpuf-field-data wpuf-field-data-radio_field\">\n                                    <label>Amigable con perros:<\/label>\n                                Desconocido            <\/li>\n                    <li class=\"wpuf-field-data wpuf-field-data-radio_field\">\n                                    <label>Con personas extra\u00f1as:<\/label>\n                                Amigable            <\/li>\n                    <li class=\"wpuf-field-data wpuf-field-data-radio_field\">\n                                    <label>Ladrador:<\/label>\n                                Desconocido            <\/li>\n                    <li class=\"wpuf-field-data wpuf-field-data-radio_field\">\n                                    <label>Necesita licencia PPP:<\/label>\n                                NO            <\/li>\n                    <li class=\"wpuf-field-data wpuf-field-data-checkbox_field\">\n                                    <label>Enfermedades:<\/label>\n                                Ninguna            <\/li>\n                    <li class=\"wpuf-field-data wpuf-field-data-checkbox_field\">\n                                    <label>Se entrega:<\/label>\n                                Solo la mascota sin paso previo por veterinario            <\/li>\n                    <li class=\"wpuf-field-data wpuf-field-data-checkbox_field\">\n                                    <label>M\u00e1s informaci\u00f3n:<\/label>\n                                Independiente            <\/li>\n                    <li class=\"wpuf-field-data wpuf-field-data-radio_field\">\n                                    <label>Se env\u00eda la mascota:<\/label>\n                                NO            <\/li>\n                    <li class=\"wpuf-field-data wpuf-field-data-radio_field\">\n                                    <label>Origen:<\/label>\n                                Particular            <\/li>\n        <li><label>Fecha de publicaci\u00f3n:<\/label> 01\/09\/2026<\/li>            <li class=\"wpuf-field-data wpuf-field-data-radio_field\">\n                                    <label>La mascota ha sido adoptada:<\/label>\n                                NO            <\/li>\n                    <li class=\"wpuf-field-data wpuf-field-data-email_address\">\n                                    <label>Direcci\u00f3n de correo:<\/label>\n                                <a href=\"mailto:andresmatute89@gmail.com\">andresmatute89@gmail.com<\/a>            <\/li>\n                    <li class=\"wpuf-field-data wpuf-field-data-numeric_text_field\">\n                                    <label>Tel\u00e9fono:<\/label>\n                                603302568            <\/li>\n        <\/ul>","protected":false},"excerpt":{"rendered":"<p>Adopte unos gastos hace meses atr\u00e1s los rescate estaban abandonados trabajando en el campo y no pude evitar no recatarlos lus cuide y los alimente adecuadamente lamentablemente mi situaci\u00f3n econ\u00f3mica no estable y no tengo ya donde llevarmelos que m\u00e1s quisiera yo poder tenerlos pero me es imposible son los dos pero subo a la [&#8230;]\n","protected":false},"featured_media":55001,"template":"","meta":{"_acf_changed":false},"product_brand":[],"product_cat":[16,1000],"product_tag":[],"class_list":["post-55006","product","type-product","status-publish","has-post-thumbnail","product_cat-adoptargato","product_cat-adoptar-perro-gato-adoptar-mascota-es","pa_edad-b","pa_fecha-nacimiento-ano-3513","pa_fecha-nacimiento-mes-08-agosto","pa_provincia-madrid","pa_raza-gato-siames","pa_sexo-hembra","pa_tamano-c","first","instock","taxable","shipping-taxable","product-type-simple"],"acf":[],"_links":{"self":[{"href":"https:\/\/www.wallamascotas.com\/web3\/wp-json\/wp\/v2\/product\/55006","targetHints":{"allow":["GET"]}}],"collection":[{"href":"https:\/\/www.wallamascotas.com\/web3\/wp-json\/wp\/v2\/product"}],"about":[{"href":"https:\/\/www.wallamascotas.com\/web3\/wp-json\/wp\/v2\/types\/product"}],"wp:featuredmedia":[{"embeddable":true,"href":"https:\/\/www.wallamascotas.com\/web3\/wp-json\/wp\/v2\/media\/55001"}],"wp:attachment":[{"href":"https:\/\/www.wallamascotas.com\/web3\/wp-json\/wp\/v2\/media?parent=55006"}],"wp:term":[{"taxonomy":"product_brand","embeddable":true,"href":"https:\/\/www.wallamascotas.com\/web3\/wp-json\/wp\/v2\/product_brand?post=55006"},{"taxonomy":"product_cat","embeddable":true,"href":"https:\/\/www.wallamascotas.com\/web3\/wp-json\/wp\/v2\/product_cat?post=55006"},{"taxonomy":"product_tag","embeddable":true,"href":"https:\/\/www.wallamascotas.com\/web3\/wp-json\/wp\/v2\/product_tag?post=55006"}],"curies":[{"name":"wp","href":"https:\/\/api.w.org\/{rel}","templated":true}]}}

<p>Adopte unos gastos hace meses atrás los rescate estaban abandonados trabajando en el campo y no pude evitar no recatarlos lus cuide y los alimente adecuadamente lamentablemente mi situación económica no estable y no tengo ya donde llevarmelos que más quisiera yo poder tenerlos pero me es imposible son los dos pero subo a la hembra porque también hace poco tuvo dos crias tendrás 2 semanas y media de nacidos y se me complicó más todo porfavor si es posible adoptar con las crías será de gran ayuda la gata se llama Selma y se adapta rápido se asusta un poco al principio pero se desenvuelve rápido a cambios</p>
<p><a href="https://www.wallamascotas.com/web3/wp-content/uploads/2026/09/u10789-18197-scaled.jpg">ç</a></p>
<p><a href="https://www.wallamascotas.com/web3/wp-content/uploads/2026/09/u10789-18197-scaled.jpg"><img decoding="async" class="attachment-thumbnail size-thumbnail" src="https://www.wallamascotas.com/web3/wp-content/uploads/2026/09/u10789-18197-150x150.jpg" alt="" /></a></p>
<ul class="wpuf_customs">            <li class="wpuf-field-data wpuf-field-data-radio_field">
                                    <label>Tipo:</label>
                                Gato            </li>
                    <li class="wpuf-field-data wpuf-field-data-radio_field">
                                    <label>Es un perro:</label>
                                Desconocido            </li>
                    <li class="wpuf-field-data wpuf-field-data-radio_field">
                                    <label>Amigable con perros:</label>
                                Desconocido            </li>
                    <li class="wpuf-field-data wpuf-field-data-radio_field">
                                    <label>Con personas extrañas:</label>
                                Amigable            </li>
                    <li class="wpuf-field-data wpuf-field-data-radio_field">
                                    <label>Ladrador:</label>
                                Desconocido            </li>
                    <li class="wpuf-field-data wpuf-field-data-radio_field">
                                    <label>Necesita licencia PPP:</label>
                                NO            </li>
                    <li class="wpuf-field-data wpuf-field-data-checkbox_field">
                                    <label>Enfermedades:</label>
                                Ninguna            </li>
                    <li class="wpuf-field-data wpuf-field-data-checkbox_field">
                                    <label>Se entrega:</label>
                                Solo la mascota sin paso previo por veterinario            </li>
                    <li class="wpuf-field-data wpuf-field-data-checkbox_field">
                                    <label>Más información:</label>
                                Independiente            </li>
                    <li class="wpuf-field-data wpuf-field-data-radio_field">
                                    <label>Se envía la mascota:</label>
                                NO            </li>
                    <li class="wpuf-field-data wpuf-field-data-radio_field">
                                    <label>Origen:</label>
                                Particular            </li>
        <li><label>Fecha de publicación:</label> 01/09/2026</li>            <li class="wpuf-field-data wpuf-field-data-radio_field">
                                    <label>La mascota ha sido adoptada:</label>
                                NO            </li>
                    <li class="wpuf-field-data wpuf-field-data-email_address">
                                    <label>Dirección de correo:</label>
                                <a href="mailto:andresmatute89@gmail.com">andresmatute89@gmail.com</a>            </li>
                    <li class="wpuf-field-data wpuf-field-data-numeric_text_field">
                                    <label>Teléfono:</label>
                                603302568            </li>
        </ul>

<p>Adopte unos gastos hace meses atrás los rescate estaban abandonados trabajando en el campo y no pude evitar no recatarlos lus cuide y los alimente adecuadamente lamentablemente mi situación económica no estable y no tengo ya donde llevarmelos que más quisiera yo poder tenerlos pero me es imposible son los dos pero subo a la [&#8230;]
