{"id":5713,"date":"2018-07-30T10:45:49","date_gmt":"2018-07-30T10:45:49","guid":{"rendered":"http:\/\/www.wallamascotas.com\/web3\/?post_type=product&#038;p=5713"},"modified":"2026-03-25T18:20:09","modified_gmt":"2026-03-25T18:20:09","slug":"spoiler-2-meses-madrid","status":"publish","type":"product","link":"https:\/\/www.wallamascotas.com\/web3\/mascota\/spoiler-2-meses-madrid\/","title":{"rendered":"SPOILER \u2013 2 MESES"},"content":{"rendered":"<p><span style=\"color: #33cccc; font-size: 130%;\"><strong>ADOPTADO<\/strong><\/span><\/p>\n<p>RIVANIMAL Asociaci\u00f3n Protectora de Animales sin \u00e1nimo de lucro, est\u00e1 cuidando a SPOILER, un peque\u00f1ito que apareci\u00f3 solo en la calle. Desde el primer momento se mostr\u00f3 muy bueno y cari\u00f1oso, le encantan los mimos. Se lleva muy bien con perros y con otros gatos. Est\u00e1 esperando que alguien se enamore de \u00e9l.<br \/>\nLa adopci\u00f3n es gratuita pero conlleva un coste por los gastos<br \/>\nveterinarios: entregamos a los gatitos, desparasitados interna y externamente, vacunados con su primera vacuna (trivalente), con test de inmunodeficiencia y leucemia felina, con el microchip y compromiso de castraci\u00f3n cuando el gatito alcance la edad \u00f3ptima para realizar la cirug\u00eda.<br \/>\nPiensa en las garant\u00edas de adoptar con una Protectora de Animales.<\/p>\n","protected":false},"excerpt":{"rendered":"<p style=\"text-align: justify;\"><span style=\"color: #33cccc;\"><strong>ADOPTADO.<\/strong><\/span> Le encantan los mimos<\/p>\n","protected":false},"featured_media":0,"template":"","meta":{"_acf_changed":false},"product_brand":[],"product_cat":[51,1000],"product_tag":[],"class_list":{"0":"post-5713","1":"product","2":"type-product","3":"status-publish","5":"product_cat-adoptados","6":"product_cat-adoptar-perro-gato-adoptar-mascota-es","7":"pa_chip-si","8":"pa_fecha-alta-30-07-2018","9":"pa_origen-rivanimal","10":"pa_pais-espana","11":"pa_provincia-madrid","12":"pa_sexo-macho","13":"pa_tamano-c","15":"first","16":"instock","17":"taxable","18":"shipping-taxable","19":"product-type-simple"},"acf":[],"_links":{"self":[{"href":"https:\/\/www.wallamascotas.com\/web3\/wp-json\/wp\/v2\/product\/5713","targetHints":{"allow":["GET"]}}],"collection":[{"href":"https:\/\/www.wallamascotas.com\/web3\/wp-json\/wp\/v2\/product"}],"about":[{"href":"https:\/\/www.wallamascotas.com\/web3\/wp-json\/wp\/v2\/types\/product"}],"wp:attachment":[{"href":"https:\/\/www.wallamascotas.com\/web3\/wp-json\/wp\/v2\/media?parent=5713"}],"wp:term":[{"taxonomy":"product_brand","embeddable":true,"href":"https:\/\/www.wallamascotas.com\/web3\/wp-json\/wp\/v2\/product_brand?post=5713"},{"taxonomy":"product_cat","embeddable":true,"href":"https:\/\/www.wallamascotas.com\/web3\/wp-json\/wp\/v2\/product_cat?post=5713"},{"taxonomy":"product_tag","embeddable":true,"href":"https:\/\/www.wallamascotas.com\/web3\/wp-json\/wp\/v2\/product_tag?post=5713"}],"curies":[{"name":"wp","href":"https:\/\/api.w.org\/{rel}","templated":true}]}}