{"id":593,"date":"2017-10-14T09:59:11","date_gmt":"2017-10-14T09:59:11","guid":{"rendered":"http:\/\/www.wallamascotas.com\/web3\/?post_type=product&#038;p=593"},"modified":"2026-03-25T18:20:09","modified_gmt":"2026-03-25T18:20:09","slug":"bobo-en-adopcion","status":"publish","type":"product","link":"https:\/\/www.wallamascotas.com\/web3\/mascota\/bobo-en-adopcion\/","title":{"rendered":"BOBO EN ADOPCION"},"content":{"rendered":"<p><span style=\"color: #33cccc; font-size: 130%;\"><strong>ADOPTADO<\/strong><\/span><\/p>\n<p style=\"text-align: justify;\">Bobo es un perro encantador. Este guapet\u00f3n, nacido aproximadamente en junio de 2013, pas\u00f3 toda su infancia encerrado en un peque\u00f1o balc\u00f3n, del que sal\u00eda muy poquitas veces. Finalmente un vecino denunci\u00f3 el caso y le fue retirado a su due\u00f1o. Es agradecido, alegre, cari\u00f1oso, muy atento al ser humano y de un car\u00e1cter adorable, le encanta dar la patita para pedir mimos, y por supuesto recibirlos. Estamos seguros de que acabar\u00e1 encontrando a ese ser humano que pueda disfrutar de su estupenda<span id=\"readMoreTx-246126723\" class=\"readMoreShown\">compa\u00f1\u00eda. Est\u00e1 chipado, esterilizado, desparasitado y correctamente vacunado. Pertenece a una protectora de Valencia, se entrega con contrato de\u00a0<b class=\"sub2\">adopci\u00f3n<\/b>\u00a0y compromiso de seguimiento. No se entrega a cazadores. Contactar para m\u00e1s informaci\u00f3n sobre tr\u00e1mites y costes de\u00a0<b class=\"sub2\">adopci\u00f3n<\/b>.<\/span><\/p>\n<div style=\"text-align: left;\"><strong>Encarna (Particular)<\/strong><\/div>\n<div class=\"telefonos\" style=\"text-align: left;\">666847490<\/div>\n","protected":false},"excerpt":{"rendered":"<p style=\"text-align: justify;\"><span style=\"color: #33cccc;\"><strong>ADOPTADO.<\/strong><\/span> Bobo es un perro encantador<\/p>\n","protected":false},"featured_media":596,"template":"","meta":{"_acf_changed":false},"product_brand":[],"product_cat":[51,1000],"product_tag":[],"class_list":{"0":"post-593","1":"product","2":"type-product","3":"status-publish","4":"has-post-thumbnail","6":"product_cat-adoptados","7":"product_cat-adoptar-perro-gato-adoptar-mascota-es","8":"pa_fecha-alta-199","9":"pa_origen-particular","10":"pa_provincia-valencia","11":"pa_sexo-macho","12":"pa_tamano-c","14":"first","15":"instock","16":"featured","17":"taxable","18":"shipping-taxable","19":"product-type-simple"},"acf":[],"_links":{"self":[{"href":"https:\/\/www.wallamascotas.com\/web3\/wp-json\/wp\/v2\/product\/593","targetHints":{"allow":["GET"]}}],"collection":[{"href":"https:\/\/www.wallamascotas.com\/web3\/wp-json\/wp\/v2\/product"}],"about":[{"href":"https:\/\/www.wallamascotas.com\/web3\/wp-json\/wp\/v2\/types\/product"}],"wp:featuredmedia":[{"embeddable":true,"href":"https:\/\/www.wallamascotas.com\/web3\/wp-json\/wp\/v2\/media\/596"}],"wp:attachment":[{"href":"https:\/\/www.wallamascotas.com\/web3\/wp-json\/wp\/v2\/media?parent=593"}],"wp:term":[{"taxonomy":"product_brand","embeddable":true,"href":"https:\/\/www.wallamascotas.com\/web3\/wp-json\/wp\/v2\/product_brand?post=593"},{"taxonomy":"product_cat","embeddable":true,"href":"https:\/\/www.wallamascotas.com\/web3\/wp-json\/wp\/v2\/product_cat?post=593"},{"taxonomy":"product_tag","embeddable":true,"href":"https:\/\/www.wallamascotas.com\/web3\/wp-json\/wp\/v2\/product_tag?post=593"}],"curies":[{"name":"wp","href":"https:\/\/api.w.org\/{rel}","templated":true}]}}