{"id":6429,"date":"2018-09-02T17:00:45","date_gmt":"2018-09-02T17:00:45","guid":{"rendered":"http:\/\/www.wallamascotas.com\/web3\/?post_type=product&#038;p=6429"},"modified":"2026-03-25T18:20:09","modified_gmt":"2026-03-25T18:20:09","slug":"chronos-4-meses-murcia","status":"publish","type":"product","link":"https:\/\/www.wallamascotas.com\/web3\/mascota\/chronos-4-meses-murcia\/","title":{"rendered":"CHRONOS \u2013 4 MESES"},"content":{"rendered":"<p><span style=\"color: #33cccc; font-size: 130%;\"><strong>ADOPTADO<\/strong><\/span><\/p>\n<p>CHRONOS NOS NECESITA!!! fecha nacimiento: 15 Mayo Este peque\u00f1o y sus hermanitos necesita acogida o adopci\u00f3n ! Tiene el pelo semilargo ? o eso parece !! Estos peque\u00f1os estaban en una calle de Murcia d\u00f3nde hay una colonia no controlada y que hemos empezado a controlar para evitar que sigan atropellando uno tras uno a los cachorros que nacen y malviven entre los coches Ellos tienen una casa abandonada d\u00f3nde &#8220;refugiarse&#8221; aunque ahora hay OKUPAS que ayudan a que cada d\u00eda haya m\u00e1s basura acumulada Es una zona peligrosa, viven bajo los coches y hay varias infecciones debido a la falta de higiene NECESITAN SALIR DE ESE LUGAR No pod\u00eda seguir pasando por su lado y no hacer nada&#8230; Est\u00e1n en una acogida muy temporal Necesitan acogida indefinida o adopci\u00f3n Quieres adoptar a CHRONOS ??<\/p>\n","protected":false},"excerpt":{"rendered":"<p style=\"text-align: justify;\"><span style=\"color: #33cccc;\"><strong>ADOPTADO.<\/strong><\/span> Necesita acogida<\/p>\n","protected":false},"featured_media":0,"template":"","meta":{"_acf_changed":false},"product_brand":[],"product_cat":[51,1000],"product_tag":[],"class_list":{"0":"post-6429","1":"product","2":"type-product","3":"status-publish","5":"product_cat-adoptados","6":"product_cat-adoptar-perro-gato-adoptar-mascota-es","7":"pa_chip-si","8":"pa_fecha_nacimiento-4-meses","9":"pa_fecha-alta-02-09-18","10":"pa_origen-asociacion-gatos-abandonados-murcia","11":"pa_pais-espana","12":"pa_provincia-murcia","13":"pa_sexo-hembra","14":"pa_tamano-a","16":"first","17":"instock","18":"taxable","19":"shipping-taxable","20":"product-type-simple"},"acf":[],"_links":{"self":[{"href":"https:\/\/www.wallamascotas.com\/web3\/wp-json\/wp\/v2\/product\/6429","targetHints":{"allow":["GET"]}}],"collection":[{"href":"https:\/\/www.wallamascotas.com\/web3\/wp-json\/wp\/v2\/product"}],"about":[{"href":"https:\/\/www.wallamascotas.com\/web3\/wp-json\/wp\/v2\/types\/product"}],"wp:attachment":[{"href":"https:\/\/www.wallamascotas.com\/web3\/wp-json\/wp\/v2\/media?parent=6429"}],"wp:term":[{"taxonomy":"product_brand","embeddable":true,"href":"https:\/\/www.wallamascotas.com\/web3\/wp-json\/wp\/v2\/product_brand?post=6429"},{"taxonomy":"product_cat","embeddable":true,"href":"https:\/\/www.wallamascotas.com\/web3\/wp-json\/wp\/v2\/product_cat?post=6429"},{"taxonomy":"product_tag","embeddable":true,"href":"https:\/\/www.wallamascotas.com\/web3\/wp-json\/wp\/v2\/product_tag?post=6429"}],"curies":[{"name":"wp","href":"https:\/\/api.w.org\/{rel}","templated":true}]}}

<p><span style="color: #33cccc; font-size: 130%;"><strong>ADOPTADO</strong></span></p>
<p>CHRONOS NOS NECESITA!!! fecha nacimiento: 15 Mayo Este pequeño y sus hermanitos necesita acogida o adopción ! Tiene el pelo semilargo ? o eso parece !! Estos pequeños estaban en una calle de Murcia dónde hay una colonia no controlada y que hemos empezado a controlar para evitar que sigan atropellando uno tras uno a los cachorros que nacen y malviven entre los coches Ellos tienen una casa abandonada dónde &#8220;refugiarse&#8221; aunque ahora hay OKUPAS que ayudan a que cada día haya más basura acumulada Es una zona peligrosa, viven bajo los coches y hay varias infecciones debido a la falta de higiene NECESITAN SALIR DE ESE LUGAR No podía seguir pasando por su lado y no hacer nada&#8230; Están en una acogida muy temporal Necesitan acogida indefinida o adopción Quieres adoptar a CHRONOS ??</p>
