{"id":6500,"date":"2018-09-06T06:35:31","date_gmt":"2018-09-06T06:35:31","guid":{"rendered":"http:\/\/www.wallamascotas.com\/web3\/?post_type=product&#038;p=6500"},"modified":"2026-03-25T18:20:09","modified_gmt":"2026-03-25T18:20:09","slug":"kala-3-meses-sevilla","status":"publish","type":"product","link":"https:\/\/www.wallamascotas.com\/web3\/mascota\/kala-3-meses-sevilla\/","title":{"rendered":"KALA \u2013 3 MESES"},"content":{"rendered":"<p><span style=\"color: #33cccc; font-size: 130%;\"><strong>ADOPTADA<\/strong><\/span><\/p>\n<p>Kala es una cachorrita de b\u00f3xer de apenas dos meses y medio, que est\u00e1 en busca de una buen\u00edsima familia con la que crecer, que le cuide y que le quieran tanto como se merece.<br \/>\nKala es s\u00faper buena, alegre, sociable y muy, muy juguetona como buena cachorrita que es.<br \/>\nNecesita encontrar una adopci\u00f3n responsable, que sepa lo que conlleva tener un cachorro, lo que es educarlo y que quiera tenerla para el resto de su vida y que nunca le abandonen.<br \/>\nPara el inter\u00e9s de los desaprensivos que se est\u00e9n frotando las manos, Kala se entrega bajo compromiso de esterilizaci\u00f3n y con seguimiento.<br \/>\nSi quieres saber m\u00e1s de ella o est\u00e1s interesad@ en su adopci\u00f3n, puedes contactar con nosotros a trav\u00e9s de nuestro correo:<br \/>\nAdopta a Kala est\u00e1 en Sevilla pero se env\u00eda a cualquier provincia.<\/p>\n","protected":false},"excerpt":{"rendered":"<p style=\"text-align: justify;\"><span style=\"color: #33cccc;\"><strong>ADOPTADA.<\/strong><\/span> Busca una buen\u00edsima familia<\/p>\n","protected":false},"featured_media":0,"template":"","meta":{"_acf_changed":false},"product_brand":[],"product_cat":[51,1000],"product_tag":[],"class_list":{"0":"post-6500","1":"product","2":"type-product","3":"status-publish","5":"product_cat-adoptados","6":"product_cat-adoptar-perro-gato-adoptar-mascota-es","7":"pa_chip-si","8":"pa_fecha_nacimiento-3-meses","9":"pa_fecha-alta-06-09-18","10":"pa_origen-sofia-el-refugio-escuela","11":"pa_pais-espana","12":"pa_provincia-sevilla","13":"pa_sexo-hembra","14":"pa_tamano-c","16":"first","17":"instock","18":"taxable","19":"shipping-taxable","20":"product-type-simple"},"acf":[],"_links":{"self":[{"href":"https:\/\/www.wallamascotas.com\/web3\/wp-json\/wp\/v2\/product\/6500","targetHints":{"allow":["GET"]}}],"collection":[{"href":"https:\/\/www.wallamascotas.com\/web3\/wp-json\/wp\/v2\/product"}],"about":[{"href":"https:\/\/www.wallamascotas.com\/web3\/wp-json\/wp\/v2\/types\/product"}],"wp:attachment":[{"href":"https:\/\/www.wallamascotas.com\/web3\/wp-json\/wp\/v2\/media?parent=6500"}],"wp:term":[{"taxonomy":"product_brand","embeddable":true,"href":"https:\/\/www.wallamascotas.com\/web3\/wp-json\/wp\/v2\/product_brand?post=6500"},{"taxonomy":"product_cat","embeddable":true,"href":"https:\/\/www.wallamascotas.com\/web3\/wp-json\/wp\/v2\/product_cat?post=6500"},{"taxonomy":"product_tag","embeddable":true,"href":"https:\/\/www.wallamascotas.com\/web3\/wp-json\/wp\/v2\/product_tag?post=6500"}],"curies":[{"name":"wp","href":"https:\/\/api.w.org\/{rel}","templated":true}]}}

<p><span style="color: #33cccc; font-size: 130%;"><strong>ADOPTADA</strong></span></p>
<p>Kala es una cachorrita de bóxer de apenas dos meses y medio, que está en busca de una buenísima familia con la que crecer, que le cuide y que le quieran tanto como se merece.<br />
Kala es súper buena, alegre, sociable y muy, muy juguetona como buena cachorrita que es.<br />
Necesita encontrar una adopción responsable, que sepa lo que conlleva tener un cachorro, lo que es educarlo y que quiera tenerla para el resto de su vida y que nunca le abandonen.<br />
Para el interés de los desaprensivos que se estén frotando las manos, Kala se entrega bajo compromiso de esterilización y con seguimiento.<br />
Si quieres saber más de ella o estás interesad@ en su adopción, puedes contactar con nosotros a través de nuestro correo:<br />
Adopta a Kala está en Sevilla pero se envía a cualquier provincia.</p>

<p style="text-align: justify;"><span style="color: #33cccc;"><strong>ADOPTADA.</strong></span> Busca una buenísima familia</p>
