{"id":6519,"date":"2018-09-09T18:00:54","date_gmt":"2018-09-09T18:00:54","guid":{"rendered":"http:\/\/www.wallamascotas.com\/web3\/?post_type=product&#038;p=6519"},"modified":"2021-04-05T10:01:17","modified_gmt":"2021-04-05T10:01:17","slug":"sevilla-asociacion-el-sueno-de-mufie","status":"publish","type":"product","link":"https:\/\/www.wallamascotas.com\/web3\/mascota\/sevilla-asociacion-el-sueno-de-mufie\/","title":{"rendered":"SEVILLA"},"content":{"rendered":"<div style=\"text-align: justify;\">\n<div>ASOCIACI\u00d3N EL SUE\u00d1O DE MUFIE REFUGIO DE ANIMALES<\/div>\n<\/div>\n<div>\n<p style=\"font-weight: 400;\">Somos un refugio humilde en el que luchamos d\u00eda tras d\u00eda por darle una vida mejor a los peludos que han sido v\u00edctimas del abandono y el maltrato. Les damos todo nuestro cari\u00f1o, mimos, atenciones, alimentaci\u00f3n y cuidados necesarios y lo m\u00e1s importante les buscamos un hogar donde puedan dar rienda suelta a su amor, donde ser felices y cuidados el resto de sus vidas.<\/p>\n<p style=\"font-weight: 400;\">No contamos con ayudas de ning\u00fan tipo, ni socios ni madrinas\/padrinos para nuestros hermosos peludos, gracias a personas de buen coraz\u00f3n que aportan su granito de arena podemos seguir cuid\u00e1ndolos, desde aqu\u00ed os damos las gracias por ayudarnos a ayudarlos.<\/p>\n<\/div>\n<div>Sevilla<\/div>\n<div><\/div>\n<a href=\"https:\/\/www.wallamascotas.com\/web3\/mascotas\/adoptar_perro_adoptar_mascota\/?filter_origen=asociacion-el-sueno-de-mufie\" class=\"button primary is-primary is-medium\"  >\n    <span>VER MASCOTAS DE LA ASOCIACI\u00d3N<\/span>\n  <\/a>\n\n","protected":false},"excerpt":{"rendered":"<p>&nbsp;<\/p>\n<p>&nbsp;<\/p>\n","protected":false},"featured_media":6520,"template":"","meta":{"_acf_changed":false},"product_brand":[],"product_cat":[1000,1798],"product_tag":[],"class_list":{"0":"post-6519","1":"product","2":"type-product","3":"status-publish","4":"has-post-thumbnail","6":"product_cat-adoptar-perro-gato-adoptar-mascota-es","7":"product_cat-asociaciones","8":"pa_origen-asociacion-el-sueno-de-mufie","9":"pa_pais-espana","10":"pa_provincia-sevilla","12":"first","13":"instock","14":"taxable","15":"shipping-taxable","16":"product-type-simple"},"acf":[],"_links":{"self":[{"href":"https:\/\/www.wallamascotas.com\/web3\/wp-json\/wp\/v2\/product\/6519","targetHints":{"allow":["GET"]}}],"collection":[{"href":"https:\/\/www.wallamascotas.com\/web3\/wp-json\/wp\/v2\/product"}],"about":[{"href":"https:\/\/www.wallamascotas.com\/web3\/wp-json\/wp\/v2\/types\/product"}],"wp:featuredmedia":[{"embeddable":true,"href":"https:\/\/www.wallamascotas.com\/web3\/wp-json\/wp\/v2\/media\/6520"}],"wp:attachment":[{"href":"https:\/\/www.wallamascotas.com\/web3\/wp-json\/wp\/v2\/media?parent=6519"}],"wp:term":[{"taxonomy":"product_brand","embeddable":true,"href":"https:\/\/www.wallamascotas.com\/web3\/wp-json\/wp\/v2\/product_brand?post=6519"},{"taxonomy":"product_cat","embeddable":true,"href":"https:\/\/www.wallamascotas.com\/web3\/wp-json\/wp\/v2\/product_cat?post=6519"},{"taxonomy":"product_tag","embeddable":true,"href":"https:\/\/www.wallamascotas.com\/web3\/wp-json\/wp\/v2\/product_tag?post=6519"}],"curies":[{"name":"wp","href":"https:\/\/api.w.org\/{rel}","templated":true}]}}

<div style="text-align: justify;">
<div>ASOCIACIÓN EL SUEÑO DE MUFIE REFUGIO DE ANIMALES</div>
</div>
<div>
<p style="font-weight: 400;">Somos un refugio humilde en el que luchamos día tras día por darle una vida mejor a los peludos que han sido víctimas del abandono y el maltrato. Les damos todo nuestro cariño, mimos, atenciones, alimentación y cuidados necesarios y lo más importante les buscamos un hogar donde puedan dar rienda suelta a su amor, donde ser felices y cuidados el resto de sus vidas.</p>
<p style="font-weight: 400;">No contamos con ayudas de ningún tipo, ni socios ni madrinas/padrinos para nuestros hermosos peludos, gracias a personas de buen corazón que aportan su granito de arena podemos seguir cuidándolos, desde aquí os damos las gracias por ayudarnos a ayudarlos.</p>
</div>
<div>Sevilla</div>
<div></div>
<a href="https://www.wallamascotas.com/web3/mascotas/adoptar_perro_adoptar_mascota/?filter_origen=asociacion-el-sueno-de-mufie" class="button primary is-primary is-medium"  >
    <span>VER MASCOTAS DE LA ASOCIACIÓN</span>
  </a>
