{"id":6574,"date":"2018-09-09T20:34:31","date_gmt":"2018-09-09T20:34:31","guid":{"rendered":"http:\/\/www.wallamascotas.com\/web3\/?post_type=product&#038;p=6574"},"modified":"2026-03-25T18:20:09","modified_gmt":"2026-03-25T18:20:09","slug":"__trashed","status":"publish","type":"product","link":"https:\/\/www.wallamascotas.com\/web3\/mascota\/__trashed\/","title":{"rendered":"KAREN \u2013 3 MESES"},"content":{"rendered":"<p><span style=\"color: #33cccc; font-size: 130%;\"><strong>ADOPTADA<\/strong><\/span><\/p>\n<p>Gatita hembra de apenas unos meses peque\u00f1a que transmite una ternura incre\u00edble, sobre todo cuando te acaricia con sus mini dientes y su lengua.<br \/>\nSi quieres una compa\u00f1\u00eda tanto para ti como para otro animalito (recuerda que dos gatos siempre es mejor que uno), Yami es ideal.<br \/>\nAl principio es t\u00edmida pero cuando coge confianza es un amor a la que le encanta jugar con humanos o con otros gatitos.<br \/>\nEst\u00e1 esperando una familia que le dedique parte de su tiempo, mimos y tranquilidad, ella te recompensar\u00e1 te lo aseguro.<\/p>\n<p>Se entrega con contrato de adopci\u00f3n: chip, vacuna, desparasitaci\u00f3n interna y externa y con compromiso de castraci\u00f3n.<\/p>\n<p>Adem\u00e1s hay un evento en Facebook llamado: Mirta, gatita con sus beb\u00e9s en adopci\u00f3n; en el que puedes ver m\u00e1s fotos y v\u00eddeos de ella y de sus otros hermanos tambi\u00e9n en adopci\u00f3n.<\/p>\n","protected":false},"excerpt":{"rendered":"<p style=\"text-align: justify;\"><span style=\"color: #33cccc;\"><strong>ADOPTADA.<\/strong><\/span> Una belleza<\/p>\n","protected":false},"featured_media":0,"template":"","meta":{"_acf_changed":false},"product_brand":[],"product_cat":[51,1000],"product_tag":[],"class_list":{"0":"post-6574","1":"product","2":"type-product","3":"status-publish","5":"product_cat-adoptados","6":"product_cat-adoptar-perro-gato-adoptar-mascota-es","7":"pa_chip-si","8":"pa_fecha_nacimiento-3-meses","9":"pa_fecha-alta-02-09-18","10":"pa_origen-cuatro-gatos-cartagena","11":"pa_pais-espana","12":"pa_provincia-murcia","13":"pa_sexo-hembra","15":"first","16":"instock","17":"taxable","18":"shipping-taxable","19":"product-type-simple"},"acf":[],"_links":{"self":[{"href":"https:\/\/www.wallamascotas.com\/web3\/wp-json\/wp\/v2\/product\/6574","targetHints":{"allow":["GET"]}}],"collection":[{"href":"https:\/\/www.wallamascotas.com\/web3\/wp-json\/wp\/v2\/product"}],"about":[{"href":"https:\/\/www.wallamascotas.com\/web3\/wp-json\/wp\/v2\/types\/product"}],"wp:attachment":[{"href":"https:\/\/www.wallamascotas.com\/web3\/wp-json\/wp\/v2\/media?parent=6574"}],"wp:term":[{"taxonomy":"product_brand","embeddable":true,"href":"https:\/\/www.wallamascotas.com\/web3\/wp-json\/wp\/v2\/product_brand?post=6574"},{"taxonomy":"product_cat","embeddable":true,"href":"https:\/\/www.wallamascotas.com\/web3\/wp-json\/wp\/v2\/product_cat?post=6574"},{"taxonomy":"product_tag","embeddable":true,"href":"https:\/\/www.wallamascotas.com\/web3\/wp-json\/wp\/v2\/product_tag?post=6574"}],"curies":[{"name":"wp","href":"https:\/\/api.w.org\/{rel}","templated":true}]}}

<p><span style="color: #33cccc; font-size: 130%;"><strong>ADOPTADA</strong></span></p>
<p>Gatita hembra de apenas unos meses pequeña que transmite una ternura increíble, sobre todo cuando te acaricia con sus mini dientes y su lengua.<br />
Si quieres una compañía tanto para ti como para otro animalito (recuerda que dos gatos siempre es mejor que uno), Yami es ideal.<br />
Al principio es tímida pero cuando coge confianza es un amor a la que le encanta jugar con humanos o con otros gatitos.<br />
Está esperando una familia que le dedique parte de su tiempo, mimos y tranquilidad, ella te recompensará te lo aseguro.</p>
<p>Se entrega con contrato de adopción: chip, vacuna, desparasitación interna y externa y con compromiso de castración.</p>
<p>Además hay un evento en Facebook llamado: Mirta, gatita con sus bebés en adopción; en el que puedes ver más fotos y vídeos de ella y de sus otros hermanos también en adopción.</p>
