{"id":6697,"date":"2018-09-18T18:40:04","date_gmt":"2018-09-18T18:40:04","guid":{"rendered":"http:\/\/www.wallamascotas.com\/web3\/?post_type=product&#038;p=6697"},"modified":"2026-03-25T18:20:09","modified_gmt":"2026-03-25T18:20:09","slug":"karem-3-meses-murcia","status":"publish","type":"product","link":"https:\/\/www.wallamascotas.com\/web3\/mascota\/karem-3-meses-murcia\/","title":{"rendered":"KAREM \u2013 3 MESES"},"content":{"rendered":"<p><span style=\"color: #33cccc; font-size: 130%;\"><strong>ADOPTADA<\/strong><\/span><\/p>\n<p>Preciosa gatita blanca y negra, su cara no puede ser m\u00e1s bonita, adem\u00e1s su rabo es igual de peculiar que ella.<br \/>\nEs activa y mimosa,le encanta lamerte la mano y juguetear con sus hermanos, con su madre o con cualquier objeto que se ponga por delante, tiene una gracia \u00fanica que se puede ver en sus fotos o v\u00eddeos.<br \/>\nSi quieres una compa\u00f1\u00eda tanto para ti como para otro animalito (recuerda que dos gatos siempre es mejor que uno), a Karen le encanta estar con otros peludos.<\/p>\n<p>Se entrega con contrato de adopci\u00f3n: chip, vacuna, desparasitaci\u00f3n interna y externa y con compromiso de castraci\u00f3n.Adem\u00e1s hay un evento en Facebook llamado: Mirta, gatita con sus beb\u00e9s en adopci\u00f3n; en el que puedes ver m\u00e1s fotos y v\u00eddeos de ella y de sus otros hermanos tambi\u00e9n en adopci\u00f3n.<\/p>\n","protected":false},"excerpt":{"rendered":"<p style=\"text-align: justify;\"><span style=\"color: #33cccc;\"><strong>ADOPTADA.<\/strong><\/span> Busca familia<\/p>\n","protected":false},"featured_media":0,"template":"","meta":{"_acf_changed":false},"product_brand":[],"product_cat":[51,1000],"product_tag":[],"class_list":{"0":"post-6697","1":"product","2":"type-product","3":"status-publish","5":"product_cat-adoptados","6":"product_cat-adoptar-perro-gato-adoptar-mascota-es","7":"pa_chip-si","8":"pa_fecha_nacimiento-3-meses","9":"pa_fecha-alta-02-09-18","10":"pa_origen-particular","11":"pa_pais-espana","12":"pa_provincia-murcia","13":"pa_sexo-hembra","15":"first","16":"instock","17":"taxable","18":"shipping-taxable","19":"product-type-simple"},"acf":[],"_links":{"self":[{"href":"https:\/\/www.wallamascotas.com\/web3\/wp-json\/wp\/v2\/product\/6697","targetHints":{"allow":["GET"]}}],"collection":[{"href":"https:\/\/www.wallamascotas.com\/web3\/wp-json\/wp\/v2\/product"}],"about":[{"href":"https:\/\/www.wallamascotas.com\/web3\/wp-json\/wp\/v2\/types\/product"}],"wp:attachment":[{"href":"https:\/\/www.wallamascotas.com\/web3\/wp-json\/wp\/v2\/media?parent=6697"}],"wp:term":[{"taxonomy":"product_brand","embeddable":true,"href":"https:\/\/www.wallamascotas.com\/web3\/wp-json\/wp\/v2\/product_brand?post=6697"},{"taxonomy":"product_cat","embeddable":true,"href":"https:\/\/www.wallamascotas.com\/web3\/wp-json\/wp\/v2\/product_cat?post=6697"},{"taxonomy":"product_tag","embeddable":true,"href":"https:\/\/www.wallamascotas.com\/web3\/wp-json\/wp\/v2\/product_tag?post=6697"}],"curies":[{"name":"wp","href":"https:\/\/api.w.org\/{rel}","templated":true}]}}