{"id":6814,"date":"2018-09-26T07:31:55","date_gmt":"2018-09-26T07:31:55","guid":{"rendered":"http:\/\/www.wallamascotas.com\/web3\/?post_type=product&#038;p=6814"},"modified":"2026-03-25T18:20:09","modified_gmt":"2026-03-25T18:20:09","slug":"veela-2-meses-sevilla","status":"publish","type":"product","link":"https:\/\/www.wallamascotas.com\/web3\/mascota\/veela-2-meses-sevilla\/","title":{"rendered":"VEELA \u2013 2 MESES"},"content":{"rendered":"<p><span style=\"color: #33cccc; font-size: 130%;\"><strong>ADOPTADA<\/strong><\/span><\/p>\n<p>Ella es VEELA, una preciosa cachorra de mast\u00edn que naci\u00f3 a mediados del mes de julio de 2018.<br \/>\nLa historia de VEELA es fruto de la irresponsabilidad del ser humano. Pertenece a una de esas camadas indeseadas donde no hay control veterinario de ning\u00fan tipo y, tanto la madre como sus cr\u00edas, corren riesgo de muerte y enfermedad. Naci\u00f3 en mitad del campo, donde su familia era una manada de mastines, todos sin esterilizar, llenitos de bichos y sin ninguna atenci\u00f3n veterinaria, ni cuidados m\u00ednimos de higiene y salud.<br \/>\nAfortunadamente, nuestra chica bonita est\u00e1 sana y crece al refugio de personas que la quieren y la cuidan. VEELA es divertida, alegre, \u00a1est\u00e1 llena de vida! Aprende d\u00eda a d\u00eda las normas de convivencia en el hogar y las rutinas diarias. Es una perrita muy lista y cari\u00f1osa.<\/p>\n<p>Buscamos una adopci\u00f3n responsable, que la quiera y cuide como se merece el resto de su vida. Ahora es peque\u00f1ina y adorable, \u00a1parece un peluche! Pero crecer\u00e1 r\u00e1pidamente y su tama\u00f1o se triplicar\u00e1 y seguir\u00e1 requiriendo las mismas atenciones. Si est\u00e1s pensando en adoptar a VEELA es muy importante considerar y tener presente los cambios que llegar\u00e1n dentro de poco.<\/p>\n","protected":false},"excerpt":{"rendered":"<p style=\"text-align: justify;\"><span style=\"color: #33cccc;\"><strong>ADOPTADA.<\/strong><\/span> Est\u00e1 llena de vida<\/p>\n<p>&nbsp;<\/p>\n","protected":false},"featured_media":0,"template":"","meta":{"_acf_changed":false},"product_brand":[],"product_cat":[51,1000],"product_tag":[],"class_list":{"0":"post-6814","1":"product","2":"type-product","3":"status-publish","5":"product_cat-adoptados","6":"product_cat-adoptar-perro-gato-adoptar-mascota-es","7":"pa_chip-si","8":"pa_fecha-alta-19-09-2018","9":"pa_origen-sofia-el-refugio-escuela","10":"pa_pais-espana","11":"pa_provincia-sevilla","12":"pa_sexo-hembra","13":"pa_tamano-d","15":"first","16":"instock","17":"taxable","18":"shipping-taxable","19":"product-type-simple"},"acf":[],"_links":{"self":[{"href":"https:\/\/www.wallamascotas.com\/web3\/wp-json\/wp\/v2\/product\/6814","targetHints":{"allow":["GET"]}}],"collection":[{"href":"https:\/\/www.wallamascotas.com\/web3\/wp-json\/wp\/v2\/product"}],"about":[{"href":"https:\/\/www.wallamascotas.com\/web3\/wp-json\/wp\/v2\/types\/product"}],"wp:attachment":[{"href":"https:\/\/www.wallamascotas.com\/web3\/wp-json\/wp\/v2\/media?parent=6814"}],"wp:term":[{"taxonomy":"product_brand","embeddable":true,"href":"https:\/\/www.wallamascotas.com\/web3\/wp-json\/wp\/v2\/product_brand?post=6814"},{"taxonomy":"product_cat","embeddable":true,"href":"https:\/\/www.wallamascotas.com\/web3\/wp-json\/wp\/v2\/product_cat?post=6814"},{"taxonomy":"product_tag","embeddable":true,"href":"https:\/\/www.wallamascotas.com\/web3\/wp-json\/wp\/v2\/product_tag?post=6814"}],"curies":[{"name":"wp","href":"https:\/\/api.w.org\/{rel}","templated":true}]}}

<p><span style="color: #33cccc; font-size: 130%;"><strong>ADOPTADA</strong></span></p>
<p>Ella es VEELA, una preciosa cachorra de mastín que nació a mediados del mes de julio de 2018.<br />
La historia de VEELA es fruto de la irresponsabilidad del ser humano. Pertenece a una de esas camadas indeseadas donde no hay control veterinario de ningún tipo y, tanto la madre como sus crías, corren riesgo de muerte y enfermedad. Nació en mitad del campo, donde su familia era una manada de mastines, todos sin esterilizar, llenitos de bichos y sin ninguna atención veterinaria, ni cuidados mínimos de higiene y salud.<br />
Afortunadamente, nuestra chica bonita está sana y crece al refugio de personas que la quieren y la cuidan. VEELA es divertida, alegre, ¡está llena de vida! Aprende día a día las normas de convivencia en el hogar y las rutinas diarias. Es una perrita muy lista y cariñosa.</p>
<p>Buscamos una adopción responsable, que la quiera y cuide como se merece el resto de su vida. Ahora es pequeñina y adorable, ¡parece un peluche! Pero crecerá rápidamente y su tamaño se triplicará y seguirá requiriendo las mismas atenciones. Si estás pensando en adoptar a VEELA es muy importante considerar y tener presente los cambios que llegarán dentro de poco.</p>

<p style="text-align: justify;"><span style="color: #33cccc;"><strong>ADOPTADA.</strong></span> Está llena de vida</p>
<p>&nbsp;</p>
