{"id":6816,"date":"2018-09-26T08:42:22","date_gmt":"2018-09-26T08:42:22","guid":{"rendered":"http:\/\/www.wallamascotas.com\/web3\/?post_type=product&#038;p=6816"},"modified":"2026-03-25T18:20:09","modified_gmt":"2026-03-25T18:20:09","slug":"klaus-6-meses-castellon","status":"publish","type":"product","link":"https:\/\/www.wallamascotas.com\/web3\/mascota\/klaus-6-meses-castellon\/","title":{"rendered":"KLAUS \u2013 6 MESES"},"content":{"rendered":"<p><span style=\"color: #33cccc; font-size: 130%;\"><strong>ADOPTADO<\/strong><\/span><\/p>\n<p style=\"text-align: justify;\">Klaus es obediente, tranquilo, pach\u00f3n, pasea bien con la correa y se puede llevar suelto si conf\u00eda en ti. Con otros perros se lleva estupendamente ya que siempre ha convivido con sus hermanos o con otros perros m\u00e1s mayores que \u00e9l.<\/p>\n<p style=\"text-align: justify;\">URGE encontrar una adopci\u00f3n para \u00e9l para que no se estanque y se convierta en invisible.<\/p>\n<p style=\"text-align: justify;\">Klaus es precioso y no logro entender por qu\u00e9 no tiene ya su familia definitiva.<\/p>\n","protected":false},"excerpt":{"rendered":"<p style=\"text-align: justify;\"><span style=\"color: #33cccc;\"><strong>ADOPTADO.<\/strong><\/span> Es obediente y tranquilo<\/p>\n","protected":false},"featured_media":0,"template":"","meta":{"_acf_changed":false},"product_brand":[],"product_cat":[51,1000],"product_tag":[],"class_list":{"0":"post-6816","1":"product","2":"type-product","3":"status-publish","5":"product_cat-adoptados","6":"product_cat-adoptar-perro-gato-adoptar-mascota-es","7":"pa_chip-si","8":"pa_fecha-alta-24-09-2018","9":"pa_origen-los-acogidos-de-margarita","10":"pa_pais-espana","11":"pa_provincia-castellon","12":"pa_sexo-macho","13":"pa_tamano-d","15":"first","16":"instock","17":"taxable","18":"shipping-taxable","19":"product-type-simple"},"acf":[],"_links":{"self":[{"href":"https:\/\/www.wallamascotas.com\/web3\/wp-json\/wp\/v2\/product\/6816","targetHints":{"allow":["GET"]}}],"collection":[{"href":"https:\/\/www.wallamascotas.com\/web3\/wp-json\/wp\/v2\/product"}],"about":[{"href":"https:\/\/www.wallamascotas.com\/web3\/wp-json\/wp\/v2\/types\/product"}],"wp:attachment":[{"href":"https:\/\/www.wallamascotas.com\/web3\/wp-json\/wp\/v2\/media?parent=6816"}],"wp:term":[{"taxonomy":"product_brand","embeddable":true,"href":"https:\/\/www.wallamascotas.com\/web3\/wp-json\/wp\/v2\/product_brand?post=6816"},{"taxonomy":"product_cat","embeddable":true,"href":"https:\/\/www.wallamascotas.com\/web3\/wp-json\/wp\/v2\/product_cat?post=6816"},{"taxonomy":"product_tag","embeddable":true,"href":"https:\/\/www.wallamascotas.com\/web3\/wp-json\/wp\/v2\/product_tag?post=6816"}],"curies":[{"name":"wp","href":"https:\/\/api.w.org\/{rel}","templated":true}]}}