{"id":6915,"date":"2018-10-01T10:58:34","date_gmt":"2018-10-01T10:58:34","guid":{"rendered":"http:\/\/www.wallamascotas.com\/web3\/?post_type=product&#038;p=6915"},"modified":"2026-03-25T18:20:09","modified_gmt":"2026-03-25T18:20:09","slug":"granada-1-mes-cadiz","status":"publish","type":"product","link":"https:\/\/www.wallamascotas.com\/web3\/mascota\/granada-1-mes-cadiz\/","title":{"rendered":"GRANADA \u2013 1 MES"},"content":{"rendered":"<p><span style=\"color: #33cccc; font-size: 130%;\"><strong>ADOPTADA<\/strong><\/span><\/p>\n<p>Granada, belleza indescriptible como un amanecer en la alhambra muy cari\u00f1osa, sociable, convive perfectamente con otros perros, gatos y un amor con ni\u00f1os.<br \/>\nSe entrega con contrato de adopci\u00f3n, vacuna ,chip ,compromiso de esterilizaci\u00f3n, desparasitada, pasaporte,seguimiento. Se env\u00eda por todas las provincias de espa\u00f1a .<br \/>\nSi deseas adoptarla puedes contactar con nosotras de las diferentes formas :<br \/>\n&#8211; escr\u00edbenos un correo electr\u00f3nico indicando adoptar a granada y tus<br \/>\ndatos<br \/>\n-tambi\u00e9n puedes visitarla a trav\u00e9s de nuestra pagina web y dejarnos tu<br \/>\nmensaje:<br \/>\nwww.maskeperros.es<\/p>\n","protected":false},"excerpt":{"rendered":"<p style=\"text-align: justify;\"><span style=\"color: #33cccc;\"><strong>ADOPTADA<\/strong><\/span>. Belleza indescriptible<\/p>\n","protected":false},"featured_media":0,"template":"","meta":{"_acf_changed":false},"product_brand":[],"product_cat":[51,1000],"product_tag":[],"class_list":{"0":"post-6915","1":"product","2":"type-product","3":"status-publish","5":"product_cat-adoptados","6":"product_cat-adoptar-perro-gato-adoptar-mascota-es","7":"pa_chip-si","8":"pa_fecha-alta-01-09-2018","9":"pa_origen-asociacion-maskeperros","10":"pa_pais-espana","11":"pa_provincia-cadiz","12":"pa_sexo-hembra","13":"pa_tamano-c","15":"first","16":"instock","17":"taxable","18":"shipping-taxable","19":"product-type-simple"},"acf":[],"_links":{"self":[{"href":"https:\/\/www.wallamascotas.com\/web3\/wp-json\/wp\/v2\/product\/6915","targetHints":{"allow":["GET"]}}],"collection":[{"href":"https:\/\/www.wallamascotas.com\/web3\/wp-json\/wp\/v2\/product"}],"about":[{"href":"https:\/\/www.wallamascotas.com\/web3\/wp-json\/wp\/v2\/types\/product"}],"wp:attachment":[{"href":"https:\/\/www.wallamascotas.com\/web3\/wp-json\/wp\/v2\/media?parent=6915"}],"wp:term":[{"taxonomy":"product_brand","embeddable":true,"href":"https:\/\/www.wallamascotas.com\/web3\/wp-json\/wp\/v2\/product_brand?post=6915"},{"taxonomy":"product_cat","embeddable":true,"href":"https:\/\/www.wallamascotas.com\/web3\/wp-json\/wp\/v2\/product_cat?post=6915"},{"taxonomy":"product_tag","embeddable":true,"href":"https:\/\/www.wallamascotas.com\/web3\/wp-json\/wp\/v2\/product_tag?post=6915"}],"curies":[{"name":"wp","href":"https:\/\/api.w.org\/{rel}","templated":true}]}}

<p><span style="color: #33cccc; font-size: 130%;"><strong>ADOPTADA</strong></span></p>
<p>Granada, belleza indescriptible como un amanecer en la alhambra muy cariñosa, sociable, convive perfectamente con otros perros, gatos y un amor con niños.<br />
Se entrega con contrato de adopción, vacuna ,chip ,compromiso de esterilización, desparasitada, pasaporte,seguimiento. Se envía por todas las provincias de españa .<br />
Si deseas adoptarla puedes contactar con nosotras de las diferentes formas :<br />
&#8211; escríbenos un correo electrónico indicando adoptar a granada y tus<br />
datos<br />
-también puedes visitarla a través de nuestra pagina web y dejarnos tu<br />
mensaje:<br />
www.maskeperros.es</p>
