{"id":7092,"date":"2018-10-08T12:55:50","date_gmt":"2018-10-08T12:55:50","guid":{"rendered":"http:\/\/www.wallamascotas.com\/web3\/?post_type=product&#038;p=7092"},"modified":"2026-03-25T18:20:09","modified_gmt":"2026-03-25T18:20:09","slug":"amy-9-meses-sevilla","status":"publish","type":"product","link":"https:\/\/www.wallamascotas.com\/web3\/mascota\/amy-9-meses-sevilla\/","title":{"rendered":"AMY \u2013 9 MESES"},"content":{"rendered":"<p><a href=\"http:\/\/www.wallamascotas.com\/web3\/wp-content\/uploads\/2018\/10\/banner_publicidad_wallamascotas_colabora2-1.jpg\"><img loading=\"lazy\" decoding=\"async\" class=\"alignnone size-full wp-image-7248\" src=\"http:\/\/www.wallamascotas.com\/web3\/wp-content\/uploads\/2018\/10\/banner_publicidad_wallamascotas_colabora2-1.jpg\" alt=\"\" width=\"750\" height=\"220\" \/><\/a><\/p>\n<p><span style=\"color: #33cccc; font-size: 130%;\"><strong>ADOPTADA<\/strong><\/span><\/p>\n<p>Ella es AMY y es una perrita s\u00faper buena. Naci\u00f3 aproximadamente en enero de 2018. Los primeros meses de su vida no fueron muy esperanzadores, pero todo ha cambiado gracias a su \u00e1ngel de la guarda. \u00c9sta es su<\/p>\n<p>historia:<\/p>\n<p>&nbsp;<\/p>\n<p>AMY fue abandonada atada a un \u00e1rbol en San Nicol\u00e1s del Puerto. Sin posibilidad de buscar alimento, guarecerse del fr\u00edo y lluvia, o de cualquier ataque externo, en total indefensi\u00f3n y sin opci\u00f3n alguna de sobrevivir sin m\u00e1s ayuda.<\/p>\n<p>&nbsp;<\/p>\n<p>A pesar de la crueldad y desprecio con la que fue tratada, nuestra chica bonita y dulce es una perra muy simp\u00e1tica y cari\u00f1osa, que se porta requetebien en casa, \u00a1a\u00fan no la han escuchado ladrar! Es todo un amor, andurrea por la casa pidiendo mimitos y juegos. En la calle, sabe caminar sin tirar de la correa y el entorno no le llama demasiado la atenci\u00f3n, asi que es un gustazo pasear con ella. Con otros perros se lleva de maravilla. Y, como toda cachorra, le encanta meterse en lios con m\u00e1s perros, divertirse y disfrutar corriendo por el jard\u00edn.<\/p>\n<p>&nbsp;<\/p>\n<p>En fin, AMY es de esas perritas aptas para cualquier tipo de familia:<\/p>\n<p>con ni\u00f1os, perros, gatos\u2026 Ella solo quiere que est\u00e9s a su lado y le des todo el amor que nunca tuvo.<\/p>\n<p>&nbsp;<br \/>\n<a href=\"http:\/\/www.wallamascotas.com\/web3\/wp-content\/uploads\/2018\/10\/banner_publicidad_wallamascotas_no_compres-1.jpg\"><img loading=\"lazy\" decoding=\"async\" class=\"alignnone size-full wp-image-7183\" src=\"http:\/\/www.wallamascotas.com\/web3\/wp-content\/uploads\/2018\/10\/banner_publicidad_wallamascotas_no_compres-1.jpg\" alt=\"\" width=\"750\" height=\"140\" srcset=\"https:\/\/www.wallamascotas.com\/web3\/wp-content\/uploads\/2018\/10\/banner_publicidad_wallamascotas_no_compres-1.jpg 750w, https:\/\/www.wallamascotas.com\/web3\/wp-content\/uploads\/2018\/10\/banner_publicidad_wallamascotas_no_compres-1-300x56.jpg 300w, https:\/\/www.wallamascotas.com\/web3\/wp-content\/uploads\/2018\/10\/banner_publicidad_wallamascotas_no_compres-1-600x112.jpg 600w\" sizes=\"auto, (max-width: 750px) 100vw, 750px\" \/><\/a><\/p>\n<p><a href=\"http:\/\/www.wallamascotas.com\/web3\/wp-content\/uploads\/2018\/10\/banner_colabora.jpg\"><img loading=\"lazy\" decoding=\"async\" class=\"alignnone size-full wp-image-7179\" src=\"http:\/\/www.wallamascotas.com\/web3\/wp-content\/uploads\/2018\/10\/banner_colabora.jpg\" alt=\"\" width=\"750\" height=\"140\" srcset=\"https:\/\/www.wallamascotas.com\/web3\/wp-content\/uploads\/2018\/10\/banner_colabora.jpg 750w, https:\/\/www.wallamascotas.com\/web3\/wp-content\/uploads\/2018\/10\/banner_colabora-300x56.jpg 300w, https:\/\/www.wallamascotas.com\/web3\/wp-content\/uploads\/2018\/10\/banner_colabora-600x112.jpg 600w\" sizes=\"auto, (max-width: 750px) 100vw, 750px\" \/><\/a><\/p>\n","protected":false},"excerpt":{"rendered":"<p style=\"text-align: justify;\"><span style=\"color: #33cccc;\"><strong>ADOPTADA.<\/strong><\/span> Muy simp\u00e1tica y cari\u00f1osa<\/p>\n<p>&nbsp;<\/p>\n","protected":false},"featured_media":0,"template":"","meta":{"_acf_changed":false},"product_brand":[],"product_cat":[51,1000],"product_tag":[],"class_list":{"0":"post-7092","1":"product","2":"type-product","3":"status-publish","5":"product_cat-adoptados","6":"product_cat-adoptar-perro-gato-adoptar-mascota-es","7":"pa_chip-si","8":"pa_fecha-alta-08-10-2018","9":"pa_origen-sofia-el-refugio-escuela","10":"pa_pais-espana","11":"pa_provincia-sevilla","12":"pa_sexo-hembra","13":"pa_tamano-c","15":"first","16":"instock","17":"taxable","18":"shipping-taxable","19":"product-type-simple"},"acf":[],"_links":{"self":[{"href":"https:\/\/www.wallamascotas.com\/web3\/wp-json\/wp\/v2\/product\/7092","targetHints":{"allow":["GET"]}}],"collection":[{"href":"https:\/\/www.wallamascotas.com\/web3\/wp-json\/wp\/v2\/product"}],"about":[{"href":"https:\/\/www.wallamascotas.com\/web3\/wp-json\/wp\/v2\/types\/product"}],"wp:attachment":[{"href":"https:\/\/www.wallamascotas.com\/web3\/wp-json\/wp\/v2\/media?parent=7092"}],"wp:term":[{"taxonomy":"product_brand","embeddable":true,"href":"https:\/\/www.wallamascotas.com\/web3\/wp-json\/wp\/v2\/product_brand?post=7092"},{"taxonomy":"product_cat","embeddable":true,"href":"https:\/\/www.wallamascotas.com\/web3\/wp-json\/wp\/v2\/product_cat?post=7092"},{"taxonomy":"product_tag","embeddable":true,"href":"https:\/\/www.wallamascotas.com\/web3\/wp-json\/wp\/v2\/product_tag?post=7092"}],"curies":[{"name":"wp","href":"https:\/\/api.w.org\/{rel}","templated":true}]}}

<p><a href="http://www.wallamascotas.com/web3/wp-content/uploads/2018/10/banner_publicidad_wallamascotas_colabora2-1.jpg"><img loading="lazy" decoding="async" class="alignnone size-full wp-image-7248" src="http://www.wallamascotas.com/web3/wp-content/uploads/2018/10/banner_publicidad_wallamascotas_colabora2-1.jpg" alt="" width="750" height="220" /></a></p>
<p><span style="color: #33cccc; font-size: 130%;"><strong>ADOPTADA</strong></span></p>
<p>Ella es AMY y es una perrita súper buena. Nació aproximadamente en enero de 2018. Los primeros meses de su vida no fueron muy esperanzadores, pero todo ha cambiado gracias a su ángel de la guarda. Ésta es su</p>
<p>historia:</p>
<p>&nbsp;</p>
<p>AMY fue abandonada atada a un árbol en San Nicolás del Puerto. Sin posibilidad de buscar alimento, guarecerse del frío y lluvia, o de cualquier ataque externo, en total indefensión y sin opción alguna de sobrevivir sin más ayuda.</p>
<p>&nbsp;</p>
<p>A pesar de la crueldad y desprecio con la que fue tratada, nuestra chica bonita y dulce es una perra muy simpática y cariñosa, que se porta requetebien en casa, ¡aún no la han escuchado ladrar! Es todo un amor, andurrea por la casa pidiendo mimitos y juegos. En la calle, sabe caminar sin tirar de la correa y el entorno no le llama demasiado la atención, asi que es un gustazo pasear con ella. Con otros perros se lleva de maravilla. Y, como toda cachorra, le encanta meterse en lios con más perros, divertirse y disfrutar corriendo por el jardín.</p>
<p>&nbsp;</p>
<p>En fin, AMY es de esas perritas aptas para cualquier tipo de familia:</p>
<p>con niños, perros, gatos… Ella solo quiere que estés a su lado y le des todo el amor que nunca tuvo.</p>
<p>&nbsp;<br />
<a href="http://www.wallamascotas.com/web3/wp-content/uploads/2018/10/banner_publicidad_wallamascotas_no_compres-1.jpg"><img loading="lazy" decoding="async" class="alignnone size-full wp-image-7183" src="http://www.wallamascotas.com/web3/wp-content/uploads/2018/10/banner_publicidad_wallamascotas_no_compres-1.jpg" alt="" width="750" height="140" srcset="https://www.wallamascotas.com/web3/wp-content/uploads/2018/10/banner_publicidad_wallamascotas_no_compres-1.jpg 750w, https://www.wallamascotas.com/web3/wp-content/uploads/2018/10/banner_publicidad_wallamascotas_no_compres-1-300x56.jpg 300w, https://www.wallamascotas.com/web3/wp-content/uploads/2018/10/banner_publicidad_wallamascotas_no_compres-1-600x112.jpg 600w" sizes="auto, (max-width: 750px) 100vw, 750px" /></a></p>
<p><a href="http://www.wallamascotas.com/web3/wp-content/uploads/2018/10/banner_colabora.jpg"><img loading="lazy" decoding="async" class="alignnone size-full wp-image-7179" src="http://www.wallamascotas.com/web3/wp-content/uploads/2018/10/banner_colabora.jpg" alt="" width="750" height="140" srcset="https://www.wallamascotas.com/web3/wp-content/uploads/2018/10/banner_colabora.jpg 750w, https://www.wallamascotas.com/web3/wp-content/uploads/2018/10/banner_colabora-300x56.jpg 300w, https://www.wallamascotas.com/web3/wp-content/uploads/2018/10/banner_colabora-600x112.jpg 600w" sizes="auto, (max-width: 750px) 100vw, 750px" /></a></p>

<p style="text-align: justify;"><span style="color: #33cccc;"><strong>ADOPTADA.</strong></span> Muy simpática y cariñosa</p>
<p>&nbsp;</p>
