{"id":723,"date":"2017-10-17T17:20:38","date_gmt":"2017-10-17T17:20:38","guid":{"rendered":"http:\/\/www.wallamascotas.com\/web3\/?post_type=product&#038;p=723"},"modified":"2026-03-25T18:20:09","modified_gmt":"2026-03-25T18:20:09","slug":"luna","status":"publish","type":"product","link":"https:\/\/www.wallamascotas.com\/web3\/mascota\/luna\/","title":{"rendered":"LUNA"},"content":{"rendered":"<p><span style=\"font-size: 130%;\"><strong><span style=\"color: #33cccc;\">ADOPTADA<\/span><\/strong><\/span><\/p>\n<p>Luna es una gatita abandonada en una colonia controlada, una m\u00e1s. La rescatamos, estaba a punto de morir en la calle. Est\u00e1 esterilizada, vacunada, desparasitada y completamente sana, con todos los tests realizados.<\/p>\n<p>Es una de las gatas m\u00e1s sociables que he conocido, tanto con personas como con otros gatos, acepta a todos los \u00a0integrantes de su casa de acogida sin ning\u00fan problema, y de hecho los ense\u00f1a a relacionarse si son bebes, es perfecta para convivir con m\u00e1s compa\u00f1eros, tanto perros como gatos.<br \/>\nEs encantadora, cuando te ve solo quiere caricias y mimos!<br \/>\nAdopta a luna! Tiene tanto amor para dar y nadie lo ve!<\/p>\n","protected":false},"excerpt":{"rendered":"<p style=\"text-align: justify;\"><span style=\"color: #33cccc;\"><strong>ADOPTADA.<\/strong><\/span> Busca un hogar<\/p>\n","protected":false},"featured_media":726,"template":"","meta":{"_acf_changed":false},"product_brand":[],"product_cat":[51,1000],"product_tag":[],"class_list":{"0":"post-723","1":"product","2":"type-product","3":"status-publish","4":"has-post-thumbnail","6":"product_cat-adoptados","7":"product_cat-adoptar-perro-gato-adoptar-mascota-es","8":"pa_chip-no","9":"pa_fecha_nacimiento-tiene-1-ano-y-medio","10":"pa_pelo-corto","11":"pa_provincia-toledo","12":"pa_sexo-hembra","14":"first","15":"instock","16":"featured","17":"taxable","18":"shipping-taxable","19":"product-type-simple"},"acf":[],"_links":{"self":[{"href":"https:\/\/www.wallamascotas.com\/web3\/wp-json\/wp\/v2\/product\/723","targetHints":{"allow":["GET"]}}],"collection":[{"href":"https:\/\/www.wallamascotas.com\/web3\/wp-json\/wp\/v2\/product"}],"about":[{"href":"https:\/\/www.wallamascotas.com\/web3\/wp-json\/wp\/v2\/types\/product"}],"wp:featuredmedia":[{"embeddable":true,"href":"https:\/\/www.wallamascotas.com\/web3\/wp-json\/wp\/v2\/media\/726"}],"wp:attachment":[{"href":"https:\/\/www.wallamascotas.com\/web3\/wp-json\/wp\/v2\/media?parent=723"}],"wp:term":[{"taxonomy":"product_brand","embeddable":true,"href":"https:\/\/www.wallamascotas.com\/web3\/wp-json\/wp\/v2\/product_brand?post=723"},{"taxonomy":"product_cat","embeddable":true,"href":"https:\/\/www.wallamascotas.com\/web3\/wp-json\/wp\/v2\/product_cat?post=723"},{"taxonomy":"product_tag","embeddable":true,"href":"https:\/\/www.wallamascotas.com\/web3\/wp-json\/wp\/v2\/product_tag?post=723"}],"curies":[{"name":"wp","href":"https:\/\/api.w.org\/{rel}","templated":true}]}}