{"id":7603,"date":"2018-11-13T15:37:25","date_gmt":"2018-11-13T15:37:25","guid":{"rendered":"http:\/\/www.wallamascotas.com\/web3\/?post_type=product&#038;p=7603"},"modified":"2026-03-25T18:20:09","modified_gmt":"2026-03-25T18:20:09","slug":"nico-6-meses-sevilla","status":"publish","type":"product","link":"https:\/\/www.wallamascotas.com\/web3\/mascota\/nico-6-meses-sevilla\/","title":{"rendered":"NICO \u2013 6 MESES"},"content":{"rendered":"<p><a href=\"http:\/\/www.wallamascotas.com\/web3\/wp-content\/uploads\/2018\/10\/banner_publicidad_wallamascotas_colabora2-1.jpg\"><img loading=\"lazy\" decoding=\"async\" class=\"alignnone size-full wp-image-7248\" src=\"http:\/\/www.wallamascotas.com\/web3\/wp-content\/uploads\/2018\/10\/banner_publicidad_wallamascotas_colabora2-1.jpg\" alt=\"\" width=\"750\" height=\"220\" \/><\/a><\/p>\n<p><span style=\"color: #33cccc; font-size: 130%;\"><strong>ADOPTADO<\/strong><\/span><\/p>\n<p style=\"text-align: justify;\">Nuestro NICO tan solo tiene 6 meses y, en poco tiempo, este cuerpecito tierno crecer\u00e1 y se convertir\u00e1 en un perro de tama\u00f1o mediano \u2013 grande.<\/p>\n<p>A NICO le ha tocado aprender r\u00e1pido en la vida. \u00a1Es todo un valiente! Ha conseguido sobrevivir al abandono. Se encontraba solo, vagando de arriba a abajo por un descampado, buscando comida, refugio, alguien que no mirase para otro lado y le prestase ayuda. Nuestra compa\u00f1era Bel\u00e9n no lo dud\u00f3, lo recogi\u00f3 en sus brazos. Tras comprobar que no ten\u00eda chip, coloc\u00f3 carteles por la zona en busca de sus anteriores compa\u00f1eros de vida. Nadie pregunt\u00f3 por \u00e9l. \u00a0Por lo que creemos que NICO forma parte de esas camadas indeseadas y descontroladas, en la que las madres de los cachorros no siempre tienen posibilidades de atender en buenas condiciones a sus cr\u00edas. Por lo que recordamos la importancia de la castraci\u00f3n en perros y gatos.<\/p>\n<p>A pesar de todo, NICO \u00a0es un perro alegre y divertido, \u00a1como buen cachorr\u00f3n! Convive con unos compis humanos, perrunos y gatunos, por lo que no le falta de nada. A todos acepta y con todos se relaciona muy bien, sin problemas. Aunque en un primer momento muestra cierta timidez, en cuanto coge confianza es todo un zalamero. Solo quiere mimitos, caricias y besitos.<\/p>\n<p>Est\u00e1 aprendiendo nuevas rutinas, entre ellas, hacer sus necesidades en la calle, pasear con correa, relacionarse con el entorno\u2026 En fin, NICO est\u00e1 poniendo todo de su parte para encontrar una buena familia que le quiera mucho, y que le haga la vida m\u00e1s bonita de lo que para \u00e9l fue.<\/p>\n<p><a href=\"http:\/\/www.wallamascotas.com\/web3\/wp-content\/uploads\/2018\/10\/banner_publicidad_wallamascotas_no_compres-1.jpg\"><img loading=\"lazy\" decoding=\"async\" class=\"alignnone size-full wp-image-7183\" src=\"http:\/\/www.wallamascotas.com\/web3\/wp-content\/uploads\/2018\/10\/banner_publicidad_wallamascotas_no_compres-1.jpg\" alt=\"\" width=\"750\" height=\"140\" srcset=\"https:\/\/www.wallamascotas.com\/web3\/wp-content\/uploads\/2018\/10\/banner_publicidad_wallamascotas_no_compres-1.jpg 750w, https:\/\/www.wallamascotas.com\/web3\/wp-content\/uploads\/2018\/10\/banner_publicidad_wallamascotas_no_compres-1-300x56.jpg 300w, https:\/\/www.wallamascotas.com\/web3\/wp-content\/uploads\/2018\/10\/banner_publicidad_wallamascotas_no_compres-1-600x112.jpg 600w\" sizes=\"auto, (max-width: 750px) 100vw, 750px\" \/><\/a><\/p>\n<p><a href=\"http:\/\/www.wallamascotas.com\/web3\/wp-content\/uploads\/2018\/10\/banner_colabora.jpg\"><img loading=\"lazy\" decoding=\"async\" class=\"alignnone size-full wp-image-7179\" src=\"http:\/\/www.wallamascotas.com\/web3\/wp-content\/uploads\/2018\/10\/banner_colabora.jpg\" alt=\"\" width=\"750\" height=\"140\" srcset=\"https:\/\/www.wallamascotas.com\/web3\/wp-content\/uploads\/2018\/10\/banner_colabora.jpg 750w, https:\/\/www.wallamascotas.com\/web3\/wp-content\/uploads\/2018\/10\/banner_colabora-300x56.jpg 300w, https:\/\/www.wallamascotas.com\/web3\/wp-content\/uploads\/2018\/10\/banner_colabora-600x112.jpg 600w\" sizes=\"auto, (max-width: 750px) 100vw, 750px\" \/><\/a><\/p>\n","protected":false},"excerpt":{"rendered":"<p style=\"text-align: justify;\"><span style=\"color: #33cccc;\"><strong>ADOPTADO.<\/strong><\/span> Muy cari\u00f1oso<\/p>\n<p>&nbsp;<\/p>\n","protected":false},"featured_media":0,"template":"","meta":{"_acf_changed":false},"product_brand":[],"product_cat":[51,1000],"product_tag":[],"class_list":{"0":"post-7603","1":"product","2":"type-product","3":"status-publish","5":"product_cat-adoptados","6":"product_cat-adoptar-perro-gato-adoptar-mascota-es","7":"pa_chip-si","8":"pa_fecha_nacimiento-6-meses","9":"pa_fecha-alta-13-11-18","10":"pa_origen-sofia-el-refugio-escuela","11":"pa_pais-espana","12":"pa_provincia-sevilla","13":"pa_sexo-macho","14":"pa_tamano-d","15":"pa_tamano-c","17":"first","18":"instock","19":"taxable","20":"shipping-taxable","21":"product-type-simple"},"acf":[],"_links":{"self":[{"href":"https:\/\/www.wallamascotas.com\/web3\/wp-json\/wp\/v2\/product\/7603","targetHints":{"allow":["GET"]}}],"collection":[{"href":"https:\/\/www.wallamascotas.com\/web3\/wp-json\/wp\/v2\/product"}],"about":[{"href":"https:\/\/www.wallamascotas.com\/web3\/wp-json\/wp\/v2\/types\/product"}],"wp:attachment":[{"href":"https:\/\/www.wallamascotas.com\/web3\/wp-json\/wp\/v2\/media?parent=7603"}],"wp:term":[{"taxonomy":"product_brand","embeddable":true,"href":"https:\/\/www.wallamascotas.com\/web3\/wp-json\/wp\/v2\/product_brand?post=7603"},{"taxonomy":"product_cat","embeddable":true,"href":"https:\/\/www.wallamascotas.com\/web3\/wp-json\/wp\/v2\/product_cat?post=7603"},{"taxonomy":"product_tag","embeddable":true,"href":"https:\/\/www.wallamascotas.com\/web3\/wp-json\/wp\/v2\/product_tag?post=7603"}],"curies":[{"name":"wp","href":"https:\/\/api.w.org\/{rel}","templated":true}]}}