{"id":9102,"date":"2019-01-08T09:37:38","date_gmt":"2019-01-08T09:37:38","guid":{"rendered":"http:\/\/www.wallamascotas.com\/web3\/?post_type=product&#038;p=9102"},"modified":"2026-03-25T18:20:09","modified_gmt":"2026-03-25T18:20:09","slug":"kal-2-meses-cadiz","status":"publish","type":"product","link":"https:\/\/www.wallamascotas.com\/web3\/mascota\/kal-2-meses-cadiz\/","title":{"rendered":"KAL \u2013 2 MESES"},"content":{"rendered":"<p><a href=\"http:\/\/www.wallamascotas.com\/web3\/wp-content\/uploads\/2018\/10\/banner_publicidad_wallamascotas_colabora2-1.jpg\"><img loading=\"lazy\" decoding=\"async\" class=\"alignnone size-full wp-image-7248\" src=\"http:\/\/www.wallamascotas.com\/web3\/wp-content\/uploads\/2018\/10\/banner_publicidad_wallamascotas_colabora2-1.jpg\" alt=\"\" width=\"750\" height=\"220\" \/><\/a><\/p>\n<p><span style=\"color: #33cccc; font-size: 130%;\"><strong>ADOPTADO<\/strong><\/span><\/p>\n<div id=\":og\" class=\"ii gt\">\n<div id=\":of\" class=\"a3s aXjCH \" tabindex=\"-1\" role=\"gridcell\">\n<div id=\":wg\" class=\"ii gt\">\n<div class=\"yj6qo\">\n<p>ESTE PEQUE\u00d1O FUE ENTREGADO EN LA PERRERA Y JUNTO CON SUS HERMANOS \u00a0Y AL LLEGARNOS EL CASO \u00a0DE MANERA MUY MUY URGENTE \u00a0FUIMOS A SACARLOS .EL FUTURO DE ESTOS BEBES DEPEND\u00cdAN TOTALMENTE \u00a0DE NUESTRA DECISI\u00d3N , NO POD\u00cdAN TENER TAN MAL DESENLACE.. \u00a0AHORA \u00a0AS\u00cd DE RETEQUEGUAPOS \u00a0Y A BUEN RECAUDO \u00a0EST\u00c1N ESPERANDO A SUS TAN ANHELADAS FAMILIAS .<br \/>\nES CARI\u00d1OSO , SOCIABLE , CONVIVE CON OTROS PERROS , GATOS \u00a0\u00a0Y UN VERDADERO AMOR CON NI\u00d1OS.<br \/>\nSE ENCUENTRA EN JEREZ, CADIZ<br \/>\n-SE ENTREGA CON CONTRATO DE ADOPCI\u00d3N , VACUNA , CHIP DESPARASITADO , COMPROMISO DE CASTRACI\u00d3N , PASAPORTE .SE ENV\u00cdA POR TODAS LAS PROVINCIAS DE ESPA\u00d1A , EXCEPTO CANARIAS Y BALEARES .<\/p>\n<\/div>\n<\/div>\n<\/div>\n<\/div>\n<div id=\":ru\" class=\"hq gt\"><\/div>\n<p><a href=\"http:\/\/www.wallamascotas.com\/web3\/wp-content\/uploads\/2018\/10\/banner_publicidad_wallamascotas_no_compres-1.jpg\"><img loading=\"lazy\" decoding=\"async\" class=\"alignnone size-full wp-image-7183\" src=\"http:\/\/www.wallamascotas.com\/web3\/wp-content\/uploads\/2018\/10\/banner_publicidad_wallamascotas_no_compres-1.jpg\" alt=\"\" width=\"750\" height=\"140\" srcset=\"https:\/\/www.wallamascotas.com\/web3\/wp-content\/uploads\/2018\/10\/banner_publicidad_wallamascotas_no_compres-1.jpg 750w, https:\/\/www.wallamascotas.com\/web3\/wp-content\/uploads\/2018\/10\/banner_publicidad_wallamascotas_no_compres-1-300x56.jpg 300w, https:\/\/www.wallamascotas.com\/web3\/wp-content\/uploads\/2018\/10\/banner_publicidad_wallamascotas_no_compres-1-600x112.jpg 600w\" sizes=\"auto, (max-width: 750px) 100vw, 750px\" \/><\/a><\/p>\n<p><a href=\"http:\/\/www.wallamascotas.com\/web3\/wp-content\/uploads\/2018\/10\/banner_colabora.jpg\"><img loading=\"lazy\" decoding=\"async\" class=\"alignnone size-full wp-image-7179\" src=\"http:\/\/www.wallamascotas.com\/web3\/wp-content\/uploads\/2018\/10\/banner_colabora.jpg\" alt=\"\" width=\"750\" height=\"140\" srcset=\"https:\/\/www.wallamascotas.com\/web3\/wp-content\/uploads\/2018\/10\/banner_colabora.jpg 750w, https:\/\/www.wallamascotas.com\/web3\/wp-content\/uploads\/2018\/10\/banner_colabora-300x56.jpg 300w, https:\/\/www.wallamascotas.com\/web3\/wp-content\/uploads\/2018\/10\/banner_colabora-600x112.jpg 600w\" sizes=\"auto, (max-width: 750px) 100vw, 750px\" \/><\/a><\/p>\n<div class=\"fb-page\" data-href=\"https:\/\/www.facebook.com\/wallamascotas\" data-width=\"340\" data-hide-cover=\"false\" data-show-facepile=\"true\"><\/div>\n","protected":false},"excerpt":{"rendered":"<p style=\"text-align: justify;\"><span style=\"color: #33cccc;\"><strong>ADOPTADO.<\/strong><\/span> Es un amor<\/p>\n","protected":false},"featured_media":0,"template":"","meta":{"_acf_changed":false},"product_brand":[],"product_cat":[51,1000],"product_tag":[],"class_list":{"0":"post-9102","1":"product","2":"type-product","3":"status-publish","5":"product_cat-adoptados","6":"product_cat-adoptar-perro-gato-adoptar-mascota-es","7":"pa_chip-si","8":"pa_fecha_nacimiento-2-meses","9":"pa_fecha-alta-08-01-19","10":"pa_origen-asociacion-maskeperros","11":"pa_pais-espana","12":"pa_provincia-cadiz","13":"pa_sexo-macho","14":"pa_tamano-c","16":"first","17":"instock","18":"taxable","19":"shipping-taxable","20":"product-type-simple"},"acf":[],"_links":{"self":[{"href":"https:\/\/www.wallamascotas.com\/web3\/wp-json\/wp\/v2\/product\/9102","targetHints":{"allow":["GET"]}}],"collection":[{"href":"https:\/\/www.wallamascotas.com\/web3\/wp-json\/wp\/v2\/product"}],"about":[{"href":"https:\/\/www.wallamascotas.com\/web3\/wp-json\/wp\/v2\/types\/product"}],"wp:attachment":[{"href":"https:\/\/www.wallamascotas.com\/web3\/wp-json\/wp\/v2\/media?parent=9102"}],"wp:term":[{"taxonomy":"product_brand","embeddable":true,"href":"https:\/\/www.wallamascotas.com\/web3\/wp-json\/wp\/v2\/product_brand?post=9102"},{"taxonomy":"product_cat","embeddable":true,"href":"https:\/\/www.wallamascotas.com\/web3\/wp-json\/wp\/v2\/product_cat?post=9102"},{"taxonomy":"product_tag","embeddable":true,"href":"https:\/\/www.wallamascotas.com\/web3\/wp-json\/wp\/v2\/product_tag?post=9102"}],"curies":[{"name":"wp","href":"https:\/\/api.w.org\/{rel}","templated":true}]}}

<p><a href="http://www.wallamascotas.com/web3/wp-content/uploads/2018/10/banner_publicidad_wallamascotas_colabora2-1.jpg"><img loading="lazy" decoding="async" class="alignnone size-full wp-image-7248" src="http://www.wallamascotas.com/web3/wp-content/uploads/2018/10/banner_publicidad_wallamascotas_colabora2-1.jpg" alt="" width="750" height="220" /></a></p>
<p><span style="color: #33cccc; font-size: 130%;"><strong>ADOPTADO</strong></span></p>
<div id=":og" class="ii gt">
<div id=":of" class="a3s aXjCH " tabindex="-1" role="gridcell">
<div id=":wg" class="ii gt">
<div class="yj6qo">
<p>ESTE PEQUEÑO FUE ENTREGADO EN LA PERRERA Y JUNTO CON SUS HERMANOS  Y AL LLEGARNOS EL CASO  DE MANERA MUY MUY URGENTE  FUIMOS A SACARLOS .EL FUTURO DE ESTOS BEBES DEPENDÍAN TOTALMENTE  DE NUESTRA DECISIÓN , NO PODÍAN TENER TAN MAL DESENLACE..  AHORA  ASÍ DE RETEQUEGUAPOS  Y A BUEN RECAUDO  ESTÁN ESPERANDO A SUS TAN ANHELADAS FAMILIAS .<br />
ES CARIÑOSO , SOCIABLE , CONVIVE CON OTROS PERROS , GATOS   Y UN VERDADERO AMOR CON NIÑOS.<br />
SE ENCUENTRA EN JEREZ, CADIZ<br />
-SE ENTREGA CON CONTRATO DE ADOPCIÓN , VACUNA , CHIP DESPARASITADO , COMPROMISO DE CASTRACIÓN , PASAPORTE .SE ENVÍA POR TODAS LAS PROVINCIAS DE ESPAÑA , EXCEPTO CANARIAS Y BALEARES .</p>
</div>
</div>
</div>
</div>
<div id=":ru" class="hq gt"></div>
<p><a href="http://www.wallamascotas.com/web3/wp-content/uploads/2018/10/banner_publicidad_wallamascotas_no_compres-1.jpg"><img loading="lazy" decoding="async" class="alignnone size-full wp-image-7183" src="http://www.wallamascotas.com/web3/wp-content/uploads/2018/10/banner_publicidad_wallamascotas_no_compres-1.jpg" alt="" width="750" height="140" srcset="https://www.wallamascotas.com/web3/wp-content/uploads/2018/10/banner_publicidad_wallamascotas_no_compres-1.jpg 750w, https://www.wallamascotas.com/web3/wp-content/uploads/2018/10/banner_publicidad_wallamascotas_no_compres-1-300x56.jpg 300w, https://www.wallamascotas.com/web3/wp-content/uploads/2018/10/banner_publicidad_wallamascotas_no_compres-1-600x112.jpg 600w" sizes="auto, (max-width: 750px) 100vw, 750px" /></a></p>
<p><a href="http://www.wallamascotas.com/web3/wp-content/uploads/2018/10/banner_colabora.jpg"><img loading="lazy" decoding="async" class="alignnone size-full wp-image-7179" src="http://www.wallamascotas.com/web3/wp-content/uploads/2018/10/banner_colabora.jpg" alt="" width="750" height="140" srcset="https://www.wallamascotas.com/web3/wp-content/uploads/2018/10/banner_colabora.jpg 750w, https://www.wallamascotas.com/web3/wp-content/uploads/2018/10/banner_colabora-300x56.jpg 300w, https://www.wallamascotas.com/web3/wp-content/uploads/2018/10/banner_colabora-600x112.jpg 600w" sizes="auto, (max-width: 750px) 100vw, 750px" /></a></p>
<div class="fb-page" data-href="https://www.facebook.com/wallamascotas" data-width="340" data-hide-cover="false" data-show-facepile="true"></div>
