{"id":9259,"date":"2019-01-14T09:03:55","date_gmt":"2019-01-14T09:03:55","guid":{"rendered":"http:\/\/www.wallamascotas.com\/web3\/?post_type=product&#038;p=9259"},"modified":"2026-03-25T18:20:09","modified_gmt":"2026-03-25T18:20:09","slug":"lince-4-meses-granada","status":"publish","type":"product","link":"https:\/\/www.wallamascotas.com\/web3\/mascota\/lince-4-meses-granada\/","title":{"rendered":"LINCE \u2013 4 MESES"},"content":{"rendered":"<p><a href=\"http:\/\/www.wallamascotas.com\/web3\/wp-content\/uploads\/2018\/10\/banner_publicidad_wallamascotas_colabora2-1.jpg\"><img loading=\"lazy\" decoding=\"async\" class=\"alignnone size-full wp-image-7248\" src=\"http:\/\/www.wallamascotas.com\/web3\/wp-content\/uploads\/2018\/10\/banner_publicidad_wallamascotas_colabora2-1.jpg\" alt=\"\" width=\"750\" height=\"220\" \/><\/a><\/p>\n<p><span style=\"color: #33cccc; font-size: 130%;\"><strong>ADOPTADO<\/strong><\/span><\/p>\n<p style=\"text-align: JUSTIFY;\">Esta peque\u00f1a bolilla barrigoncilla de unos 4 meses se llama Lince y es la \u00faltima incorporaci\u00f3n al Proyecto.<br \/>\nAunque pod\u00e1is creer que Lince es \u00c9L, no. Es una preciosa hembrita negativa que a causa del fr\u00edo tiene un poquito de fiebre.<\/p>\n<p>Lince apareci\u00f3 delante de la puerta de una casa cantando villancicos para sacarse un dinerillo de cara a las navidades. Pero cantaba y cantaba a pleno pulm\u00f3n, y desafinando tanto, que una voluntaria que la escuch\u00f3, le dijo que si paraba la llevar\u00eda a una academia de canto a \u201cmejorar su t\u00e9cnica\u201d, as\u00ed que a esta peque\u00f1aja no le qued\u00f3 m\u00e1s remedio que aceptar la oferta de ingresar en el estupendo coro gatuno de Maullidos Invisibles\u2026 y aqu\u00ed est\u00e1 ahora.<\/p>\n<p>La verdadera historia de Lince no es tan bonita. Estaba perdida y deambulando hasta que se par\u00f3 delante de la casa de una voluntaria. Al abrir la puerta, Lince ni corta ni perezosa entr\u00f3 como si siempre hubiese vivido all\u00ed, por lo que seguramente antes tuviera un hogar.<\/p>\n<p>Como veis, aunque hasta el momento esta historia tiene final feliz, preferimos nuestra versi\u00f3n a seguir viendo como la gente se deshace de algo tan bonito como es ella.<br \/>\nPor ello, ahora Lince necesita adopci\u00f3n y\/o casa de acogida.<\/p>\n<p><a href=\"http:\/\/www.wallamascotas.com\/web3\/wp-content\/uploads\/2018\/10\/banner_publicidad_wallamascotas_no_compres-1.jpg\"><img loading=\"lazy\" decoding=\"async\" class=\"alignnone size-full wp-image-7183\" src=\"http:\/\/www.wallamascotas.com\/web3\/wp-content\/uploads\/2018\/10\/banner_publicidad_wallamascotas_no_compres-1.jpg\" alt=\"\" width=\"750\" height=\"140\" srcset=\"https:\/\/www.wallamascotas.com\/web3\/wp-content\/uploads\/2018\/10\/banner_publicidad_wallamascotas_no_compres-1.jpg 750w, https:\/\/www.wallamascotas.com\/web3\/wp-content\/uploads\/2018\/10\/banner_publicidad_wallamascotas_no_compres-1-300x56.jpg 300w, https:\/\/www.wallamascotas.com\/web3\/wp-content\/uploads\/2018\/10\/banner_publicidad_wallamascotas_no_compres-1-600x112.jpg 600w\" sizes=\"auto, (max-width: 750px) 100vw, 750px\" \/><\/a><\/p>\n<p><a href=\"http:\/\/www.wallamascotas.com\/web3\/colabora\/\"><img loading=\"lazy\" decoding=\"async\" class=\"alignnone size-full wp-image-7179\" src=\"http:\/\/www.wallamascotas.com\/web3\/wp-content\/uploads\/2018\/10\/banner_colabora.jpg\" alt=\"\" width=\"750\" height=\"140\" srcset=\"https:\/\/www.wallamascotas.com\/web3\/wp-content\/uploads\/2018\/10\/banner_colabora.jpg 750w, https:\/\/www.wallamascotas.com\/web3\/wp-content\/uploads\/2018\/10\/banner_colabora-300x56.jpg 300w, https:\/\/www.wallamascotas.com\/web3\/wp-content\/uploads\/2018\/10\/banner_colabora-600x112.jpg 600w\" sizes=\"auto, (max-width: 750px) 100vw, 750px\" \/><\/a><\/p>\n<div class=\"fb-page\" data-href=\"https:\/\/www.facebook.com\/wallamascotas\" data-width=\"340\" data-hide-cover=\"false\" data-show-facepile=\"true\"><\/div>\n","protected":false},"excerpt":{"rendered":"<p style=\"text-align: justify;\"><span style=\"color: #33cccc;\"><strong>ADOPTADO.<\/strong><\/span> Busca un hogar<\/p>\n","protected":false},"featured_media":0,"template":"","meta":{"_acf_changed":false},"product_brand":[],"product_cat":[51,1000],"product_tag":[],"class_list":{"0":"post-9259","1":"product","2":"type-product","3":"status-publish","5":"product_cat-adoptados","6":"product_cat-adoptar-perro-gato-adoptar-mascota-es","7":"pa_fecha_nacimiento-4-meses","8":"pa_fecha-alta-14-01-19","9":"pa_origen-maullidos-invisibles","10":"pa_pais-espana","11":"pa_provincia-granada","13":"first","14":"instock","15":"taxable","16":"shipping-taxable","17":"product-type-simple"},"acf":[],"_links":{"self":[{"href":"https:\/\/www.wallamascotas.com\/web3\/wp-json\/wp\/v2\/product\/9259","targetHints":{"allow":["GET"]}}],"collection":[{"href":"https:\/\/www.wallamascotas.com\/web3\/wp-json\/wp\/v2\/product"}],"about":[{"href":"https:\/\/www.wallamascotas.com\/web3\/wp-json\/wp\/v2\/types\/product"}],"wp:attachment":[{"href":"https:\/\/www.wallamascotas.com\/web3\/wp-json\/wp\/v2\/media?parent=9259"}],"wp:term":[{"taxonomy":"product_brand","embeddable":true,"href":"https:\/\/www.wallamascotas.com\/web3\/wp-json\/wp\/v2\/product_brand?post=9259"},{"taxonomy":"product_cat","embeddable":true,"href":"https:\/\/www.wallamascotas.com\/web3\/wp-json\/wp\/v2\/product_cat?post=9259"},{"taxonomy":"product_tag","embeddable":true,"href":"https:\/\/www.wallamascotas.com\/web3\/wp-json\/wp\/v2\/product_tag?post=9259"}],"curies":[{"name":"wp","href":"https:\/\/api.w.org\/{rel}","templated":true}]}}

<p><a href="http://www.wallamascotas.com/web3/wp-content/uploads/2018/10/banner_publicidad_wallamascotas_colabora2-1.jpg"><img loading="lazy" decoding="async" class="alignnone size-full wp-image-7248" src="http://www.wallamascotas.com/web3/wp-content/uploads/2018/10/banner_publicidad_wallamascotas_colabora2-1.jpg" alt="" width="750" height="220" /></a></p>
<p><span style="color: #33cccc; font-size: 130%;"><strong>ADOPTADO</strong></span></p>
<p style="text-align: JUSTIFY;">Esta pequeña bolilla barrigoncilla de unos 4 meses se llama Lince y es la última incorporación al Proyecto.<br />
Aunque podáis creer que Lince es ÉL, no. Es una preciosa hembrita negativa que a causa del frío tiene un poquito de fiebre.</p>
<p>Lince apareció delante de la puerta de una casa cantando villancicos para sacarse un dinerillo de cara a las navidades. Pero cantaba y cantaba a pleno pulmón, y desafinando tanto, que una voluntaria que la escuchó, le dijo que si paraba la llevaría a una academia de canto a “mejorar su técnica”, así que a esta pequeñaja no le quedó más remedio que aceptar la oferta de ingresar en el estupendo coro gatuno de Maullidos Invisibles… y aquí está ahora.</p>
<p>La verdadera historia de Lince no es tan bonita. Estaba perdida y deambulando hasta que se paró delante de la casa de una voluntaria. Al abrir la puerta, Lince ni corta ni perezosa entró como si siempre hubiese vivido allí, por lo que seguramente antes tuviera un hogar.</p>
<p>Como veis, aunque hasta el momento esta historia tiene final feliz, preferimos nuestra versión a seguir viendo como la gente se deshace de algo tan bonito como es ella.<br />
Por ello, ahora Lince necesita adopción y/o casa de acogida.</p>
<p><a href="http://www.wallamascotas.com/web3/wp-content/uploads/2018/10/banner_publicidad_wallamascotas_no_compres-1.jpg"><img loading="lazy" decoding="async" class="alignnone size-full wp-image-7183" src="http://www.wallamascotas.com/web3/wp-content/uploads/2018/10/banner_publicidad_wallamascotas_no_compres-1.jpg" alt="" width="750" height="140" srcset="https://www.wallamascotas.com/web3/wp-content/uploads/2018/10/banner_publicidad_wallamascotas_no_compres-1.jpg 750w, https://www.wallamascotas.com/web3/wp-content/uploads/2018/10/banner_publicidad_wallamascotas_no_compres-1-300x56.jpg 300w, https://www.wallamascotas.com/web3/wp-content/uploads/2018/10/banner_publicidad_wallamascotas_no_compres-1-600x112.jpg 600w" sizes="auto, (max-width: 750px) 100vw, 750px" /></a></p>
<p><a href="http://www.wallamascotas.com/web3/colabora/"><img loading="lazy" decoding="async" class="alignnone size-full wp-image-7179" src="http://www.wallamascotas.com/web3/wp-content/uploads/2018/10/banner_colabora.jpg" alt="" width="750" height="140" srcset="https://www.wallamascotas.com/web3/wp-content/uploads/2018/10/banner_colabora.jpg 750w, https://www.wallamascotas.com/web3/wp-content/uploads/2018/10/banner_colabora-300x56.jpg 300w, https://www.wallamascotas.com/web3/wp-content/uploads/2018/10/banner_colabora-600x112.jpg 600w" sizes="auto, (max-width: 750px) 100vw, 750px" /></a></p>
<div class="fb-page" data-href="https://www.facebook.com/wallamascotas" data-width="340" data-hide-cover="false" data-show-facepile="true"></div>
