{"id":9267,"date":"2019-01-14T09:19:12","date_gmt":"2019-01-14T09:19:12","guid":{"rendered":"http:\/\/www.wallamascotas.com\/web3\/?post_type=product&#038;p=9267"},"modified":"2026-03-25T18:20:09","modified_gmt":"2026-03-25T18:20:09","slug":"maga-y-lluvia-granada","status":"publish","type":"product","link":"https:\/\/www.wallamascotas.com\/web3\/mascota\/maga-y-lluvia-granada\/","title":{"rendered":"MAGA Y LLUVIA"},"content":{"rendered":"<p><a href=\"http:\/\/www.wallamascotas.com\/web3\/wp-content\/uploads\/2018\/10\/banner_publicidad_wallamascotas_colabora2-1.jpg\"><img loading=\"lazy\" decoding=\"async\" class=\"alignnone size-full wp-image-7248\" src=\"http:\/\/www.wallamascotas.com\/web3\/wp-content\/uploads\/2018\/10\/banner_publicidad_wallamascotas_colabora2-1.jpg\" alt=\"\" width=\"750\" height=\"220\" \/><\/a><\/p>\n<p><span style=\"color: #33cccc; font-size: 130%;\"><strong>ADOPTADAS<\/strong><\/span><\/p>\n<p style=\"text-align: JUSTIFY;\">\u00bfY si tu mejor amigx y t\u00fa os fueseis a otra ciudad y tuvieseis que buscar alojamiento? \u00bfY si no quisieseis separaros por nada del mundo? Seguro que escribir\u00edais una carta de presentaci\u00f3n tan bonita y sincera como la que lxs chicxs de Genil 492 le escribieron a este par de amigas tan cuquis. Hoy, \u00a1MAGA Y LLUVIA!<\/p>\n<p>\u201cEstas dos gatas han nacido para estar juntas, \u00a1es solo verlas! La conexi\u00f3n que tienen es tan bonita, ver un v\u00ednculo as\u00ed entre dos gatas\u2026 \u00a1No te lo pienses! Les har\u00e1s m\u00e1s felices de lo que ya son, y te har\u00e1n m\u00e1s feliz a ti\u201d.<\/p>\n<p>\u201cSomos Maga y Lluvia, dos gatas blanquinegras que viven juntas desde hace un a\u00f1o. Desde entonces nos hemos hecho muy amigas, y tambi\u00e9n nos parecemos mucho. Ahora mismo estamos en una casa de acogida, pero estamos buscando un piso con un buen arenero y rascador, a ser posible que incluya un humano respetuoso y cari\u00f1oso. No tenemos ning\u00fan problema con los perros siempre que sean buenos con nosotras, pero es imprescindible que quepamos las dos en el mismo piso. As\u00ed que\u2026 \u00a1avisadnos si nos encontr\u00e1is un pisito agradable!\u201d<\/p>\n<p><a href=\"http:\/\/www.wallamascotas.com\/web3\/wp-content\/uploads\/2018\/10\/banner_publicidad_wallamascotas_no_compres-1.jpg\"><img loading=\"lazy\" decoding=\"async\" class=\"alignnone size-full wp-image-7183\" src=\"http:\/\/www.wallamascotas.com\/web3\/wp-content\/uploads\/2018\/10\/banner_publicidad_wallamascotas_no_compres-1.jpg\" alt=\"\" width=\"750\" height=\"140\" srcset=\"https:\/\/www.wallamascotas.com\/web3\/wp-content\/uploads\/2018\/10\/banner_publicidad_wallamascotas_no_compres-1.jpg 750w, https:\/\/www.wallamascotas.com\/web3\/wp-content\/uploads\/2018\/10\/banner_publicidad_wallamascotas_no_compres-1-300x56.jpg 300w, https:\/\/www.wallamascotas.com\/web3\/wp-content\/uploads\/2018\/10\/banner_publicidad_wallamascotas_no_compres-1-600x112.jpg 600w\" sizes=\"auto, (max-width: 750px) 100vw, 750px\" \/><\/a><\/p>\n<p><a href=\"http:\/\/www.wallamascotas.com\/web3\/colabora\/\"><img loading=\"lazy\" decoding=\"async\" class=\"alignnone size-full wp-image-7179\" src=\"http:\/\/www.wallamascotas.com\/web3\/wp-content\/uploads\/2018\/10\/banner_colabora.jpg\" alt=\"\" width=\"750\" height=\"140\" srcset=\"https:\/\/www.wallamascotas.com\/web3\/wp-content\/uploads\/2018\/10\/banner_colabora.jpg 750w, https:\/\/www.wallamascotas.com\/web3\/wp-content\/uploads\/2018\/10\/banner_colabora-300x56.jpg 300w, https:\/\/www.wallamascotas.com\/web3\/wp-content\/uploads\/2018\/10\/banner_colabora-600x112.jpg 600w\" sizes=\"auto, (max-width: 750px) 100vw, 750px\" \/><\/a><\/p>\n<div class=\"fb-page\" data-href=\"https:\/\/www.facebook.com\/wallamascotas\" data-width=\"340\" data-hide-cover=\"false\" data-show-facepile=\"true\"><\/div>\n","protected":false},"excerpt":{"rendered":"<p style=\"text-align: justify;\"><span style=\"color: #33cccc;\"><strong>ADOPTADAS.<\/strong><\/span> Adopci\u00f3n conjunta<\/p>\n","protected":false},"featured_media":0,"template":"","meta":{"_acf_changed":false},"product_brand":[],"product_cat":[51,1000],"product_tag":[],"class_list":{"0":"post-9267","1":"product","2":"type-product","3":"status-publish","5":"product_cat-adoptados","6":"product_cat-adoptar-perro-gato-adoptar-mascota-es","7":"pa_fecha_nacimiento-1-ano","8":"pa_fecha_nacimiento-2-anos","9":"pa_fecha-alta-14-01-19","10":"pa_origen-maullidos-invisibles","11":"pa_pais-espana","12":"pa_provincia-granada","14":"first","15":"instock","16":"taxable","17":"shipping-taxable","18":"product-type-simple"},"acf":[],"_links":{"self":[{"href":"https:\/\/www.wallamascotas.com\/web3\/wp-json\/wp\/v2\/product\/9267","targetHints":{"allow":["GET"]}}],"collection":[{"href":"https:\/\/www.wallamascotas.com\/web3\/wp-json\/wp\/v2\/product"}],"about":[{"href":"https:\/\/www.wallamascotas.com\/web3\/wp-json\/wp\/v2\/types\/product"}],"wp:attachment":[{"href":"https:\/\/www.wallamascotas.com\/web3\/wp-json\/wp\/v2\/media?parent=9267"}],"wp:term":[{"taxonomy":"product_brand","embeddable":true,"href":"https:\/\/www.wallamascotas.com\/web3\/wp-json\/wp\/v2\/product_brand?post=9267"},{"taxonomy":"product_cat","embeddable":true,"href":"https:\/\/www.wallamascotas.com\/web3\/wp-json\/wp\/v2\/product_cat?post=9267"},{"taxonomy":"product_tag","embeddable":true,"href":"https:\/\/www.wallamascotas.com\/web3\/wp-json\/wp\/v2\/product_tag?post=9267"}],"curies":[{"name":"wp","href":"https:\/\/api.w.org\/{rel}","templated":true}]}}

<p><a href="http://www.wallamascotas.com/web3/wp-content/uploads/2018/10/banner_publicidad_wallamascotas_colabora2-1.jpg"><img loading="lazy" decoding="async" class="alignnone size-full wp-image-7248" src="http://www.wallamascotas.com/web3/wp-content/uploads/2018/10/banner_publicidad_wallamascotas_colabora2-1.jpg" alt="" width="750" height="220" /></a></p>
<p><span style="color: #33cccc; font-size: 130%;"><strong>ADOPTADAS</strong></span></p>
<p style="text-align: JUSTIFY;">¿Y si tu mejor amigx y tú os fueseis a otra ciudad y tuvieseis que buscar alojamiento? ¿Y si no quisieseis separaros por nada del mundo? Seguro que escribiríais una carta de presentación tan bonita y sincera como la que lxs chicxs de Genil 492 le escribieron a este par de amigas tan cuquis. Hoy, ¡MAGA Y LLUVIA!</p>
<p>“Estas dos gatas han nacido para estar juntas, ¡es solo verlas! La conexión que tienen es tan bonita, ver un vínculo así entre dos gatas… ¡No te lo pienses! Les harás más felices de lo que ya son, y te harán más feliz a ti”.</p>
<p>“Somos Maga y Lluvia, dos gatas blanquinegras que viven juntas desde hace un año. Desde entonces nos hemos hecho muy amigas, y también nos parecemos mucho. Ahora mismo estamos en una casa de acogida, pero estamos buscando un piso con un buen arenero y rascador, a ser posible que incluya un humano respetuoso y cariñoso. No tenemos ningún problema con los perros siempre que sean buenos con nosotras, pero es imprescindible que quepamos las dos en el mismo piso. Así que… ¡avisadnos si nos encontráis un pisito agradable!”</p>
<p><a href="http://www.wallamascotas.com/web3/wp-content/uploads/2018/10/banner_publicidad_wallamascotas_no_compres-1.jpg"><img loading="lazy" decoding="async" class="alignnone size-full wp-image-7183" src="http://www.wallamascotas.com/web3/wp-content/uploads/2018/10/banner_publicidad_wallamascotas_no_compres-1.jpg" alt="" width="750" height="140" srcset="https://www.wallamascotas.com/web3/wp-content/uploads/2018/10/banner_publicidad_wallamascotas_no_compres-1.jpg 750w, https://www.wallamascotas.com/web3/wp-content/uploads/2018/10/banner_publicidad_wallamascotas_no_compres-1-300x56.jpg 300w, https://www.wallamascotas.com/web3/wp-content/uploads/2018/10/banner_publicidad_wallamascotas_no_compres-1-600x112.jpg 600w" sizes="auto, (max-width: 750px) 100vw, 750px" /></a></p>
<p><a href="http://www.wallamascotas.com/web3/colabora/"><img loading="lazy" decoding="async" class="alignnone size-full wp-image-7179" src="http://www.wallamascotas.com/web3/wp-content/uploads/2018/10/banner_colabora.jpg" alt="" width="750" height="140" srcset="https://www.wallamascotas.com/web3/wp-content/uploads/2018/10/banner_colabora.jpg 750w, https://www.wallamascotas.com/web3/wp-content/uploads/2018/10/banner_colabora-300x56.jpg 300w, https://www.wallamascotas.com/web3/wp-content/uploads/2018/10/banner_colabora-600x112.jpg 600w" sizes="auto, (max-width: 750px) 100vw, 750px" /></a></p>
<div class="fb-page" data-href="https://www.facebook.com/wallamascotas" data-width="340" data-hide-cover="false" data-show-facepile="true"></div>

<p style="text-align: justify;"><span style="color: #33cccc;"><strong>ADOPTADAS.</strong></span> Adopción conjunta</p>
