{"id":9298,"date":"2019-01-14T11:30:10","date_gmt":"2019-01-14T11:30:10","guid":{"rendered":"http:\/\/www.wallamascotas.com\/web3\/?post_type=product&#038;p=9298"},"modified":"2026-03-25T18:20:09","modified_gmt":"2026-03-25T18:20:09","slug":"venus-5-meses-granada","status":"publish","type":"product","link":"https:\/\/www.wallamascotas.com\/web3\/mascota\/venus-5-meses-granada\/","title":{"rendered":"VENUS \u2013 5 MESES"},"content":{"rendered":"<p><a href=\"http:\/\/www.wallamascotas.com\/web3\/wp-content\/uploads\/2018\/10\/banner_publicidad_wallamascotas_colabora2-1.jpg\"><img loading=\"lazy\" decoding=\"async\" class=\"alignnone size-full wp-image-7248\" src=\"http:\/\/www.wallamascotas.com\/web3\/wp-content\/uploads\/2018\/10\/banner_publicidad_wallamascotas_colabora2-1.jpg\" alt=\"\" width=\"750\" height=\"220\" \/><\/a><\/p>\n<p><span style=\"color: #33cccc; font-size: 130%;\"><strong>ADOPTADA<\/strong><\/span><\/p>\n<p style=\"text-align: justify;\">Fue ayer mismo cuando esta peque\u00f1a lleg\u00f3 a mi vida. Con tal solo 5 mesecitos hab\u00eda sufrido mucho m\u00e1s que cualquier adulto, hab\u00eda perdido todo lo que ten\u00eda y a todos a los que quer\u00eda.<\/p>\n<p style=\"text-align: justify;\">Su nombre es Venus, naci\u00f3 en una colonia en la que se cri\u00f3 junto a su hermanito gemelo y su mam\u00e1. Sus d\u00edas no eran perfectos pues nunca es agradable vivir en la calle durante el fr\u00edo invierno pero al menos ten\u00eda una familia a la que amar y unas chicas que se encargaban de llevarles comida. Una noche de enero, un viento g\u00e9lido se col\u00f3 en sus peque\u00f1os pulmoncitos caus\u00e1ndole una gripe horrible que apenas le permit\u00eda maullar y mucho menos comer. Lo que Venus no sab\u00eda era que ese resfriado le salvar\u00eda la vida. Al despertar al d\u00eda siguiente descubri\u00f3 que todos sus amigos segu\u00edan durmiendo y su hermanito entre ellos. Intent\u00f3 despertarlos en vano pues hab\u00edan cerrado sus ojitos para no volver a abrirlos nunca m\u00e1s. La comida hab\u00eda sido envenenada. Venus se encontraba d\u00e9bil pero su gripe no le hab\u00eda permitido comer tanto como para correr la suerte de los dem\u00e1s. Entonces escuch\u00f3 unas voces, unas chicas se acercaron a ella y desolada se dej\u00f3 caer en sus brazos que fueron a llevarla hasta un veterinario en el que se recuper\u00f3 durante los siguientes d\u00edas.<\/p>\n<p style=\"text-align: justify;\">Hoy tengo el honor de tener a esta peque\u00f1a luchadora a mi lado y sin duda me ha dado una lecci\u00f3n de vida. Ella que tanto ha sufrido por culpa del monstruo m\u00e1s peligroso que existe, el ser humano, me ha regalado su primer ronroneo, su primera caricia, su primer jugueteo. Ella que lo perdi\u00f3 todo por culpa de mi especie me ha abierto su coraz\u00f3n, me ha dejado amarla. Hoy he aprendido que a\u00fan estamos muy lejos de ser los \u201cseres perfectos\u201d que nos creemos. Estamos muy lejos de amar incondicionalmente, de vivir en paz con el resto de especies, de ser felices por el simple hecho de estar vivos. Con la esperanza de que alg\u00fan d\u00eda se cumpla, solo me queda desear que este mundo cambie tanto que seamos capaces de ser m\u00e1s \u201canimales\u201d y menos \u201chumanos\u201d.<\/p>\n<p>Por todos esos angelitos de la colonia de @ayudaungatito que perdieron la vida tan injustamente. Por Venus que sigue adelante buscando la vida que tanto merece.<\/p>\n<p><a href=\"http:\/\/www.wallamascotas.com\/web3\/wp-content\/uploads\/2018\/10\/banner_publicidad_wallamascotas_no_compres-1.jpg\"><img loading=\"lazy\" decoding=\"async\" class=\"alignnone size-full wp-image-7183\" src=\"http:\/\/www.wallamascotas.com\/web3\/wp-content\/uploads\/2018\/10\/banner_publicidad_wallamascotas_no_compres-1.jpg\" alt=\"\" width=\"750\" height=\"140\" srcset=\"https:\/\/www.wallamascotas.com\/web3\/wp-content\/uploads\/2018\/10\/banner_publicidad_wallamascotas_no_compres-1.jpg 750w, https:\/\/www.wallamascotas.com\/web3\/wp-content\/uploads\/2018\/10\/banner_publicidad_wallamascotas_no_compres-1-300x56.jpg 300w, https:\/\/www.wallamascotas.com\/web3\/wp-content\/uploads\/2018\/10\/banner_publicidad_wallamascotas_no_compres-1-600x112.jpg 600w\" sizes=\"auto, (max-width: 750px) 100vw, 750px\" \/><\/a><\/p>\n<p><a href=\"http:\/\/www.wallamascotas.com\/web3\/colabora\/\"><img loading=\"lazy\" decoding=\"async\" class=\"alignnone size-full wp-image-7179\" src=\"http:\/\/www.wallamascotas.com\/web3\/wp-content\/uploads\/2018\/10\/banner_colabora.jpg\" alt=\"\" width=\"750\" height=\"140\" srcset=\"https:\/\/www.wallamascotas.com\/web3\/wp-content\/uploads\/2018\/10\/banner_colabora.jpg 750w, https:\/\/www.wallamascotas.com\/web3\/wp-content\/uploads\/2018\/10\/banner_colabora-300x56.jpg 300w, https:\/\/www.wallamascotas.com\/web3\/wp-content\/uploads\/2018\/10\/banner_colabora-600x112.jpg 600w\" sizes=\"auto, (max-width: 750px) 100vw, 750px\" \/><\/a><\/p>\n<div class=\"fb-page\" data-href=\"https:\/\/www.facebook.com\/wallamascotas\" data-width=\"340\" data-hide-cover=\"false\" data-show-facepile=\"true\"><\/div>\n","protected":false},"excerpt":{"rendered":"<p style=\"text-align: justify;\"><span style=\"color: #33cccc;\"><strong>ADOPTADA.<\/strong><\/span> Superviviente<\/p>\n","protected":false},"featured_media":0,"template":"","meta":{"_acf_changed":false},"product_brand":[],"product_cat":[51,1000],"product_tag":[],"class_list":{"0":"post-9298","1":"product","2":"type-product","3":"status-publish","5":"product_cat-adoptados","6":"product_cat-adoptar-perro-gato-adoptar-mascota-es","7":"pa_fecha_nacimiento-5-meses","8":"pa_fecha-alta-14-01-19","9":"pa_origen-maullidos-invisibles","10":"pa_pais-espana","11":"pa_provincia-granada","13":"first","14":"instock","15":"taxable","16":"shipping-taxable","17":"product-type-simple"},"acf":[],"_links":{"self":[{"href":"https:\/\/www.wallamascotas.com\/web3\/wp-json\/wp\/v2\/product\/9298","targetHints":{"allow":["GET"]}}],"collection":[{"href":"https:\/\/www.wallamascotas.com\/web3\/wp-json\/wp\/v2\/product"}],"about":[{"href":"https:\/\/www.wallamascotas.com\/web3\/wp-json\/wp\/v2\/types\/product"}],"wp:attachment":[{"href":"https:\/\/www.wallamascotas.com\/web3\/wp-json\/wp\/v2\/media?parent=9298"}],"wp:term":[{"taxonomy":"product_brand","embeddable":true,"href":"https:\/\/www.wallamascotas.com\/web3\/wp-json\/wp\/v2\/product_brand?post=9298"},{"taxonomy":"product_cat","embeddable":true,"href":"https:\/\/www.wallamascotas.com\/web3\/wp-json\/wp\/v2\/product_cat?post=9298"},{"taxonomy":"product_tag","embeddable":true,"href":"https:\/\/www.wallamascotas.com\/web3\/wp-json\/wp\/v2\/product_tag?post=9298"}],"curies":[{"name":"wp","href":"https:\/\/api.w.org\/{rel}","templated":true}]}}