{"id":9939,"date":"2019-03-06T13:59:40","date_gmt":"2019-03-06T13:59:40","guid":{"rendered":"http:\/\/www.wallamascotas.com\/web3\/?post_type=product&#038;p=9939"},"modified":"2026-03-25T18:20:09","modified_gmt":"2026-03-25T18:20:09","slug":"miyuki-4-anos-granada","status":"publish","type":"product","link":"https:\/\/www.wallamascotas.com\/web3\/mascota\/miyuki-4-anos-granada\/","title":{"rendered":"MIYUKI \u2013 4 A\u00d1OS"},"content":{"rendered":"<p><a href=\"http:\/\/www.wallamascotas.com\/web3\/wp-content\/uploads\/2018\/10\/banner_publicidad_wallamascotas_colabora2-1.jpg\"><img loading=\"lazy\" decoding=\"async\" class=\"alignnone size-full wp-image-7248\" src=\"http:\/\/www.wallamascotas.com\/web3\/wp-content\/uploads\/2018\/10\/banner_publicidad_wallamascotas_colabora2-1.jpg\" alt=\"\" width=\"750\" height=\"220\" \/><\/a><\/p>\n<div class=\"fb-page\" data-href=\"https:\/\/www.facebook.com\/wallamascotas\" data-width=\"340\" data-hide-cover=\"false\" data-show-facepile=\"true\">\n<p><span style=\"color: #33cccc; font-size: 130%;\"><strong>ADOPTADA<\/strong><\/span><\/p>\n<p>\u00a1Buenas tardes maullideros! Os preguntareis, pero y esta que viene aqu\u00ed como si nos conociese de toda la vida \u00bfqui\u00e9n es? Pues bien, aunque no lo sep\u00e1is no soy nueva no, todos hab\u00e9is o\u00eddo hablar de m\u00ed. Que s\u00ed, que s\u00ed solo ten\u00e9is que hacer memoria. Lo que pasa es que no me asoci\u00e1is a este nombre. Vamos a hacer una cosa juguemos a pasapalabra: &#8220;nombre de la gata amiga de Miki que empieza por Mi&#8230;&#8221; \u00a1EXACTO MISIF\u00cd! Que s\u00ed que soy yo lo que pasa que de mi nombre solo conservo las dos primeras letras. \u00bfA qu\u00e9 se debe este cambio de nombre?, \u00bfqu\u00e9 hago yo por estos lares?, \u00bfpor qu\u00e9 estoy escribiendo este texto? La verdad es que tengo respuesta para todo menos para lo \u00faltimo. Lo de escribir parece que es una costumbre que tienen aqu\u00ed las de Maullidos, de repente aparecen con un ordenador debajo del brazo te lo plantan delante y te dicen &#8220;ala escribe lo que te venga en gana y si lo haces bien como recompensa te llevas un hogar y una familia maravillosa&#8221;. As\u00ed que aqu\u00ed estoy plantada delante de esta pantalla con mis gafillas de ver de cerca que se me resbalan por el hocico y sin saber muy bien qu\u00e9 contar ni c\u00f3mo empezar. Y ya no es solo escribir sino que encima nos apuntan a un cursillo de mecanograf\u00eda para que seamos productivos y nos d\u00e9 tiempo a redactar al menos un texto a la semana \u00a1esto de ser gata influencer no es para cualquiera! Y no solo influencer sino que tambi\u00e9n tienes que ser una buena escritora para crear textos chulos y gustarle a la gente&#8230;es que hay que ver lo que se complican estos humanos parece que no saben que yo con hacer &#8220;miau&#8221; los tengo a todos comiendo de la palma de mi pata.<\/p>\n<p>Los comienzos de mi historia ya los conoc\u00e9is. Era una gatita callejera cuya mayor afici\u00f3n era pasar las tardes tomando el sol con su mejor amiga &#8220;la Miki&#8221; como la llam\u00e1is en Maullidos o tal vez deber\u00eda decir &#8220;el Miki&#8221; porque bien nos ten\u00eda a todos enga\u00f1ados con su cambio de sexo. Pues bien en eso nos encontr\u00e1bamos cuando un d\u00eda \u00a1ZAS! Aparecieron y se la llevaron as\u00ed porque s\u00ed. Reconozco que por aquel entonces me enfad\u00e9 con ella por aceptar y dejarme sola ante el peligro pero m\u00e1s tarde volvieron con una carta de su parte y se enamoraron de tal manera de mi que no tuvieron m\u00e1s remedio que llevarme tambi\u00e9n. El contenido de esa primera carta ya lo conoc\u00e9is, el resto a\u00fan est\u00e1n por ver. Ya os ir\u00e9 contando granujillas y perdonadme por tratar a Miki de femenina pero es la costumbre.<\/p>\n<\/div>\n","protected":false},"excerpt":{"rendered":"<p style=\"text-align: justify;\"><span style=\"color: #33cccc;\"><strong>ADOPTADA.<\/strong><\/span> Un encanto<\/p>\n","protected":false},"featured_media":0,"template":"","meta":{"_acf_changed":false},"product_brand":[],"product_cat":[51,1000],"product_tag":[],"class_list":{"0":"post-9939","1":"product","2":"type-product","3":"status-publish","5":"product_cat-adoptados","6":"product_cat-adoptar-perro-gato-adoptar-mascota-es","7":"pa_fecha_nacimiento-4-anos","8":"pa_fecha-alta-6-3-2019","9":"pa_origen-maullidos-invisibles","10":"pa_pais-espana","11":"pa_provincia-granada","13":"first","14":"instock","15":"taxable","16":"shipping-taxable","17":"product-type-simple"},"acf":[],"_links":{"self":[{"href":"https:\/\/www.wallamascotas.com\/web3\/wp-json\/wp\/v2\/product\/9939","targetHints":{"allow":["GET"]}}],"collection":[{"href":"https:\/\/www.wallamascotas.com\/web3\/wp-json\/wp\/v2\/product"}],"about":[{"href":"https:\/\/www.wallamascotas.com\/web3\/wp-json\/wp\/v2\/types\/product"}],"wp:attachment":[{"href":"https:\/\/www.wallamascotas.com\/web3\/wp-json\/wp\/v2\/media?parent=9939"}],"wp:term":[{"taxonomy":"product_brand","embeddable":true,"href":"https:\/\/www.wallamascotas.com\/web3\/wp-json\/wp\/v2\/product_brand?post=9939"},{"taxonomy":"product_cat","embeddable":true,"href":"https:\/\/www.wallamascotas.com\/web3\/wp-json\/wp\/v2\/product_cat?post=9939"},{"taxonomy":"product_tag","embeddable":true,"href":"https:\/\/www.wallamascotas.com\/web3\/wp-json\/wp\/v2\/product_tag?post=9939"}],"curies":[{"name":"wp","href":"https:\/\/api.w.org\/{rel}","templated":true}]}}

MIYUKI – 4 AÑOS

<p><a href="http://www.wallamascotas.com/web3/wp-content/uploads/2018/10/banner_publicidad_wallamascotas_colabora2-1.jpg"><img loading="lazy" decoding="async" class="alignnone size-full wp-image-7248" src="http://www.wallamascotas.com/web3/wp-content/uploads/2018/10/banner_publicidad_wallamascotas_colabora2-1.jpg" alt="" width="750" height="220" /></a></p>
<div class="fb-page" data-href="https://www.facebook.com/wallamascotas" data-width="340" data-hide-cover="false" data-show-facepile="true">
<p><span style="color: #33cccc; font-size: 130%;"><strong>ADOPTADA</strong></span></p>
<p>¡Buenas tardes maullideros! Os preguntareis, pero y esta que viene aquí como si nos conociese de toda la vida ¿quién es? Pues bien, aunque no lo sepáis no soy nueva no, todos habéis oído hablar de mí. Que sí, que sí solo tenéis que hacer memoria. Lo que pasa es que no me asociáis a este nombre. Vamos a hacer una cosa juguemos a pasapalabra: &#8220;nombre de la gata amiga de Miki que empieza por Mi&#8230;&#8221; ¡EXACTO MISIFÍ! Que sí que soy yo lo que pasa que de mi nombre solo conservo las dos primeras letras. ¿A qué se debe este cambio de nombre?, ¿qué hago yo por estos lares?, ¿por qué estoy escribiendo este texto? La verdad es que tengo respuesta para todo menos para lo último. Lo de escribir parece que es una costumbre que tienen aquí las de Maullidos, de repente aparecen con un ordenador debajo del brazo te lo plantan delante y te dicen &#8220;ala escribe lo que te venga en gana y si lo haces bien como recompensa te llevas un hogar y una familia maravillosa&#8221;. Así que aquí estoy plantada delante de esta pantalla con mis gafillas de ver de cerca que se me resbalan por el hocico y sin saber muy bien qué contar ni cómo empezar. Y ya no es solo escribir sino que encima nos apuntan a un cursillo de mecanografía para que seamos productivos y nos dé tiempo a redactar al menos un texto a la semana ¡esto de ser gata influencer no es para cualquiera! Y no solo influencer sino que también tienes que ser una buena escritora para crear textos chulos y gustarle a la gente&#8230;es que hay que ver lo que se complican estos humanos parece que no saben que yo con hacer &#8220;miau&#8221; los tengo a todos comiendo de la palma de mi pata.</p>
<p>Los comienzos de mi historia ya los conocéis. Era una gatita callejera cuya mayor afición era pasar las tardes tomando el sol con su mejor amiga &#8220;la Miki&#8221; como la llamáis en Maullidos o tal vez debería decir &#8220;el Miki&#8221; porque bien nos tenía a todos engañados con su cambio de sexo. Pues bien en eso nos encontrábamos cuando un día ¡ZAS! Aparecieron y se la llevaron así porque sí. Reconozco que por aquel entonces me enfadé con ella por aceptar y dejarme sola ante el peligro pero más tarde volvieron con una carta de su parte y se enamoraron de tal manera de mi que no tuvieron más remedio que llevarme también. El contenido de esa primera carta ya lo conocéis, el resto aún están por ver. Ya os iré contando granujillas y perdonadme por tratar a Miki de femenina pero es la costumbre.</p>
</div>
